{"id":9016,"date":"2018-10-09T16:15:31","date_gmt":"2018-10-09T14:15:31","guid":{"rendered":"http:\/\/serveiseducatius.xtec.cat\/garraf\/?page_id=9016"},"modified":"2024-03-21T13:56:59","modified_gmt":"2024-03-21T12:56:59","slug":"dol","status":"publish","type":"page","link":"https:\/\/serveiseducatius.xtec.cat\/garraf\/material-de-prestec\/dol\/","title":{"rendered":"Maleta pedag\u00f2gica de la mort i el dol per a petits"},"content":{"rendered":"<p style=\"text-align: justify;\"><img loading=\"lazy\" decoding=\"async\" class=\"size-full wp-image-17177 alignright\" src=\"https:\/\/serveiseducatius.xtec.cat\/garraf\/wp-content\/uploads\/usu1185\/2024\/03\/mort-i-dol-grans-300x264-2.png\" alt=\"\" width=\"300\" height=\"264\" \/>Recull de contes, llibres i d\u00f3ssiers per ajudar al\u00a0 professorat a acompanyar els processos dolorosos de la mort i el dol.<\/p>\n<p style=\"text-align: justify;\">Aquesta maleta est\u00e0 adre\u00e7ada a l\u2019alumnat d&#8217;<strong>Educaci\u00f3 Infantil i Cicle Ini<\/strong><strong>cial d&#8217;Educaci\u00f3 Prim\u00e0ria<\/strong>.<\/p>\n<p><a href=\"https:\/\/drive.google.com\/file\/d\/1XE1L4V7IXls7GQstd-xdlj8HZUNw-5lF\/view?usp=sharing\"><strong>Relaci\u00f3 de llibres de la maleta<\/strong><\/a><br \/>\n<a href=\"https:\/\/drive.google.com\/file\/d\/1Nnc7xUXwTrrJWJyIZQmi10sy8PFhRTee\/view?usp=sharing\"><strong>Dossier de maleta pedag\u00f2gica de la mort i el dol petits<\/strong><\/a><br \/>\n<a href=\"https:\/\/docs.google.com\/document\/d\/1NyGIdqI_3cnLP3wnr5y5CAuiLLCIczeeWqbsOM8na5I\/edit?usp=sharing\" target=\"_blank\" rel=\"noopener\">Enlla\u00e7os d&#8217;inter\u00e9s<\/a><br \/>\n<a href=\"https:\/\/docs.google.com\/document\/d\/1Q0E2K_N8XlFC9pG1KKpN15cXGCo-BdZ3O4DfIe1yCcs\/edit\" target=\"_blank\" rel=\"noopener\">Pel\u00b7l\u00edcules recomanades<\/a><br \/>\n<a href=\"https:\/\/docs.google.com\/document\/d\/1z7ASArjZ7Zt__jpT5zc_2iq5wrYUVjc1QFd22_jjY4s\/edit?usp=sharing\" target=\"_blank\" rel=\"noopener\">M\u00fasica recomanada<\/a><br \/>\n<a href=\"https:\/\/docs.google.com\/document\/d\/1CNbK-d1ICvVXlTOtpa39kfrHXprVZy9TEBRk49zYn_0\/edit?usp=sharing\" target=\"_blank\" rel=\"noopener\">Altres llibres<\/a><\/p>\n","protected":false},"excerpt":{"rendered":"<p>Recull de contes, llibres i d\u00f3ssiers per ajudar al\u00a0 professorat a acompanyar els processos dolorosos de la mort i el dol. Aquesta maleta est\u00e0 adre\u00e7ada a l\u2019alumnat d&#8217;Educaci\u00f3 Infantil i Cicle Inicial d&#8217;Educaci\u00f3 Prim\u00e0ria. Relaci\u00f3 de llibres de la maleta Dossier de maleta pedag\u00f2gica de la mort i el dol petits Enlla\u00e7os d&#8217;inter\u00e9s Pel\u00b7l\u00edcules recomanades [&hellip;]<\/p>\n","protected":false},"author":10,"featured_media":0,"parent":17048,"menu_order":0,"comment_status":"closed","ping_status":"closed","template":"","meta":{"_bbp_topic_count":0,"_bbp_reply_count":0,"_bbp_total_topic_count":0,"_bbp_total_reply_count":0,"_bbp_voice_count":0,"_bbp_anonymous_reply_count":0,"_bbp_topic_count_hidden":0,"_bbp_reply_count_hidden":0,"_bbp_forum_subforum_count":0,"site-sidebar-layout":"default","site-content-layout":"","ast-site-content-layout":"","site-content-style":"default","site-sidebar-style":"default","ast-global-header-display":"","ast-banner-title-visibility":"","ast-main-header-display":"","ast-hfb-above-header-display":"","ast-hfb-below-header-display":"","ast-hfb-mobile-header-display":"","site-post-title":"","ast-breadcrumbs-content":"","ast-featured-img":"","footer-sml-layout":"","theme-transparent-header-meta":"","adv-header-id-meta":"","stick-header-meta":"","header-above-stick-meta":"","header-main-stick-meta":"","header-below-stick-meta":"","astra-migrate-meta-layouts":"default","ast-page-background-enabled":"default","ast-page-background-meta":{"desktop":{"background-color":"var(--ast-global-color-4)","background-image":"","background-repeat":"repeat","background-position":"center center","background-size":"auto","background-attachment":"scroll","background-type":"","background-media":"","overlay-type":"","overlay-color":"","overlay-opacity":"","overlay-gradient":""},"tablet":{"background-color":"","background-image":"","background-repeat":"repeat","background-position":"center center","background-size":"auto","background-attachment":"scroll","background-type":"","background-media":"","overlay-type":"","overlay-color":"","overlay-opacity":"","overlay-gradient":""},"mobile":{"background-color":"","background-image":"","background-repeat":"repeat","background-position":"center center","background-size":"auto","background-attachment":"scroll","background-type":"","background-media":"","overlay-type":"","overlay-color":"","overlay-opacity":"","overlay-gradient":""}},"ast-content-background-meta":{"desktop":{"background-color":"var(--ast-global-color-5)","background-image":"","background-repeat":"repeat","background-position":"center center","background-size":"auto","background-attachment":"scroll","background-type":"","background-media":"","overlay-type":"","overlay-color":"","overlay-opacity":"","overlay-gradient":""},"tablet":{"background-color":"var(--ast-global-color-5)","background-image":"","background-repeat":"repeat","background-position":"center center","background-size":"auto","background-attachment":"scroll","background-type":"","background-media":"","overlay-type":"","overlay-color":"","overlay-opacity":"","overlay-gradient":""},"mobile":{"background-color":"var(--ast-global-color-5)","background-image":"","background-repeat":"repeat","background-position":"center center","background-size":"auto","background-attachment":"scroll","background-type":"","background-media":"","overlay-type":"","overlay-color":"","overlay-opacity":"","overlay-gradient":""}},"footnotes":""},"class_list":["post-9016","page","type-page","status-publish","hentry"],"post_mailing_queue_ids":[],"_links":{"self":[{"href":"https:\/\/serveiseducatius.xtec.cat\/garraf\/wp-json\/wp\/v2\/pages\/9016","targetHints":{"allow":["GET"]}}],"collection":[{"href":"https:\/\/serveiseducatius.xtec.cat\/garraf\/wp-json\/wp\/v2\/pages"}],"about":[{"href":"https:\/\/serveiseducatius.xtec.cat\/garraf\/wp-json\/wp\/v2\/types\/page"}],"author":[{"embeddable":true,"href":"https:\/\/serveiseducatius.xtec.cat\/garraf\/wp-json\/wp\/v2\/users\/10"}],"replies":[{"embeddable":true,"href":"https:\/\/serveiseducatius.xtec.cat\/garraf\/wp-json\/wp\/v2\/comments?post=9016"}],"version-history":[{"count":5,"href":"https:\/\/serveiseducatius.xtec.cat\/garraf\/wp-json\/wp\/v2\/pages\/9016\/revisions"}],"predecessor-version":[{"id":17178,"href":"https:\/\/serveiseducatius.xtec.cat\/garraf\/wp-json\/wp\/v2\/pages\/9016\/revisions\/17178"}],"up":[{"embeddable":true,"href":"https:\/\/serveiseducatius.xtec.cat\/garraf\/wp-json\/wp\/v2\/pages\/17048"}],"wp:attachment":[{"href":"https:\/\/serveiseducatius.xtec.cat\/garraf\/wp-json\/wp\/v2\/media?parent=9016"}],"curies":[{"name":"wp","href":"https:\/\/api.w.org\/{rel}","templated":true}]}}

Maleta pedagògica de la mort i el dol per a petits

<p style="text-align: justify;"><img loading="lazy" decoding="async" class="size-full wp-image-17177 alignright" src="https://serveiseducatius.xtec.cat/garraf/wp-content/uploads/usu1185/2024/03/mort-i-dol-grans-300x264-2.png" alt="" width="300" height="264" />Recull de contes, llibres i dóssiers per ajudar al  professorat a acompanyar els processos dolorosos de la mort i el dol.</p>
<p style="text-align: justify;">Aquesta maleta està adreçada a l’alumnat d&#8217;<strong>Educació Infantil i Cicle Ini</strong><strong>cial d&#8217;Educació Primària</strong>.</p>
<p><a href="https://drive.google.com/file/d/1XE1L4V7IXls7GQstd-xdlj8HZUNw-5lF/view?usp=sharing"><strong>Relació de llibres de la maleta</strong></a><br />
<a href="https://drive.google.com/file/d/1Nnc7xUXwTrrJWJyIZQmi10sy8PFhRTee/view?usp=sharing"><strong>Dossier de maleta pedagògica de la mort i el dol petits</strong></a><br />
<a href="https://docs.google.com/document/d/1NyGIdqI_3cnLP3wnr5y5CAuiLLCIczeeWqbsOM8na5I/edit?usp=sharing" target="_blank" rel="noopener">Enllaços d&#8217;interés</a><br />
<a href="https://docs.google.com/document/d/1Q0E2K_N8XlFC9pG1KKpN15cXGCo-BdZ3O4DfIe1yCcs/edit" target="_blank" rel="noopener">Pel·lícules recomanades</a><br />
<a href="https://docs.google.com/document/d/1z7ASArjZ7Zt__jpT5zc_2iq5wrYUVjc1QFd22_jjY4s/edit?usp=sharing" target="_blank" rel="noopener">Música recomanada</a><br />
<a href="https://docs.google.com/document/d/1CNbK-d1ICvVXlTOtpa39kfrHXprVZy9TEBRk49zYn_0/edit?usp=sharing" target="_blank" rel="noopener">Altres llibres</a></p>

<p>Recull de contes, llibres i dóssiers per ajudar al  professorat a acompanyar els processos dolorosos de la mort i el dol. Aquesta maleta està adreçada a l’alumnat d&#8217;Educació Infantil i Cicle Inicial d&#8217;Educació Primària. Relació de llibres de la maleta Dossier de maleta pedagògica de la mort i el dol petits Enllaços d&#8217;interés Pel·lícules recomanades [&hellip;]</p>
