{"id":8674,"date":"2018-09-28T09:26:26","date_gmt":"2018-09-28T07:26:26","guid":{"rendered":"http:\/\/serveiseducatius.xtec.cat\/garraf\/?page_id=8674"},"modified":"2026-04-22T16:09:19","modified_gmt":"2026-04-22T14:09:19","slug":"servei-comunitari-al-garraf","status":"publish","type":"page","link":"https:\/\/serveiseducatius.xtec.cat\/garraf\/servei-comunitari-al-garraf\/","title":{"rendered":"Servei Comunitari"},"content":{"rendered":"\n<div class=\"wp-block-buttons alignwide is-content-justification-center is-layout-flex wp-container-core-buttons-is-layout-1 wp-block-buttons-is-layout-flex\">\n<div class=\"wp-block-button has-custom-font-size has-medium-font-size\"><a class=\"wp-block-button__link has-luminous-vivid-amber-background-color has-background wp-element-button\" href=\"https:\/\/serveiseducatius.xtec.cat\/garraf\/convenis-sc\/\"><strong>Com tramitar un conveni<\/strong><\/a><\/div>\n\n\n\n<div class=\"wp-block-button has-custom-font-size has-medium-font-size\"><a class=\"wp-block-button__link has-luminous-vivid-amber-background-color has-background wp-element-button\" href=\"https:\/\/serveiseducatius.xtec.cat\/garraf\/servei-comunitari-al-garraf\/servei-comunitari-al-garraf-2\/\"><strong>El Servei Comunitari al Garraf<\/strong><\/a><\/div>\n\n\n\n<div class=\"wp-block-button has-custom-font-size has-medium-font-size\"><a class=\"wp-block-button__link has-luminous-vivid-amber-background-color has-background wp-element-button\" href=\"https:\/\/xtec.gencat.cat\/ca\/curriculum\/eso\/serveicomunitari\/pmf\/\"><strong>Preguntes freq\u00fcents<\/strong><\/a><\/div>\n<\/div>\n\n\n\n<p class=\"has-text-align-left has-white-color has-ast-global-color-1-background-color has-text-color has-background has-link-color wp-elements-0b69d3cffdc2cdf64dd14874acfc8cfe\"><strong>Qu\u00e8 \u00e9s?<\/strong><\/p>\n\n\n\n<div class=\"wp-block-media-text is-stacked-on-mobile is-vertically-aligned-top\" style=\"grid-template-columns:40% auto\"><figure class=\"wp-block-media-text__media\"><img loading=\"lazy\" decoding=\"async\" width=\"640\" height=\"1025\" src=\"https:\/\/serveiseducatius.xtec.cat\/garraf\/wp-content\/uploads\/usu1185\/2025\/10\/com-fer-aps.png\" alt=\"\" class=\"wp-image-18590 size-full\" srcset=\"https:\/\/serveiseducatius.xtec.cat\/garraf\/wp-content\/uploads\/usu1185\/2025\/10\/com-fer-aps.png 640w, https:\/\/serveiseducatius.xtec.cat\/garraf\/wp-content\/uploads\/usu1185\/2025\/10\/com-fer-aps-187x300.png 187w\" sizes=\"auto, (max-width: 640px) 100vw, 640px\" \/><\/figure><div class=\"wp-block-media-text__content\">\n<p>El <strong>Servei Comunitari <\/strong>\u00e9s una activitat lectiva i avaluable que es realitza a 3r o 4t d&#8217;ESO de forma curricular, tot i que \u00e9s adaptable a qualsevol nivell educatiu.  Aquesta activitat no est\u00e0 vinculada a cap mat\u00e8ria en concret i es basa en la metodologia d&#8217;<strong>Aprenentatge Servei (ApS)<\/strong> que combina processos d&#8217;aprenentatge i de servei a la comunitat en un sol projecte en el qual l&#8217;alumnat participant es forma tot treballant sobre necessitats reals de l&#8217;entorn amb l&#8217;objectiu de millorar-lo.<\/p>\n\n\n\n<p class=\"has-text-align-left has-white-color has-ast-global-color-1-background-color has-text-color has-background has-link-color wp-elements-98cb2d78537f93399e3eefd6f822cadc\"><strong>Objectius<\/strong><\/p>\n\n\n\n<ul class=\"wp-block-list\">\n<li>Desenvolupar la compet\u00e8ncia social i ciutadana, afavorint una actitud cr\u00edtica i compromesa davant la societat, per tal d\u2019esdevenir membres actius en una societat catalana democr\u00e0tica i participativa.<\/li>\n\n\n\n<li>Desenvolupar habilitats relacionades amb el disseny i realitzaci\u00f3 de projectes i amb el treball d\u2019equip.<\/li>\n\n\n\n<li>Donar a con\u00e8ixer a l\u2019alumnat i les seves fam\u00edlies la xarxa associativa i les entitats de l\u2019entorn, per tal de promoure la participaci\u00f3 dels joves.<\/li>\n\n\n\n<li>Promoure el treball en xarxa entre els diferents agents educatius de l\u2019entorn.<\/li>\n\n\n\n<li>Donar una resposta educativa a les necessitats emergents de l\u2019entorn escolar.<\/li>\n\n\n\n<li>Augmentar la participaci\u00f3 en el teixit associatiu i les entitats de caire social per fomentar el comprom\u00eds amb la construcci\u00f3 d\u2019una societat m\u00e9s justa, cohesionada i arrelada al territori.<\/li>\n<\/ul>\n<\/div><\/div>\n\n\n\n<p class=\"has-text-align-left has-white-color has-ast-global-color-1-background-color has-text-color has-background has-link-color wp-elements-f6c8df232cd8bc71ae8fc3b8973420dd\"><strong>\u00c0mbits d&#8217;actuaci\u00f3<\/strong><\/p>\n\n\n\n<ul class=\"wp-block-list\">\n<li><strong>Acompanyament i suport a l\u2019escolaritzaci\u00f3: <\/strong>tallers o activitats relacionades amb l&#8217;acompanyament o el refor\u00e7 escolar per col\u00b7lectius de l&#8217;entorn que ho necessitin.<\/li>\n\n\n\n<li><strong>Suport a necessitats b\u00e0siques: <\/strong>Ajuda, acompanyament o suport directe a col\u00b7lectius vulnerables o en risc d&#8217;exclusi\u00f3.<\/li>\n\n\n\n<li><strong>Intercanvi generacional: <\/strong>apropament de col\u00b7lectius de diferents edats amb l\u2019objectiu de facilitar el coneixement mutu i l\u2019intercanvi de coneixements, experi\u00e8ncies i\/o habilitats.<\/li>\n\n\n\n<li><strong>Medi ambient<\/strong>: actuacions encarades a la conservaci\u00f3, difusi\u00f3, observaci\u00f3 o millora d&#8217;entorns naturals.<\/li>\n\n\n\n<li><strong>Participaci\u00f3 ciutadana<\/strong>: estimulaci\u00f3 de la participaci\u00f3 en el barri o l&#8217;entorn immediat amb l&#8217;objectiu d&#8217;afavorir el comprom\u00eds c\u00edvic i la millora de la qualitat de vida dels seus habitants.<\/li>\n\n\n\n<li><strong>Patrimoni cultural<\/strong>: conservaci\u00f3 i restauraci\u00f3 del patrimoni cultural i per a la recuperaci\u00f3 i difusi\u00f3 de les tradicions culturals.<\/li>\n\n\n\n<li><strong>Projectes de solidaritat i cooperaci\u00f3<\/strong>: sensibilitzaci\u00f3 i defensa dels drets humans, causes solid\u00e0ries i humanit\u00e0ries en l&#8217;\u00e0mbit internacional.<\/li>\n\n\n\n<li><strong>Preservaci\u00f3 i manteniment del medi urb\u00e0<\/strong>: actuacions de conscienciaci\u00f3, conservaci\u00f3 i restauraci\u00f3 del medi i mobiliari urb\u00e0.<\/li>\n\n\n\n<li><strong>Lleure<\/strong>: realitzaci\u00f3 d&#8217;actuacions conjuntament amb les entitats d&#8217;educaci\u00f3 en el lleure.<\/li>\n<\/ul>\n\n\n\n<p class=\"has-text-align-left has-white-color has-ast-global-color-1-background-color has-text-color has-background has-link-color wp-elements-f832fba1e7333f41e8197c5b32d54001\"><strong>Normativa, documents de suport i recursos<\/strong><\/p>\n\n\n\n<div class=\"wp-block-buttons is-content-justification-center is-layout-flex wp-container-core-buttons-is-layout-2 wp-block-buttons-is-layout-flex\">\n<div class=\"wp-block-button\"><a class=\"wp-block-button__link wp-element-button\" href=\"https:\/\/xtec.gencat.cat\/ca\/curriculum\/eso\/serveicomunitari\/\"><strong>Acc\u00e9s a XTEC<\/strong><\/a><\/div>\n<\/div>\n\n\n\n<p class=\"has-text-align-left has-white-color has-ast-global-color-1-background-color has-text-color has-background has-link-color wp-elements-9dcd39d40ecedce7d0915892dff3e7e9\"><strong>Bibliografia<\/strong><\/p>\n\n\n\n<ul class=\"wp-block-list\">\n<li><a href=\"http:\/\/www.grao.com\/llibres\/11-ideas-clave-como-realizar-un-proyecto-de-aprendizaje-servicio\" target=\"_blank\" rel=\"noreferrer noopener\">11 ideas clave \u00bfC\u00f3mo realizar un proyecto de aprendizaje servicio?<\/a>&nbsp;(Josep M. Puig i alt. Editorial Gra\u00f3)<\/li>\n\n\n\n<li><a href=\"http:\/\/www.aprenentatgeservei.org\/intra\/aps\/documents\/Llibre%20Educar%20per%20la%20ciutadania.pdf\" target=\"_blank\" rel=\"noreferrer noopener\">Aprenentatge Servei. Educar per a la ciutadania<\/a> (Josep M. Puig, Roser Batlle, Carme Bosch i Josep Palos. Editorial OCTAEDRO).<\/li>\n\n\n\n<li><a href=\"http:\/\/www.edubcn.cat\/rcs_gene\/extra\/00_asc\/documents\/2_3_Aprendizaje-servicio.pdf\" target=\"_blank\" rel=\"noreferrer noopener\">Aprendizaje y servicio. Cuadernos de pedagogia<\/a>&nbsp;n\u00fam. 450<\/li>\n\n\n\n<li><a href=\"http:\/\/www.edubcn.cat\/rcs_gene\/extra\/00_asc\/documents\/2_4_ApS_i_competencias_basicas.pdf\" target=\"_blank\" rel=\"noreferrer noopener\">Aprendizaje y Servicio solidario y desarrollo de las competencias basicas<\/a> . Gu\u00edas Zerbicas 2<\/li>\n\n\n\n<li><a href=\"http:\/\/www.edubcn.cat\/rcs_gene\/extra\/00_asc\/documents\/2_5_ApS_y_proyecto_integrado.pdf\" target=\"_blank\" rel=\"noreferrer noopener\">Aprendizaje y Servicio solidario: un proyecto integrado de aprendizaje<\/a>. Gu\u00edas Zerbicas 5<\/li>\n\n\n\n<li><a href=\"https:\/\/drive.google.com\/file\/d\/1hfgPZ5hSb0FB1SHvft3JrEgn6zW4SgKc\/view?usp=sharing\">C\u00f3mo iniciar un proyecto de aprendizaje y servicio solidario<\/a>. Gu\u00edas Zerbicas 1<\/li>\n\n\n\n<li>Document&nbsp;<a href=\"https:\/\/educacio.gencat.cat\/web\/.content\/home\/departament\/publicacions\/colleccions\/inclusio\/mesures-suports-universals-centre-educatiu\/mesures-suports-universals-centre-educatiu.pdf\">Mesures i suports universals en el centres educatiu<\/a>&nbsp;(apartat 1.3.9 i fitxa 12). Departament d\u2019Educaci\u00f3. Novembre 2023.<\/li>\n\n\n\n<li><a href=\"http:\/\/www.edubcn.cat\/rcs_gene\/extra\/00_asc\/documents\/2_1Educacio_i_servei_a_la_comunitat.pdf\" target=\"_blank\" rel=\"noreferrer noopener\">Educaci\u00f3 i Servei a la comunitat<\/a>. Josep M. Puig<\/li>\n\n\n\n<li><a href=\"http:\/\/www.aprenentatgeservei.org\/intra\/aps\/documents\/LLibre%20Experiencies%20APS.pdf\" target=\"_blank\" rel=\"noreferrer noopener\">Experi\u00e8ncies d\u2019Aprenentatge Servei<\/a> (Coord. Xus Marin i Laura Rubio. Editorial OCTAEDRO)<\/li>\n\n\n\n<li>Guia <a href=\"http:\/\/www.tercersector.cat\/sites\/www.tercersector.cat\/files\/guia_acollir_projectes_daprenentatge_servei_en_entitats_socials_1.pdf\" target=\"_blank\" rel=\"noreferrer noopener\">\u201cAcollir projectes d\u2019Aprenentatge i Servei en entitats socials\u201d<\/a> (Taula del Tercer Sector)<\/li>\n\n\n\n<li>Guia<a href=\"http:\/\/www.aprenentatgeservei.org\/intra\/aps\/documents\/aps_tecnologies_digitals_web.pdf\"> &#8220;Aprenentatge Servei i tecnologies digitals&#8221;<\/a> (Centre Promotor d&#8217;Aprenentatge Servei)<\/li>\n\n\n\n<li>Guia <a href=\"http:\/\/www.aprenentatgeservei.org\/intra\/aps\/documents\/aps_avaluacio_aprenentatge%20amb%20annex.pdf\" target=\"_blank\" rel=\"noreferrer noopener\">\u201cAvaluaci\u00f3 dels aprenentatges en els projectes d\u2019Aprenentatge Servei\u201d<\/a> (Centre Promotor d\u2019Aprenentatge Servei)<\/li>\n\n\n\n<li>Guia&nbsp;<a href=\"http:\/\/www.aprenentatgeservei.cat\/intra\/aps\/documents\/aps_art_web_2.pdf\" target=\"_blank\" rel=\"noreferrer noopener\">\u201cCom fer ApS a trav\u00e9s de les arts?\u201d<\/a>&nbsp;(Centre Promotor&nbsp;d\u2019Aprenentatge Servei)<\/li>\n\n\n\n<li>Guia <a href=\"http:\/\/www.aprenentatgeservei.cat\/intra\/aps\/documents\/aps_centres_educatius_3.pdf\" target=\"_blank\" rel=\"noreferrer noopener\">\u201cCom fer ApS en els centres educatius?\u201d<\/a> (Centre Promotor&nbsp;d\u2019Aprenentatge Servei)<\/li>\n\n\n\n<li>Guia <a href=\"http:\/\/www.aprenentatgeservei.cat\/intra\/aps\/documents\/aps_entitats_socials_3.pdf\" target=\"_blank\" rel=\"noreferrer noopener\">\u201cCom fer ApS en les entitats socials?\u201d<\/a>&nbsp;(Centre Promotor&nbsp;d\u2019Aprenentatge Servei)<\/li>\n\n\n\n<li>Guia <a href=\"http:\/\/www.aprenentatgeservei.cat\/intra\/aps\/documents\/aps_ambit_local_web.pdf\" target=\"_blank\" rel=\"noreferrer noopener\">\u201cCom impulsar l\u2019ApS a l\u2019\u00e0mbit local?\u201d<\/a> (Centre Promotor d\u2019Aprenentatge Servei)<\/li>\n\n\n\n<li>Guia&nbsp;<a href=\"http:\/\/www.aprenentatgeservei.cat\/intra\/aps\/documents\/Minyons_GuiaApS.pdf\" target=\"_blank\" rel=\"noreferrer noopener\">\u201cGuia pr\u00e0ctica per a projectes d\u2019Aprenentatge Servei: Fem projectes d\u2019ApS\u201d<\/a>&nbsp;(Minyons Escoltes i Guies de Catalunya)<\/li>\n\n\n\n<li>Guia <a href=\"http:\/\/www.aprenentatgeservei.cat\/intra\/aps\/documents\/aps_autoevaluacio_cat_IMP_A5.pdf\" target=\"_blank\" rel=\"noreferrer noopener\">\u201cR\u00fabrica per a l\u2019autoavaluaci\u00f3 i la millora dels projectes d\u2019ApS\u201d<\/a> (Centre Promotor&nbsp;d\u2019Aprenentatge Servei)<\/li>\n\n\n\n<li><a href=\"https:\/\/drive.google.com\/open?id=0B2MShjToyAqKQW0tLVZ6bklyZVU&amp;authuser=0\" target=\"_blank\" rel=\"noreferrer noopener\">La pr\u00e0ctica solid\u00e0ria com a pedagogia de la ciutadania activa<\/a>&nbsp;Debats d\u2019Educaci\u00f3\/6. (Mar\u00eda Nieves Tapia. Ed. Fundaci\u00f3 Bofill).<\/li>\n\n\n\n<li><a href=\"http:\/\/www.edubcn.cat\/rcs_gene\/extra\/00_asc\/documents\/2_2_ApS_al_mon.pdf\" target=\"_blank\" rel=\"noreferrer noopener\">L\u2019Aprenentatge servei al m\u00f3n: una visi\u00f3 comparativa<\/a>. Roser Batlle<\/li>\n\n\n\n<li><a href=\"http:\/\/www.raco.cat\/index.php\/TempsEducacio\/issue\/view\/18803\/showToc\" target=\"_blank\" rel=\"noreferrer noopener\">Monografia Aprenentatge i Servei. Temps d\u2019educaci\u00f3<\/a> n\u00fam. 41<\/li>\n<\/ul>\n\n\n\n<p>&nbsp;<\/p>\n","protected":false},"excerpt":{"rendered":"<p>Qu\u00e8 \u00e9s? \u00c0mbits d&#8217;actuaci\u00f3 Normativa, documents de suport i recursos Bibliografia &nbsp;<\/p>\n","protected":false},"author":10,"featured_media":0,"parent":0,"menu_order":0,"comment_status":"closed","ping_status":"closed","template":"","meta":{"_bbp_topic_count":0,"_bbp_reply_count":0,"_bbp_total_topic_count":0,"_bbp_total_reply_count":0,"_bbp_voice_count":0,"_bbp_anonymous_reply_count":0,"_bbp_topic_count_hidden":0,"_bbp_reply_count_hidden":0,"_bbp_forum_subforum_count":0,"site-sidebar-layout":"default","site-content-layout":"","ast-site-content-layout":"default","site-content-style":"default","site-sidebar-style":"default","ast-global-header-display":"","ast-banner-title-visibility":"","ast-main-header-display":"","ast-hfb-above-header-display":"","ast-hfb-below-header-display":"","ast-hfb-mobile-header-display":"","site-post-title":"","ast-breadcrumbs-content":"","ast-featured-img":"","footer-sml-layout":"","theme-transparent-header-meta":"","adv-header-id-meta":"","stick-header-meta":"","header-above-stick-meta":"","header-main-stick-meta":"","header-below-stick-meta":"","astra-migrate-meta-layouts":"set","ast-page-background-enabled":"default","ast-page-background-meta":{"desktop":{"background-color":"var(--ast-global-color-4)","background-image":"","background-repeat":"repeat","background-position":"center center","background-size":"auto","background-attachment":"scroll","background-type":"","background-media":"","overlay-type":"","overlay-color":"","overlay-opacity":"","overlay-gradient":""},"tablet":{"background-color":"","background-image":"","background-repeat":"repeat","background-position":"center center","background-size":"auto","background-attachment":"scroll","background-type":"","background-media":"","overlay-type":"","overlay-color":"","overlay-opacity":"","overlay-gradient":""},"mobile":{"background-color":"","background-image":"","background-repeat":"repeat","background-position":"center center","background-size":"auto","background-attachment":"scroll","background-type":"","background-media":"","overlay-type":"","overlay-color":"","overlay-opacity":"","overlay-gradient":""}},"ast-content-background-meta":{"desktop":{"background-color":"var(--ast-global-color-5)","background-image":"","background-repeat":"repeat","background-position":"center center","background-size":"auto","background-attachment":"scroll","background-type":"","background-media":"","overlay-type":"","overlay-color":"","overlay-opacity":"","overlay-gradient":""},"tablet":{"background-color":"var(--ast-global-color-5)","background-image":"","background-repeat":"repeat","background-position":"center center","background-size":"auto","background-attachment":"scroll","background-type":"","background-media":"","overlay-type":"","overlay-color":"","overlay-opacity":"","overlay-gradient":""},"mobile":{"background-color":"var(--ast-global-color-5)","background-image":"","background-repeat":"repeat","background-position":"center center","background-size":"auto","background-attachment":"scroll","background-type":"","background-media":"","overlay-type":"","overlay-color":"","overlay-opacity":"","overlay-gradient":""}},"footnotes":""},"class_list":["post-8674","page","type-page","status-publish","hentry"],"post_mailing_queue_ids":[],"_links":{"self":[{"href":"https:\/\/serveiseducatius.xtec.cat\/garraf\/wp-json\/wp\/v2\/pages\/8674","targetHints":{"allow":["GET"]}}],"collection":[{"href":"https:\/\/serveiseducatius.xtec.cat\/garraf\/wp-json\/wp\/v2\/pages"}],"about":[{"href":"https:\/\/serveiseducatius.xtec.cat\/garraf\/wp-json\/wp\/v2\/types\/page"}],"author":[{"embeddable":true,"href":"https:\/\/serveiseducatius.xtec.cat\/garraf\/wp-json\/wp\/v2\/users\/10"}],"replies":[{"embeddable":true,"href":"https:\/\/serveiseducatius.xtec.cat\/garraf\/wp-json\/wp\/v2\/comments?post=8674"}],"version-history":[{"count":6,"href":"https:\/\/serveiseducatius.xtec.cat\/garraf\/wp-json\/wp\/v2\/pages\/8674\/revisions"}],"predecessor-version":[{"id":19979,"href":"https:\/\/serveiseducatius.xtec.cat\/garraf\/wp-json\/wp\/v2\/pages\/8674\/revisions\/19979"}],"wp:attachment":[{"href":"https:\/\/serveiseducatius.xtec.cat\/garraf\/wp-json\/wp\/v2\/media?parent=8674"}],"curies":[{"name":"wp","href":"https:\/\/api.w.org\/{rel}","templated":true}]}}