{"id":18662,"date":"2025-10-10T11:02:41","date_gmt":"2025-10-10T09:02:41","guid":{"rendered":"https:\/\/serveiseducatius.xtec.cat\/garraf\/?page_id=18662"},"modified":"2025-10-13T11:33:02","modified_gmt":"2025-10-13T09:33:02","slug":"curs-2024-2025","status":"publish","type":"page","link":"https:\/\/serveiseducatius.xtec.cat\/garraf\/curs-2024-2025\/","title":{"rendered":"Curs 2024-2025 XEPIG"},"content":{"rendered":"\n<div class=\"wp-block-columns is-layout-flex wp-container-core-columns-is-layout-1 wp-block-columns-is-layout-flex\">\n<div class=\"wp-block-column is-layout-flow wp-block-column-is-layout-flow\">\n<p class=\"has-text-align-center has-white-color has-ast-global-color-1-background-color has-text-color has-background has-link-color has-medium-font-size wp-elements-c63bbe544c2b0c5b3fd468a015f47924\"><strong>Sessi\u00f3 0<\/strong><\/p>\n\n\n\n<p class=\"has-text-align-center\"><strong>3 d&#8217;octubre de 2024<\/strong><\/p>\n\n\n\n<p class=\"has-text-align-center\">Trobada informativa sobre la programaci\u00f3 i l&#8217;estructura de la XEPIG.<\/p>\n\n\n\n<div class=\"wp-block-buttons is-content-justification-center is-layout-flex wp-container-core-buttons-is-layout-1 wp-block-buttons-is-layout-flex\">\n<div class=\"wp-block-button has-custom-width wp-block-button__width-50 has-custom-font-size\" style=\"font-size:16px\"><a class=\"wp-block-button__link wp-element-button\" href=\"https:\/\/drive.google.com\/file\/d\/1gy_7isrD8u0bqhS2T_NzEgdI60vYvQ3n\/view\"><strong>Acc\u00e9s a la presentaci\u00f3<\/strong><\/a><\/div>\n\n\n\n<div class=\"wp-block-button has-custom-width wp-block-button__width-50 has-custom-font-size\" style=\"font-size:16px\"><a class=\"wp-block-button__link wp-element-button\" href=\"https:\/\/docs.google.com\/document\/d\/1f9Y9iKZzimwpQ8o2YyAPc5UdBqSMjKy3xtx4Ra7K3Ek\/edit?usp=sharing\"><strong>Preguntes freq\u00fcents<\/strong><\/a><\/div>\n<\/div>\n<\/div>\n\n\n\n<div class=\"wp-block-column is-layout-flow wp-block-column-is-layout-flow\">\n<p class=\"has-text-align-center has-white-color has-ast-global-color-1-background-color has-text-color has-background has-link-color has-medium-font-size wp-elements-20c288c31e68adbfb7bce8c8cdcaf688\"><strong>Equip Inquiet<\/strong><\/p>\n\n\n\n<p class=\"has-text-align-center\"><strong>Qu\u00e8 volem que sigui la XEPIG?<\/strong><\/p>\n\n\n\n<ul class=\"wp-block-list\">\n<li>Enlla\u00e7 amb els centres de la xarxa<\/li>\n\n\n\n<li>Dinamitzaci\u00f3 de les propostes al centre<\/li>\n\n\n\n<li>Concretar la planificaci\u00f3 general<\/li>\n\n\n\n<li>Resignificadors de l\u2019ideari de la XEPIG<\/li>\n<\/ul>\n\n\n\n<div class=\"wp-block-buttons is-content-justification-center is-layout-flex wp-container-core-buttons-is-layout-2 wp-block-buttons-is-layout-flex\">\n<div class=\"wp-block-button has-custom-width wp-block-button__width-50 has-custom-font-size\" style=\"font-size:16px\"><a class=\"wp-block-button__link wp-element-button\" href=\"https:\/\/drive.google.com\/drive\/folders\/1Ht_iXXbNJ18Y-ank4rPvR8U4-d3JTz-b?usp=sharing\"><strong>Acc\u00e9s als materials<\/strong><\/a><\/div>\n<\/div>\n<\/div>\n\n\n\n<div class=\"wp-block-column is-layout-flow wp-block-column-is-layout-flow\">\n<p class=\"has-text-align-center has-white-color has-ast-global-color-1-background-color has-text-color has-background has-link-color has-medium-font-size wp-elements-73de9dcff4f69b466d99fb329883c28a\"><strong>Sessions plen\u00e0ries<\/strong><\/p>\n\n\n\n<p class=\"has-text-align-center\"><strong>Com podem ser m\u00e9s eficients recollint evid\u00e8ncies d&#8217;aprenentatge a EINF i EPRI?<\/strong><\/p>\n\n\n\n<ul class=\"wp-block-list\">\n<li>Espai obert de formaci\u00f3 i inspiraci\u00f3 pedag\u00f2gica<\/li>\n\n\n\n<li>Espai obert de debat, reflexi\u00f3 i feedback entre centres<\/li>\n<\/ul>\n\n\n\n<div class=\"wp-block-buttons is-content-justification-center is-layout-flex wp-container-core-buttons-is-layout-3 wp-block-buttons-is-layout-flex\">\n<div class=\"wp-block-button has-custom-width wp-block-button__width-50 has-custom-font-size\" style=\"font-size:16px\"><a class=\"wp-block-button__link wp-element-button\" href=\"https:\/\/drive.google.com\/drive\/folders\/12thxeI71EA0qWpkBlz-Cpau7MiYv_a07?usp=sharing\"><strong>Acc\u00e9s als materials<\/strong><\/a><\/div>\n<\/div>\n<\/div>\n<\/div>\n","protected":false},"excerpt":{"rendered":"<p>Sessi\u00f3 0 3 d&#8217;octubre de 2024 Trobada informativa sobre la programaci\u00f3 i l&#8217;estructura de la XEPIG. Equip Inquiet Qu\u00e8 volem que sigui la XEPIG? Sessions plen\u00e0ries Com podem ser m\u00e9s eficients recollint evid\u00e8ncies d&#8217;aprenentatge a EINF i EPRI?<\/p>\n","protected":false},"author":10,"featured_media":0,"parent":0,"menu_order":0,"comment_status":"closed","ping_status":"close","template":"","meta":{"_bbp_topic_count":0,"_bbp_reply_count":0,"_bbp_total_topic_count":0,"_bbp_total_reply_count":0,"_bbp_voice_count":0,"_bbp_anonymous_reply_count":0,"_bbp_topic_count_hidden":0,"_bbp_reply_count_hidden":0,"_bbp_forum_subforum_count":0,"site-sidebar-layout":"default","site-content-layout":"","ast-site-content-layout":"default","site-content-style":"default","site-sidebar-style":"default","ast-global-header-display":"","ast-banner-title-visibility":"","ast-main-header-display":"","ast-hfb-above-header-display":"","ast-hfb-below-header-display":"","ast-hfb-mobile-header-display":"","site-post-title":"","ast-breadcrumbs-content":"","ast-featured-img":"","footer-sml-layout":"","theme-transparent-header-meta":"","adv-header-id-meta":"","stick-header-meta":"","header-above-stick-meta":"","header-main-stick-meta":"","header-below-stick-meta":"","astra-migrate-meta-layouts":"set","ast-page-background-enabled":"default","ast-page-background-meta":{"desktop":{"background-color":"var(--ast-global-color-4)","background-image":"","background-repeat":"repeat","background-position":"center center","background-size":"auto","background-attachment":"scroll","background-type":"","background-media":"","overlay-type":"","overlay-color":"","overlay-opacity":"","overlay-gradient":""},"tablet":{"background-color":"","background-image":"","background-repeat":"repeat","background-position":"center center","background-size":"auto","background-attachment":"scroll","background-type":"","background-media":"","overlay-type":"","overlay-color":"","overlay-opacity":"","overlay-gradient":""},"mobile":{"background-color":"","background-image":"","background-repeat":"repeat","background-position":"center center","background-size":"auto","background-attachment":"scroll","background-type":"","background-media":"","overlay-type":"","overlay-color":"","overlay-opacity":"","overlay-gradient":""}},"ast-content-background-meta":{"desktop":{"background-color":"var(--ast-global-color-5)","background-image":"","background-repeat":"repeat","background-position":"center center","background-size":"auto","background-attachment":"scroll","background-type":"","background-media":"","overlay-type":"","overlay-color":"","overlay-opacity":"","overlay-gradient":""},"tablet":{"background-color":"var(--ast-global-color-5)","background-image":"","background-repeat":"repeat","background-position":"center center","background-size":"auto","background-attachment":"scroll","background-type":"","background-media":"","overlay-type":"","overlay-color":"","overlay-opacity":"","overlay-gradient":""},"mobile":{"background-color":"var(--ast-global-color-5)","background-image":"","background-repeat":"repeat","background-position":"center center","background-size":"auto","background-attachment":"scroll","background-type":"","background-media":"","overlay-type":"","overlay-color":"","overlay-opacity":"","overlay-gradient":""}},"footnotes":""},"class_list":["post-18662","page","type-page","status-publish","hentry"],"post_mailing_queue_ids":[],"_links":{"self":[{"href":"https:\/\/serveiseducatius.xtec.cat\/garraf\/wp-json\/wp\/v2\/pages\/18662","targetHints":{"allow":["GET"]}}],"collection":[{"href":"https:\/\/serveiseducatius.xtec.cat\/garraf\/wp-json\/wp\/v2\/pages"}],"about":[{"href":"https:\/\/serveiseducatius.xtec.cat\/garraf\/wp-json\/wp\/v2\/types\/page"}],"author":[{"embeddable":true,"href":"https:\/\/serveiseducatius.xtec.cat\/garraf\/wp-json\/wp\/v2\/users\/10"}],"replies":[{"embeddable":true,"href":"https:\/\/serveiseducatius.xtec.cat\/garraf\/wp-json\/wp\/v2\/comments?post=18662"}],"version-history":[{"count":6,"href":"https:\/\/serveiseducatius.xtec.cat\/garraf\/wp-json\/wp\/v2\/pages\/18662\/revisions"}],"predecessor-version":[{"id":18702,"href":"https:\/\/serveiseducatius.xtec.cat\/garraf\/wp-json\/wp\/v2\/pages\/18662\/revisions\/18702"}],"wp:attachment":[{"href":"https:\/\/serveiseducatius.xtec.cat\/garraf\/wp-json\/wp\/v2\/media?parent=18662"}],"curies":[{"name":"wp","href":"https:\/\/api.w.org\/{rel}","templated":true}]}}