{"id":18428,"date":"2025-10-06T15:51:08","date_gmt":"2025-10-06T13:51:08","guid":{"rendered":"https:\/\/serveiseducatius.xtec.cat\/garraf\/?page_id=18428"},"modified":"2026-02-20T11:56:03","modified_gmt":"2026-02-20T10:56:03","slug":"area-per-area","status":"publish","type":"page","link":"https:\/\/serveiseducatius.xtec.cat\/garraf\/area-per-area\/","title":{"rendered":"\u00c0rea per \u00e0rea"},"content":{"rendered":"\n<p class=\"has-white-color has-ast-global-color-1-background-color has-text-color has-background has-link-color has-medium-font-size wp-elements-98f1e42604e19a0e6a551b37f1856e22\"><strong>Ci\u00e8ncies Socials<\/strong><\/p>\n\n\n\n<div class=\"wp-block-columns is-layout-flex wp-container-core-columns-is-layout-1 wp-block-columns-is-layout-flex\">\n<div class=\"wp-block-column is-layout-flow wp-block-column-is-layout-flow\">\n<p class=\"has-text-align-center\"><strong>Guia &#8220;Programem amb sentit (cr\u00edtic) les ci\u00e8ncies socials&#8221;<\/strong><\/p>\n\n\n\n<p class=\"has-text-align-center\">C\u00e9cile Barbeito Thonon i Vict\u00f2ria Carri\u00f3 Rold\u00e1n<\/p>\n\n\n\n<p class=\"has-text-align-center\">CESIRE i Escola de Cultura de Pau<\/p>\n\n\n\n<p class=\"has-text-align-center\">Aquesta guia es basa en quatre enfocaments que determinen un posicionament cr\u00edtic a l\u2019hora de dissenyar i implementar situacions d\u2019aprenentatge realment problematitzadores  que permeten aprofundir en la complexitat del fet social per promoure accions innovadores<\/p>\n\n\n\n<div class=\"wp-block-buttons is-content-justification-center is-layout-flex wp-container-core-buttons-is-layout-1 wp-block-buttons-is-layout-flex\">\n<div class=\"wp-block-button\"><a class=\"wp-block-button__link has-text-align-center wp-element-button\" href=\"https:\/\/escolapau.uab.cat\/wp-content\/uploads\/2025\/05\/SentitCritic.pdf\"><strong>Acc\u00e9s a la guia<\/strong><\/a><\/div>\n<\/div>\n<\/div>\n\n\n\n<div class=\"wp-block-column is-layout-flow wp-block-column-is-layout-flow\"><\/div>\n\n\n\n<div class=\"wp-block-column is-layout-flow wp-block-column-is-layout-flow\"><\/div>\n<\/div>\n\n\n\n<p class=\"has-white-color has-ast-global-color-1-background-color has-text-color has-background has-link-color has-medium-font-size wp-elements-10ed283ef1d7b7760c6565b58c308894\"><strong>Educaci\u00f3 art\u00edstica<\/strong><\/p>\n\n\n\n<div class=\"wp-block-columns is-layout-flex wp-container-core-columns-is-layout-2 wp-block-columns-is-layout-flex\">\n<div class=\"wp-block-column is-layout-flow wp-block-column-is-layout-flow\">\n<p class=\"has-text-align-center\"><strong>Les arts al curr\u00edculum<\/strong><\/p>\n\n\n\n<p class=\"has-text-align-center\">Carme Hoyas i Dimas F\u00e0bregas<\/p>\n\n\n\n<p class=\"has-text-align-center\">Xarxa de Compet\u00e8ncies. 2025<\/p>\n\n\n\n<p class=\"has-text-align-center\">Qu\u00e8 vol dir avui dia ensenyar i aprendre arts des de l\u2019\u00f2ptica del curr\u00edculum, per qu\u00e8 \u00e9s important que tot l&#8217;alumnat estigui alfabetitzat en les arts quan acabi l&#8217;educaci\u00f3 b\u00e0sica i com els docents podem millorar la nostra acci\u00f3 perqu\u00e8 aix\u00f2 sigui possible.<\/p>\n\n\n\n<div class=\"wp-block-buttons is-content-justification-center is-layout-flex wp-container-core-buttons-is-layout-2 wp-block-buttons-is-layout-flex\">\n<div class=\"wp-block-button\"><a class=\"wp-block-button__link has-text-align-center wp-element-button\" href=\"https:\/\/www.youtube.com\/watch?v=CBQjGWstU4w\"><strong>Acc\u00e9s al v\u00eddeo<\/strong><\/a><\/div>\n<\/div>\n<\/div>\n\n\n\n<div class=\"wp-block-column is-layout-flow wp-block-column-is-layout-flow\">\n<p class=\"has-text-align-center\"><strong>\u00a0<strong>Orientacions curriculars per al desplegament del curr\u00edculum de l\u2019\u00e0rea art\u00edstica a l\u2019educaci\u00f3 prim\u00e0ria<\/strong><\/strong><\/p>\n\n\n\n<p class=\"has-text-align-center\">Aquest document ofereix un marc clar i estructurat per ajudar els centres a concretar, seq\u00fcenciar i planificar els aprenentatges art\u00edstics al llarg de l\u2019etapa. <\/p>\n\n\n\n<p class=\"has-text-align-center\">El document incorpora\u00a0<strong>propostes en format PDF<\/strong>, organitzades tant per blocs com per cursos, que faciliten la programaci\u00f3 i la presa de decisions pedag\u00f2giques als equips docents.<\/p>\n\n\n\n<div class=\"wp-block-buttons is-content-justification-center is-layout-flex wp-container-core-buttons-is-layout-3 wp-block-buttons-is-layout-flex\">\n<div class=\"wp-block-button\"><a class=\"wp-block-button__link has-text-align-center wp-element-button\" href=\"https:\/\/projectes.xtec.cat\/nou-curriculum\/orientacions-curriculars\/orientacions-curriculars-deducacio-artistica-de-primaria\/\"><strong>Acc\u00e9s al document<\/strong><\/a><\/div>\n<\/div>\n<\/div>\n\n\n\n<div class=\"wp-block-column is-layout-flow wp-block-column-is-layout-flow\"><\/div>\n<\/div>\n\n\n\n<p class=\"has-white-color has-ast-global-color-1-background-color has-text-color has-background has-link-color has-medium-font-size wp-elements-496e6578560fcc2a1cd8aaae11de3990\"><strong>Lleng\u00fces<\/strong><\/p>\n\n\n\n<div class=\"wp-block-columns is-layout-flex wp-container-core-columns-is-layout-3 wp-block-columns-is-layout-flex\">\n<div class=\"wp-block-column is-layout-flow wp-block-column-is-layout-flow\">\n<p class=\"has-text-align-center\"><strong>Les lleng\u00fces al curr\u00edculum<\/strong><\/p>\n\n\n\n<p class=\"has-text-align-center\">Juli Palou, Marta Pont i N\u00faria S\u00e0rria<\/p>\n\n\n\n<p class=\"has-text-align-center\">Xarxa de Compet\u00e8ncies. 2025<\/p>\n\n\n\n<p class=\"has-text-align-center\">Qu\u00e8 vol dir avui dia ensenyar i aprendre lleng\u00fces des de l\u2019\u00f2ptica del curr\u00edculum, per qu\u00e8 \u00e9s important que tot l&#8217;alumnat estigui alfabetitzat en lleng\u00fces quan acabi l&#8217;educaci\u00f3 b\u00e0sica i com els docents podem millorar la nostra acci\u00f3 perqu\u00e8 aix\u00f2 sigui possible.<\/p>\n\n\n\n<div class=\"wp-block-buttons is-content-justification-center is-layout-flex wp-container-core-buttons-is-layout-4 wp-block-buttons-is-layout-flex\">\n<div class=\"wp-block-button\"><a class=\"wp-block-button__link has-text-align-center wp-element-button\" href=\"https:\/\/www.youtube.com\/watch?v=-XI_4VFzDDc\"><strong>Acc\u00e9s al v\u00eddeo<\/strong><\/a><\/div>\n<\/div>\n<\/div>\n\n\n\n<div class=\"wp-block-column is-layout-flow wp-block-column-is-layout-flow\"><\/div>\n\n\n\n<div class=\"wp-block-column is-layout-flow wp-block-column-is-layout-flow\"><\/div>\n<\/div>\n\n\n\n<p class=\"has-white-color has-ast-global-color-1-background-color has-text-color has-background has-link-color has-medium-font-size wp-elements-0c66731ea953959b413e03c7a4a9fd5f\"><strong>Matem\u00e0tiques<\/strong><\/p>\n\n\n\n<div class=\"wp-block-columns is-layout-flex wp-container-core-columns-is-layout-4 wp-block-columns-is-layout-flex\">\n<div class=\"wp-block-column is-layout-flow wp-block-column-is-layout-flow\">\n<p class=\"has-text-align-center\"><strong>Les matem\u00e0tiques al curr\u00edculum<\/strong><\/p>\n\n\n\n<p class=\"has-text-align-center\">Anton Aubanell, Carles Granell i N\u00faria Serra<\/p>\n\n\n\n<p class=\"has-text-align-center\">Xarxa de Compet\u00e8ncies. 2025<\/p>\n\n\n\n<p class=\"has-text-align-center\">Qu\u00e8 vol dir avui dia ensenyar i aprendre matem\u00e0tiques des de l\u2019\u00f2ptica del curr\u00edculum, per qu\u00e8 \u00e9s important que tot l&#8217;alumnat estigui alfabetitzat matem\u00e0ticament quan acabi l&#8217;educaci\u00f3 b\u00e0sica i com els docents podem millorar la nostra acci\u00f3 perqu\u00e8 aix\u00f2 sigui possible<\/p>\n\n\n\n<div class=\"wp-block-buttons is-content-justification-center is-layout-flex wp-container-core-buttons-is-layout-5 wp-block-buttons-is-layout-flex\">\n<div class=\"wp-block-button\"><a class=\"wp-block-button__link has-text-align-center wp-element-button\" href=\"https:\/\/www.youtube.com\/watch?v=YQW_QLcWgm0\"><strong>Acc\u00e9s al v\u00eddeo<\/strong><\/a><\/div>\n<\/div>\n<\/div>\n\n\n\n<div class=\"wp-block-column is-layout-flow wp-block-column-is-layout-flow\"><\/div>\n\n\n\n<div class=\"wp-block-column is-layout-flow wp-block-column-is-layout-flow\"><\/div>\n<\/div>\n","protected":false},"excerpt":{"rendered":"<p>Ci\u00e8ncies Socials Guia &#8220;Programem amb sentit (cr\u00edtic) les ci\u00e8ncies socials&#8221; C\u00e9cile Barbeito Thonon i Vict\u00f2ria Carri\u00f3 Rold\u00e1n CESIRE i Escola de Cultura de Pau Aquesta guia es basa en quatre enfocaments que determinen un posicionament cr\u00edtic a l\u2019hora de dissenyar i implementar situacions d\u2019aprenentatge realment problematitzadores que permeten aprofundir en la complexitat del fet social [&hellip;]<\/p>\n","protected":false},"author":10,"featured_media":0,"parent":0,"menu_order":0,"comment_status":"closed","ping_status":"close","template":"","meta":{"_bbp_topic_count":0,"_bbp_reply_count":0,"_bbp_total_topic_count":0,"_bbp_total_reply_count":0,"_bbp_voice_count":0,"_bbp_anonymous_reply_count":0,"_bbp_topic_count_hidden":0,"_bbp_reply_count_hidden":0,"_bbp_forum_subforum_count":0,"site-sidebar-layout":"default","site-content-layout":"","ast-site-content-layout":"default","site-content-style":"default","site-sidebar-style":"default","ast-global-header-display":"","ast-banner-title-visibility":"","ast-main-header-display":"","ast-hfb-above-header-display":"","ast-hfb-below-header-display":"","ast-hfb-mobile-header-display":"","site-post-title":"","ast-breadcrumbs-content":"","ast-featured-img":"","footer-sml-layout":"","theme-transparent-header-meta":"","adv-header-id-meta":"","stick-header-meta":"","header-above-stick-meta":"","header-main-stick-meta":"","header-below-stick-meta":"","astra-migrate-meta-layouts":"set","ast-page-background-enabled":"default","ast-page-background-meta":{"desktop":{"background-color":"var(--ast-global-color-4)","background-image":"","background-repeat":"repeat","background-position":"center center","background-size":"auto","background-attachment":"scroll","background-type":"","background-media":"","overlay-type":"","overlay-color":"","overlay-opacity":"","overlay-gradient":""},"tablet":{"background-color":"","background-image":"","background-repeat":"repeat","background-position":"center center","background-size":"auto","background-attachment":"scroll","background-type":"","background-media":"","overlay-type":"","overlay-color":"","overlay-opacity":"","overlay-gradient":""},"mobile":{"background-color":"","background-image":"","background-repeat":"repeat","background-position":"center center","background-size":"auto","background-attachment":"scroll","background-type":"","background-media":"","overlay-type":"","overlay-color":"","overlay-opacity":"","overlay-gradient":""}},"ast-content-background-meta":{"desktop":{"background-color":"var(--ast-global-color-5)","background-image":"","background-repeat":"repeat","background-position":"center center","background-size":"auto","background-attachment":"scroll","background-type":"","background-media":"","overlay-type":"","overlay-color":"","overlay-opacity":"","overlay-gradient":""},"tablet":{"background-color":"var(--ast-global-color-5)","background-image":"","background-repeat":"repeat","background-position":"center center","background-size":"auto","background-attachment":"scroll","background-type":"","background-media":"","overlay-type":"","overlay-color":"","overlay-opacity":"","overlay-gradient":""},"mobile":{"background-color":"var(--ast-global-color-5)","background-image":"","background-repeat":"repeat","background-position":"center center","background-size":"auto","background-attachment":"scroll","background-type":"","background-media":"","overlay-type":"","overlay-color":"","overlay-opacity":"","overlay-gradient":""}},"footnotes":""},"class_list":["post-18428","page","type-page","status-publish","hentry"],"post_mailing_queue_ids":[],"_links":{"self":[{"href":"https:\/\/serveiseducatius.xtec.cat\/garraf\/wp-json\/wp\/v2\/pages\/18428","targetHints":{"allow":["GET"]}}],"collection":[{"href":"https:\/\/serveiseducatius.xtec.cat\/garraf\/wp-json\/wp\/v2\/pages"}],"about":[{"href":"https:\/\/serveiseducatius.xtec.cat\/garraf\/wp-json\/wp\/v2\/types\/page"}],"author":[{"embeddable":true,"href":"https:\/\/serveiseducatius.xtec.cat\/garraf\/wp-json\/wp\/v2\/users\/10"}],"replies":[{"embeddable":true,"href":"https:\/\/serveiseducatius.xtec.cat\/garraf\/wp-json\/wp\/v2\/comments?post=18428"}],"version-history":[{"count":4,"href":"https:\/\/serveiseducatius.xtec.cat\/garraf\/wp-json\/wp\/v2\/pages\/18428\/revisions"}],"predecessor-version":[{"id":19584,"href":"https:\/\/serveiseducatius.xtec.cat\/garraf\/wp-json\/wp\/v2\/pages\/18428\/revisions\/19584"}],"wp:attachment":[{"href":"https:\/\/serveiseducatius.xtec.cat\/garraf\/wp-json\/wp\/v2\/media?parent=18428"}],"curies":[{"name":"wp","href":"https:\/\/api.w.org\/{rel}","templated":true}]}}