{"id":16475,"date":"2023-05-30T12:49:59","date_gmt":"2023-05-30T10:49:59","guid":{"rendered":"https:\/\/serveiseducatius.xtec.cat\/garraf\/?page_id=16475"},"modified":"2025-10-15T09:59:08","modified_gmt":"2025-10-15T07:59:08","slug":"salut-escolar-al-garraf","status":"publish","type":"page","link":"https:\/\/serveiseducatius.xtec.cat\/garraf\/salut-escolar-al-garraf\/","title":{"rendered":"Salut escolar al Garraf"},"content":{"rendered":"\n<p class=\"has-white-color has-ast-global-color-1-background-color has-text-color has-background has-link-color wp-elements-96ad3b2b20b90a395f4aa24db682ac07\"><strong>Guies i protocols<\/strong><\/p>\n\n\n\n<ul class=\"wp-block-list\">\n<li><a href=\"https:\/\/serveiseducatius.xtec.cat\/garraf\/guia-per-a-labordatge-de-la-conducta-suicida-i-de-les-autolesions-no-suicides-en-el-centre-educatiu\/\">Guia per a l&#8217;abordatge de la conducta su\u00efcida i de les autolesions no su\u00efcides en el centre educatiu<\/a><\/li>\n\n\n\n<li><a href=\"https:\/\/drive.google.com\/file\/d\/1eGW4rEBAQd29KXJUImNllbmaGxXY7HAC\/view?usp=sharing\">Protocol d\u2019atenci\u00f3 a la salut en l\u2019entorn educatiu<\/a><\/li>\n\n\n\n<li><a href=\"https:\/\/drive.google.com\/file\/d\/1RA7UJiCzHkcSCEGsflKN2hWmhSePuVMK\/view?usp=sharing\">Protocol d\u2019atenci\u00f3 als infants amb diabetis en l\u2019entorn educatiu&nbsp;<\/a>(extensiu a adolescents i joves amb diabetis de tipus 1 escolaritzats en centres educatius ordinaris i centres d\u2019edu\u00adcaci\u00f3 especial p\u00fablics i concertats).<\/li>\n\n\n\n<li><a href=\"https:\/\/educacio.gencat.cat\/web\/.content\/home\/departament\/publicacions\/protocols\/intervencio-faltes-greus-convivencia\/protocol-intervencio-faltes-greus-convivencia.pdf\">Procediment d\u2019intervenci\u00f3 en cas de faltes greument perjudicials per a la conviv\u00e8ncia<\/a> (Departament d&#8217;Educaci\u00f3)<\/li>\n<\/ul>\n\n\n\n<p class=\"has-white-color has-ast-global-color-1-background-color has-text-color has-background has-link-color wp-elements-5cc7c50d04a1ca1dbf337516497a3d59\"><strong>Programes i activitats<\/strong><\/p>\n\n\n\n<ul class=\"wp-block-list\">\n<li><a href=\"https:\/\/serveiseducatius.xtec.cat\/garraf\/programa-de-benestar-emocional\/\">Programa de benestar emocional<\/a><\/li>\n\n\n\n<li><a href=\"https:\/\/serveiseducatius.xtec.cat\/garraf\/general\/la-xocolatada-solidaria-amb-el-cancer-infantil\">La xocolatada solid\u00e0ria amb el c\u00e0ncer infantil<\/a> (Hospital Sant Joan de D\u00e9u)<\/li>\n<\/ul>\n\n\n\n<p class=\"has-white-color has-ast-global-color-1-background-color has-text-color has-background has-link-color wp-elements-93c39bea560ade8ead86820d457d75b2\"><strong>Recursos<\/strong><\/p>\n\n\n\n<ul class=\"wp-block-list\">\n<li><strong><a href=\"https:\/\/sites.google.com\/view\/projecte-endo-hit\">ENDO-HIT<\/a><\/strong>: una iniciativa de ci\u00e8ncia ciutadana que vol posar el focus en un&nbsp;la salut menstrual i l\u2019endometriosi.<a href=\"https:\/\/serveiseducatius.xtec.cat\/garraf\/programa-de-benestar-emocional\/\"><\/a><\/li>\n\n\n\n<li><a href=\"https:\/\/serveiseducatius.xtec.cat\/garraf\/general\/cataleg-de-recursos-educatius-de-salut-a-vilanova-i-la-geltru\/\">Cat\u00e0leg de recursos educatius de Salut a Vilanova i la Geltr\u00fa<\/a><\/li>\n<\/ul>\n\n\n\n<p class=\"has-white-color has-ast-global-color-1-background-color has-text-color has-background has-link-color wp-elements-995e8aa959df0eaf9049b6d7adb6db5e\"><strong>Altres institucions<\/strong><\/p>\n\n\n\n<div class=\"wp-block-columns is-layout-flex wp-container-core-columns-is-layout-1 wp-block-columns-is-layout-flex\">\n<div class=\"wp-block-column has-border-color has-ast-global-color-1-border-color is-layout-flow wp-block-column-is-layout-flow\" style=\"border-width:3px\">\n<p class=\"has-text-align-center has-medium-font-size\"><strong>Ag\u00e8ncia Catalana de Salut P\u00fablica<\/strong><\/p>\n\n\n\n<ul class=\"wp-block-list\">\n<li><a href=\"https:\/\/serveiseducatius.xtec.cat\/garraf\/general\/classes-sense-fum-2024-2025\/\">Classes sense fum<\/a><\/li>\n\n\n\n<li><a href=\"https:\/\/www.thedailymile.es\/inscripcion\/\">La Milla Di\u00e0ria<\/a><\/li>\n\n\n\n<li><a href=\"https:\/\/salutpublica.gencat.cat\/web\/.content\/minisite\/aspcat\/promocio_salut\/activitat_fisica\/fes-ne-10\/pauses-actives.pdf\">Pauses actives!<\/a><\/li>\n<\/ul>\n<\/div>\n\n\n\n<div class=\"wp-block-column has-border-color has-ast-global-color-1-border-color is-layout-flow wp-block-column-is-layout-flow\" style=\"border-width:3px\">\n<p class=\"has-text-align-center has-medium-font-size\"><strong>Consell Comarcal del Garraf<\/strong><\/p>\n\n\n\n<ul class=\"wp-block-list\">\n<li><a href=\"https:\/\/www.ccgarraf.cat\/serveis-i-tramits\/cataleg-de-serveis\/traca-prevencio-de-les-drogodependencies.html\">TRACA &#8211; Prevenci\u00f3 de les drogodepend\u00e8ncies<\/a><\/li>\n\n\n\n<li><a href=\"https:\/\/www.ccgarraf.cat\/serveis-i-tramits\/cataleg-de-serveis\/salut-emocional-jove.html\">Salut emocional jove<\/a> <\/li>\n<\/ul>\n<\/div>\n\n\n\n<div class=\"wp-block-column has-border-color has-ast-global-color-1-border-color is-layout-flow wp-block-column-is-layout-flow\" style=\"border-width:3px\">\n<p class=\"has-text-align-center has-medium-font-size\"><strong>Cubelles<\/strong><\/p>\n\n\n\n<ul class=\"wp-block-list\">\n<li><a href=\"https:\/\/www.cubelles.cat\/pl262\/ajuntament-seu-e\/serveis\/id39\/assessoria-de-salut-per-a-joves-asj.htm\">Assessoria de Salut per a Joves<\/a><\/li>\n<\/ul>\n<\/div>\n<\/div>\n\n\n\n<hr class=\"wp-block-separator has-text-color has-ast-global-color-1-color has-alpha-channel-opacity has-ast-global-color-1-background-color has-background is-style-wide\" style=\"margin-top:0;margin-bottom:0\"\/>\n\n\n\n<div class=\"wp-block-columns is-layout-flex wp-container-core-columns-is-layout-2 wp-block-columns-is-layout-flex\">\n<div class=\"wp-block-column has-border-color has-ast-global-color-1-border-color is-layout-flow wp-block-column-is-layout-flow\" style=\"border-width:3px\">\n<p class=\"has-text-align-center has-medium-font-size\"><strong>Sant Pere de Ribes<\/strong><\/p>\n\n\n\n<ul class=\"wp-block-list\">\n<li><a href=\"https:\/\/serveiseducatius.xtec.cat\/garraf\/general\/classes-sense-fum-2024-2025\/\"><\/a><a href=\"https:\/\/www.santperederibes.cat\/municipi\/saluticonsum\/promocio-de-la-salut\">Promoci\u00f3 de la salut<\/a><\/li>\n<\/ul>\n<\/div>\n\n\n\n<div class=\"wp-block-column has-border-color has-ast-global-color-1-border-color is-layout-flow wp-block-column-is-layout-flow\" style=\"border-width:3px\">\n<p class=\"has-text-align-center has-medium-font-size\"><strong>Vilanova i la Geltr\u00fa<\/strong><\/p>\n\n\n\n<ul class=\"wp-block-list\">\n<li><a href=\"https:\/\/drive.google.com\/file\/d\/1IIoBu6cb7jXLblmyQfuQ1EgRKNKcSGB1\/view?usp=sharing\">Programa de suport en la prevenci\u00f3 dins de l&#8217;\u00e0mbit de la salut<\/a>: addiccions, sexualitat i afectivitat i viol\u00e8ncies masclistes.<\/li>\n\n\n\n<li><a href=\"https:\/\/www.vilanova.cat\/salut\/firabec?rnd=344709385\">Firabec<\/a>, de Benestar Emocional Comunitari<\/li>\n<\/ul>\n<\/div>\n\n\n\n<div class=\"wp-block-column is-layout-flow wp-block-column-is-layout-flow\"><\/div>\n<\/div>\n","protected":false},"excerpt":{"rendered":"<p>Guies i protocols Programes i activitats Recursos Altres institucions Ag\u00e8ncia Catalana de Salut P\u00fablica Consell Comarcal del Garraf Cubelles Sant Pere de Ribes Vilanova i la Geltr\u00fa<\/p>\n","protected":false},"author":10,"featured_media":0,"parent":0,"menu_order":0,"comment_status":"closed","ping_status":"closed","template":"","meta":{"_bbp_topic_count":0,"_bbp_reply_count":0,"_bbp_total_topic_count":0,"_bbp_total_reply_count":0,"_bbp_voice_count":0,"_bbp_anonymous_reply_count":0,"_bbp_topic_count_hidden":0,"_bbp_reply_count_hidden":0,"_bbp_forum_subforum_count":0,"site-sidebar-layout":"default","site-content-layout":"","ast-site-content-layout":"default","site-content-style":"default","site-sidebar-style":"default","ast-global-header-display":"","ast-banner-title-visibility":"","ast-main-header-display":"","ast-hfb-above-header-display":"","ast-hfb-below-header-display":"","ast-hfb-mobile-header-display":"","site-post-title":"","ast-breadcrumbs-content":"","ast-featured-img":"","footer-sml-layout":"","theme-transparent-header-meta":"","adv-header-id-meta":"","stick-header-meta":"","header-above-stick-meta":"","header-main-stick-meta":"","header-below-stick-meta":"","astra-migrate-meta-layouts":"set","ast-page-background-enabled":"default","ast-page-background-meta":{"desktop":{"background-color":"var(--ast-global-color-4)","background-image":"","background-repeat":"repeat","background-position":"center center","background-size":"auto","background-attachment":"scroll","background-type":"","background-media":"","overlay-type":"","overlay-color":"","overlay-opacity":"","overlay-gradient":""},"tablet":{"background-color":"","background-image":"","background-repeat":"repeat","background-position":"center center","background-size":"auto","background-attachment":"scroll","background-type":"","background-media":"","overlay-type":"","overlay-color":"","overlay-opacity":"","overlay-gradient":""},"mobile":{"background-color":"","background-image":"","background-repeat":"repeat","background-position":"center center","background-size":"auto","background-attachment":"scroll","background-type":"","background-media":"","overlay-type":"","overlay-color":"","overlay-opacity":"","overlay-gradient":""}},"ast-content-background-meta":{"desktop":{"background-color":"var(--ast-global-color-5)","background-image":"","background-repeat":"repeat","background-position":"center center","background-size":"auto","background-attachment":"scroll","background-type":"","background-media":"","overlay-type":"","overlay-color":"","overlay-opacity":"","overlay-gradient":""},"tablet":{"background-color":"var(--ast-global-color-5)","background-image":"","background-repeat":"repeat","background-position":"center center","background-size":"auto","background-attachment":"scroll","background-type":"","background-media":"","overlay-type":"","overlay-color":"","overlay-opacity":"","overlay-gradient":""},"mobile":{"background-color":"var(--ast-global-color-5)","background-image":"","background-repeat":"repeat","background-position":"center center","background-size":"auto","background-attachment":"scroll","background-type":"","background-media":"","overlay-type":"","overlay-color":"","overlay-opacity":"","overlay-gradient":""}},"footnotes":""},"class_list":["post-16475","page","type-page","status-publish","hentry"],"post_mailing_queue_ids":[],"_links":{"self":[{"href":"https:\/\/serveiseducatius.xtec.cat\/garraf\/wp-json\/wp\/v2\/pages\/16475","targetHints":{"allow":["GET"]}}],"collection":[{"href":"https:\/\/serveiseducatius.xtec.cat\/garraf\/wp-json\/wp\/v2\/pages"}],"about":[{"href":"https:\/\/serveiseducatius.xtec.cat\/garraf\/wp-json\/wp\/v2\/types\/page"}],"author":[{"embeddable":true,"href":"https:\/\/serveiseducatius.xtec.cat\/garraf\/wp-json\/wp\/v2\/users\/10"}],"replies":[{"embeddable":true,"href":"https:\/\/serveiseducatius.xtec.cat\/garraf\/wp-json\/wp\/v2\/comments?post=16475"}],"version-history":[{"count":6,"href":"https:\/\/serveiseducatius.xtec.cat\/garraf\/wp-json\/wp\/v2\/pages\/16475\/revisions"}],"predecessor-version":[{"id":18824,"href":"https:\/\/serveiseducatius.xtec.cat\/garraf\/wp-json\/wp\/v2\/pages\/16475\/revisions\/18824"}],"wp:attachment":[{"href":"https:\/\/serveiseducatius.xtec.cat\/garraf\/wp-json\/wp\/v2\/media?parent=16475"}],"curies":[{"name":"wp","href":"https:\/\/api.w.org\/{rel}","templated":true}]}}