{"id":15503,"date":"2022-10-11T10:06:39","date_gmt":"2022-10-11T08:06:39","guid":{"rendered":"https:\/\/serveiseducatius.xtec.cat\/garraf\/?page_id=15503"},"modified":"2026-03-19T12:45:32","modified_gmt":"2026-03-19T11:45:32","slug":"curriculum","status":"publish","type":"page","link":"https:\/\/serveiseducatius.xtec.cat\/garraf\/curriculum\/","title":{"rendered":"Curr\u00edculum"},"content":{"rendered":"\n<p>Aquest espai est\u00e0 adre\u00e7at a totes les persones que vulguin con\u00e8ixer m\u00e9s a fons el nou curr\u00edculum amb l&#8217;objectiu d&#8217;oferir informacions d&#8217;inter\u00e8s, recursos i formacions relacionades amb el desplegament d&#8217;aquesta eina rellevant pel funcionament dels centres educatius:<\/p>\n\n\n\n<div class=\"wp-block-buttons is-content-justification-center is-layout-flex wp-container-core-buttons-is-layout-1 wp-block-buttons-is-layout-flex\">\n<div class=\"wp-block-button has-custom-font-size has-medium-font-size\"><a class=\"wp-block-button__link has-luminous-vivid-amber-background-color has-background wp-element-button\" href=\"https:\/\/serveiseducatius.xtec.cat\/garraf\/normativa\/\"><strong>Documentaci\u00f3 i normativa<\/strong><\/a><\/div>\n\n\n\n<div class=\"wp-block-button has-custom-font-size has-medium-font-size\"><a class=\"wp-block-button__link has-luminous-vivid-amber-background-color has-background wp-element-button\" href=\"https:\/\/serveiseducatius.xtec.cat\/garraf\/recursos\/\"><strong>Recursos<\/strong><\/a><\/div>\n<\/div>\n\n\n\n<p class=\"has-white-color has-ast-global-color-1-background-color has-text-color has-background has-link-color has-medium-font-size wp-elements-a928bbd0f9f4ff860f9c7257057f625e\"><strong>Articles<\/strong><\/p>\n\n\n\n        <div class=\"wp-block-getwid-post-carousel custom-post-type-post has-slides-gap-small is-carousel has-arrows-inside has-dots-outside\">\n            <div data-slider-option=\"{&quot;sliderSlidesToShowDesktop&quot;:&quot;3&quot;,&quot;getwid_slidesToShowLaptop&quot;:&quot;3&quot;,&quot;getwid_slidesToShowTablet&quot;:&quot;3&quot;,&quot;getwid_slidesToShowMobile&quot;:&quot;1&quot;,&quot;getwid_autoplay_speed&quot;:6000,&quot;getwid_animation_speed&quot;:800,&quot;getwid_slidesToScroll&quot;:&quot;1&quot;,&quot;getwid_autoplay&quot;:false,&quot;getwid_pause_on_hover&quot;:false,&quot;getwid_infinite&quot;:true,&quot;getwid_center_mode&quot;:false,&quot;getwid_arrows&quot;:&quot;inside&quot;,&quot;getwid_dots&quot;:&quot;outside&quot;}\" class=\"wp-block-getwid-post-carousel__wrapper\">\n                \t\t\t\t\t\t\t<div class=\"wp-block-getwid-post-carousel__slide\">\n\t\t\t\t\t\t\t\t\n<div class=\"wp-block-getwid-post-carousel__post\">\n            <div class=\"wp-block-getwid-post-carousel__post-thumbnail\">\n            <a href=\"https:\/\/serveiseducatius.xtec.cat\/garraf\/general\/educacio-critica-des-de-les-ciencies-socials-reflexions-eines-i-propostes\/\"><img loading=\"lazy\" decoding=\"async\" width=\"981\" height=\"972\" src=\"https:\/\/serveiseducatius.xtec.cat\/garraf\/wp-content\/uploads\/usu1185\/2026\/01\/Connexions-CESIRE-e1768995230362.jpg\" class=\"attachment-post-thumbnail size-post-thumbnail wp-post-image\" alt=\"\" srcset=\"https:\/\/serveiseducatius.xtec.cat\/garraf\/wp-content\/uploads\/usu1185\/2026\/01\/Connexions-CESIRE-e1768995230362.jpg 981w, https:\/\/serveiseducatius.xtec.cat\/garraf\/wp-content\/uploads\/usu1185\/2026\/01\/Connexions-CESIRE-e1768995230362-300x297.jpg 300w, https:\/\/serveiseducatius.xtec.cat\/garraf\/wp-content\/uploads\/usu1185\/2026\/01\/Connexions-CESIRE-e1768995230362-150x150.jpg 150w, https:\/\/serveiseducatius.xtec.cat\/garraf\/wp-content\/uploads\/usu1185\/2026\/01\/Connexions-CESIRE-e1768995230362-768x761.jpg 768w\" sizes=\"auto, (max-width: 981px) 100vw, 981px\" \/><\/a>\n        <\/div>\n        <div class=\"wp-block-getwid-post-carousel__post-content-wrapper\">\n        <div class=\"wp-block-getwid-post-carousel__post-header\">\n            <h3 class=\"wp-block-getwid-post-carousel__post-title\"><a href=\"https:\/\/serveiseducatius.xtec.cat\/garraf\/general\/educacio-critica-des-de-les-ciencies-socials-reflexions-eines-i-propostes\/\">Educaci\u00f3 cr\u00edtica des de les ci\u00e8ncies socials: reflexions, eines i propostes<\/a><\/h3>        <\/div>\n        <div class=\"wp-block-getwid-post-carousel__post-excerpt\"><p>La formaci\u00f3 Educaci\u00f3 cr\u00edtica des de les ci\u00e8ncies socials: reflexions, eines i propostes organitzada per CESIRE CONNEXIONS de 30h de durada que s&#8217;ofereix al Servei Educatiu de l&#8217;Alt Pened\u00e8s, t\u00e9 els seg\u00fcents objectius:<\/p>\n<\/div>\n    <\/div>\n<\/div>\n\n\t\t\t\t\t\t\t<\/div>\n\t\t\t\t\t\t\t\t\t\t\t\t\t<div class=\"wp-block-getwid-post-carousel__slide\">\n\t\t\t\t\t\t\t\t\n<div class=\"wp-block-getwid-post-carousel__post\">\n            <div class=\"wp-block-getwid-post-carousel__post-thumbnail\">\n            <a href=\"https:\/\/serveiseducatius.xtec.cat\/garraf\/general\/seminari-de-coordinacio-de-coeducacio-convivencia-i-benestar-cocobe\/\"><img loading=\"lazy\" decoding=\"async\" width=\"300\" height=\"201\" src=\"https:\/\/serveiseducatius.xtec.cat\/garraf\/wp-content\/uploads\/usu1185\/2025\/11\/sasasacocobe-300x201-1.png\" class=\"attachment-post-thumbnail size-post-thumbnail wp-post-image\" alt=\"\" \/><\/a>\n        <\/div>\n        <div class=\"wp-block-getwid-post-carousel__post-content-wrapper\">\n        <div class=\"wp-block-getwid-post-carousel__post-header\">\n            <h3 class=\"wp-block-getwid-post-carousel__post-title\"><a href=\"https:\/\/serveiseducatius.xtec.cat\/garraf\/general\/seminari-de-coordinacio-de-coeducacio-convivencia-i-benestar-cocobe\/\">Seminari de coordinaci\u00f3 de Coeducaci\u00f3, Conviv\u00e8ncia i Benestar (COCOBE)<\/a><\/h3>        <\/div>\n        <div class=\"wp-block-getwid-post-carousel__post-excerpt\"><p>Des del Servei d\u2019Orientaci\u00f3 i Participaci\u00f3 de l\u2019alumnat s\u2019ha\u00a0impulsat la creaci\u00f3 de seminaris territorials per donar eines i espais de treball a les persones referents COCOBE (coeducaci\u00f3, conviv\u00e8ncia i benestar) dels centres educatius. En el cas del Garraf el seminari comen\u00e7ar\u00e0 el mes de gener i estar\u00e0 coordinat per la Irene Alonso.<\/p>\n<\/div>\n    <\/div>\n<\/div>\n\n\t\t\t\t\t\t\t<\/div>\n\t\t\t\t\t\t\t\t\t\t\t\t\t<div class=\"wp-block-getwid-post-carousel__slide\">\n\t\t\t\t\t\t\t\t\n<div class=\"wp-block-getwid-post-carousel__post\">\n            <div class=\"wp-block-getwid-post-carousel__post-thumbnail\">\n            <a href=\"https:\/\/serveiseducatius.xtec.cat\/garraf\/general\/exposicio-educativa-un-mediterrani-viu\/\"><img loading=\"lazy\" decoding=\"async\" width=\"484\" height=\"581\" src=\"https:\/\/serveiseducatius.xtec.cat\/garraf\/wp-content\/uploads\/usu1185\/2025\/10\/Mediterrani-viu.png\" class=\"attachment-post-thumbnail size-post-thumbnail wp-post-image\" alt=\"\" srcset=\"https:\/\/serveiseducatius.xtec.cat\/garraf\/wp-content\/uploads\/usu1185\/2025\/10\/Mediterrani-viu.png 484w, https:\/\/serveiseducatius.xtec.cat\/garraf\/wp-content\/uploads\/usu1185\/2025\/10\/Mediterrani-viu-250x300.png 250w\" sizes=\"auto, (max-width: 484px) 100vw, 484px\" \/><\/a>\n        <\/div>\n        <div class=\"wp-block-getwid-post-carousel__post-content-wrapper\">\n        <div class=\"wp-block-getwid-post-carousel__post-header\">\n            <h3 class=\"wp-block-getwid-post-carousel__post-title\"><a href=\"https:\/\/serveiseducatius.xtec.cat\/garraf\/general\/exposicio-educativa-un-mediterrani-viu\/\">Exposici\u00f3 educativa &#8220;Un Mediterrani viu&#8221;<\/a><\/h3>        <\/div>\n        <div class=\"wp-block-getwid-post-carousel__post-excerpt\"><p>La&nbsp;Fundaci\u00f3 Pinnae&nbsp;i&nbsp;l\u2019Associaci\u00f3 Natural Art Reef&nbsp;presenten l\u2019exposici\u00f3 \u201cUn Mediterrani viu\u201d, una experi\u00e8ncia de coneixement, immersiva i educativa sobre el mar Mediterrani, ubicada a l\u2019espai de&nbsp;Ne\u00e0polis&nbsp;de Vilanova i la Geltr\u00fa del 6 de novembre al 7 de desembre. Els grups escolars tindran l\u2019oportunitat d\u2019explorar de manera exclusiva&nbsp;l\u2019exposici\u00f3, on podran descobrir la biodiversitat marina de la Mediterr\u00e0nia i [&hellip;]<\/p>\n<\/div>\n    <\/div>\n<\/div>\n\n\t\t\t\t\t\t\t<\/div>\n\t\t\t\t\t\t\t\t\t\t\t\t\t<div class=\"wp-block-getwid-post-carousel__slide\">\n\t\t\t\t\t\t\t\t\n<div class=\"wp-block-getwid-post-carousel__post\">\n            <div class=\"wp-block-getwid-post-carousel__post-thumbnail\">\n            <a href=\"https:\/\/serveiseducatius.xtec.cat\/garraf\/general\/i-cicle-de-cinema-sobre-la-deportacio-als-camps-nazis-a-cubelles\/\"><img loading=\"lazy\" decoding=\"async\" width=\"1409\" height=\"1059\" src=\"https:\/\/serveiseducatius.xtec.cat\/garraf\/wp-content\/uploads\/usu1185\/2025\/10\/buchenwald-1-1.png\" class=\"attachment-post-thumbnail size-post-thumbnail wp-post-image\" alt=\"\" srcset=\"https:\/\/serveiseducatius.xtec.cat\/garraf\/wp-content\/uploads\/usu1185\/2025\/10\/buchenwald-1-1.png 1409w, https:\/\/serveiseducatius.xtec.cat\/garraf\/wp-content\/uploads\/usu1185\/2025\/10\/buchenwald-1-1-300x225.png 300w, https:\/\/serveiseducatius.xtec.cat\/garraf\/wp-content\/uploads\/usu1185\/2025\/10\/buchenwald-1-1-1024x770.png 1024w, https:\/\/serveiseducatius.xtec.cat\/garraf\/wp-content\/uploads\/usu1185\/2025\/10\/buchenwald-1-1-768x577.png 768w\" sizes=\"auto, (max-width: 1409px) 100vw, 1409px\" \/><\/a>\n        <\/div>\n        <div class=\"wp-block-getwid-post-carousel__post-content-wrapper\">\n        <div class=\"wp-block-getwid-post-carousel__post-header\">\n            <h3 class=\"wp-block-getwid-post-carousel__post-title\"><a href=\"https:\/\/serveiseducatius.xtec.cat\/garraf\/general\/i-cicle-de-cinema-sobre-la-deportacio-als-camps-nazis-a-cubelles\/\">Cinema\u00a0amb mem\u00f2ria<\/a><\/h3>        <\/div>\n        <div class=\"wp-block-getwid-post-carousel__post-excerpt\"><p>Un cicle integrat en el programa d\u2019activitats del curs 2025-2026 del Projecte Buchenwald i del Grup DEMD Garraf Pened\u00e8s, en col\u00b7laboraci\u00f3 de l\u2019Ajuntament de Cubelles,\u00a0 la Biblioteca Joan Aviny\u00f3 i el Grup d\u2019Estudis Cubellencs \u201cAmics del Castell\u201d. Aquest primer cicle a Cubelles, enlla\u00e7a amb el cicle que el 2026 tindr\u00e0 lloc a Vilanova i\u00a0que\u00a0en aquest [&hellip;]<\/p>\n<\/div>\n    <\/div>\n<\/div>\n\n\t\t\t\t\t\t\t<\/div>\n\t\t\t\t\t\t            <\/div>\n        <\/div>\n        ","protected":false},"excerpt":{"rendered":"<p>Aquest espai est\u00e0 adre\u00e7at a totes les persones que vulguin con\u00e8ixer m\u00e9s a fons el nou curr\u00edculum amb l&#8217;objectiu d&#8217;oferir informacions d&#8217;inter\u00e8s, recursos i formacions relacionades amb el desplegament d&#8217;aquesta eina rellevant pel funcionament dels centres educatius: Articles<\/p>\n","protected":false},"author":10,"featured_media":0,"parent":0,"menu_order":0,"comment_status":"closed","ping_status":"closed","template":"","meta":{"_bbp_topic_count":0,"_bbp_reply_count":0,"_bbp_total_topic_count":0,"_bbp_total_reply_count":0,"_bbp_voice_count":0,"_bbp_anonymous_reply_count":0,"_bbp_topic_count_hidden":0,"_bbp_reply_count_hidden":0,"_bbp_forum_subforum_count":0,"site-sidebar-layout":"default","site-content-layout":"","ast-site-content-layout":"default","site-content-style":"default","site-sidebar-style":"default","ast-global-header-display":"","ast-banner-title-visibility":"","ast-main-header-display":"","ast-hfb-above-header-display":"","ast-hfb-below-header-display":"","ast-hfb-mobile-header-display":"","site-post-title":"","ast-breadcrumbs-content":"","ast-featured-img":"","footer-sml-layout":"","theme-transparent-header-meta":"","adv-header-id-meta":"","stick-header-meta":"","header-above-stick-meta":"","header-main-stick-meta":"","header-below-stick-meta":"","astra-migrate-meta-layouts":"set","ast-page-background-enabled":"default","ast-page-background-meta":{"desktop":{"background-color":"var(--ast-global-color-4)","background-image":"","background-repeat":"repeat","background-position":"center center","background-size":"auto","background-attachment":"scroll","background-type":"","background-media":"","overlay-type":"","overlay-color":"","overlay-opacity":"","overlay-gradient":""},"tablet":{"background-color":"","background-image":"","background-repeat":"repeat","background-position":"center center","background-size":"auto","background-attachment":"scroll","background-type":"","background-media":"","overlay-type":"","overlay-color":"","overlay-opacity":"","overlay-gradient":""},"mobile":{"background-color":"","background-image":"","background-repeat":"repeat","background-position":"center center","background-size":"auto","background-attachment":"scroll","background-type":"","background-media":"","overlay-type":"","overlay-color":"","overlay-opacity":"","overlay-gradient":""}},"ast-content-background-meta":{"desktop":{"background-color":"var(--ast-global-color-5)","background-image":"","background-repeat":"repeat","background-position":"center center","background-size":"auto","background-attachment":"scroll","background-type":"","background-media":"","overlay-type":"","overlay-color":"","overlay-opacity":"","overlay-gradient":""},"tablet":{"background-color":"var(--ast-global-color-5)","background-image":"","background-repeat":"repeat","background-position":"center center","background-size":"auto","background-attachment":"scroll","background-type":"","background-media":"","overlay-type":"","overlay-color":"","overlay-opacity":"","overlay-gradient":""},"mobile":{"background-color":"var(--ast-global-color-5)","background-image":"","background-repeat":"repeat","background-position":"center center","background-size":"auto","background-attachment":"scroll","background-type":"","background-media":"","overlay-type":"","overlay-color":"","overlay-opacity":"","overlay-gradient":""}},"footnotes":""},"class_list":["post-15503","page","type-page","status-publish","hentry"],"post_mailing_queue_ids":[],"_links":{"self":[{"href":"https:\/\/serveiseducatius.xtec.cat\/garraf\/wp-json\/wp\/v2\/pages\/15503","targetHints":{"allow":["GET"]}}],"collection":[{"href":"https:\/\/serveiseducatius.xtec.cat\/garraf\/wp-json\/wp\/v2\/pages"}],"about":[{"href":"https:\/\/serveiseducatius.xtec.cat\/garraf\/wp-json\/wp\/v2\/types\/page"}],"author":[{"embeddable":true,"href":"https:\/\/serveiseducatius.xtec.cat\/garraf\/wp-json\/wp\/v2\/users\/10"}],"replies":[{"embeddable":true,"href":"https:\/\/serveiseducatius.xtec.cat\/garraf\/wp-json\/wp\/v2\/comments?post=15503"}],"version-history":[{"count":6,"href":"https:\/\/serveiseducatius.xtec.cat\/garraf\/wp-json\/wp\/v2\/pages\/15503\/revisions"}],"predecessor-version":[{"id":19862,"href":"https:\/\/serveiseducatius.xtec.cat\/garraf\/wp-json\/wp\/v2\/pages\/15503\/revisions\/19862"}],"wp:attachment":[{"href":"https:\/\/serveiseducatius.xtec.cat\/garraf\/wp-json\/wp\/v2\/media?parent=15503"}],"curies":[{"name":"wp","href":"https:\/\/api.w.org\/{rel}","templated":true}]}}