{"id":15395,"date":"2022-09-22T11:31:02","date_gmt":"2022-09-22T09:31:02","guid":{"rendered":"https:\/\/serveiseducatius.xtec.cat\/garraf\/?page_id=15395"},"modified":"2025-12-11T13:12:07","modified_gmt":"2025-12-11T12:12:07","slug":"seguiment-de-lassistencia","status":"publish","type":"page","link":"https:\/\/serveiseducatius.xtec.cat\/garraf\/zona-de-persones-formadores\/seguiment-de-lassistencia\/","title":{"rendered":"Registre de l\u2019assist\u00e8ncia al GTAF"},"content":{"rendered":"\n<div class=\"wp-block-buttons is-content-justification-center is-layout-flex wp-container-core-buttons-is-layout-1 wp-block-buttons-is-layout-flex\">\n<div class=\"wp-block-button has-custom-font-size has-medium-font-size\"><a class=\"wp-block-button__link has-luminous-vivid-amber-background-color has-background wp-element-button\" href=\"https:\/\/aplicacions.gestioeducativa.gencat.cat\/ords\/pls\/gtaf\/\"><strong>Acc\u00e9s al GTAF<\/strong><\/a><\/div>\n<\/div>\n\n\n\n<div class=\"wp-block-columns is-layout-flex wp-container-core-columns-is-layout-1 wp-block-columns-is-layout-flex\">\n<div class=\"wp-block-column is-layout-flow wp-block-column-is-layout-flow\" style=\"padding-top:var(--wp--preset--spacing--60);padding-bottom:var(--wp--preset--spacing--60)\">\n<p>Despr\u00e9s de cada sessi\u00f3 accediu a l&#8217;apartat <strong>Seguiment assistents<\/strong>.<\/p>\n<\/div>\n\n\n\n<div class=\"wp-block-column is-layout-flow wp-block-column-is-layout-flow\">\n<figure class=\"wp-block-image aligncenter has-custom-border\"><img loading=\"lazy\" decoding=\"async\" width=\"1021\" height=\"372\" src=\"https:\/\/serveiseducatius.xtec.cat\/garraf\/wp-content\/uploads\/usu1185\/2022\/09\/GTAF3-1.png\" alt=\"\" class=\"wp-image-15397\" style=\"border-width:2px;border-radius:18px\" srcset=\"https:\/\/serveiseducatius.xtec.cat\/garraf\/wp-content\/uploads\/usu1185\/2022\/09\/GTAF3-1.png 1021w, https:\/\/serveiseducatius.xtec.cat\/garraf\/wp-content\/uploads\/usu1185\/2022\/09\/GTAF3-1-300x109.png 300w, https:\/\/serveiseducatius.xtec.cat\/garraf\/wp-content\/uploads\/usu1185\/2022\/09\/GTAF3-1-768x280.png 768w\" sizes=\"auto, (max-width: 1021px) 100vw, 1021px\" \/><\/figure>\n<\/div>\n<\/div>\n\n\n\n<hr class=\"wp-block-separator has-text-color has-ast-global-color-1-color has-alpha-channel-opacity has-ast-global-color-1-background-color has-background is-style-wide\" style=\"margin-top:0;margin-bottom:0\"\/>\n\n\n\n<div class=\"wp-block-columns is-layout-flex wp-container-core-columns-is-layout-2 wp-block-columns-is-layout-flex\">\n<div class=\"wp-block-column is-layout-flow wp-block-column-is-layout-flow\">\n<p style=\"padding-top:0;padding-bottom:0\">Marqueu l&#8217;assist\u00e8ncia de cada persona.<\/p>\n\n\n\n<div class=\"wp-block-media-text is-stacked-on-mobile\" style=\"padding-top:0;padding-right:0;padding-bottom:0;padding-left:0;grid-template-columns:22% auto\"><figure class=\"wp-block-media-text__media\"><img loading=\"lazy\" decoding=\"async\" width=\"1024\" height=\"974\" src=\"https:\/\/serveiseducatius.xtec.cat\/garraf\/wp-content\/uploads\/usu1185\/2025\/12\/Atencio-1024x974.png\" alt=\"\" class=\"wp-image-19347 size-full\" srcset=\"https:\/\/serveiseducatius.xtec.cat\/garraf\/wp-content\/uploads\/usu1185\/2025\/12\/Atencio-1024x974.png 1024w, https:\/\/serveiseducatius.xtec.cat\/garraf\/wp-content\/uploads\/usu1185\/2025\/12\/Atencio-300x285.png 300w, https:\/\/serveiseducatius.xtec.cat\/garraf\/wp-content\/uploads\/usu1185\/2025\/12\/Atencio-768x731.png 768w, https:\/\/serveiseducatius.xtec.cat\/garraf\/wp-content\/uploads\/usu1185\/2025\/12\/Atencio.png 1156w\" sizes=\"auto, (max-width: 1024px) 100vw, 1024px\" \/><\/figure><div class=\"wp-block-media-text__content\">\n<ul class=\"wp-block-list\">\n<li>L&#8217;assist\u00e8ncia ha de correspondre amb el full de signatures.<\/li>\n\n\n\n<li>Premeu <strong>Desar dades<\/strong>.<\/li>\n<\/ul>\n<\/div><\/div>\n<\/div>\n\n\n\n<div class=\"wp-block-column is-layout-flow wp-block-column-is-layout-flow\">\n<figure class=\"wp-block-image aligncenter has-custom-border\" style=\"margin-top:var(--wp--preset--spacing--30);margin-bottom:var(--wp--preset--spacing--30)\"><img decoding=\"async\" src=\"http:\/\/serveiseducatius.xtec.cat\/tarragones\/wp-content\/uploads\/usu549\/2018\/07\/gtaf-seguiment.jpg\" alt=\"\" style=\"border-width:2px;border-radius:18px\"\/><\/figure>\n<\/div>\n<\/div>\n\n\n\n<hr class=\"wp-block-separator has-text-color has-ast-global-color-1-color has-alpha-channel-opacity has-ast-global-color-1-background-color has-background is-style-wide\" style=\"margin-top:0;margin-bottom:0\"\/>\n\n\n\n<div class=\"wp-block-columns is-layout-flex wp-container-core-columns-is-layout-3 wp-block-columns-is-layout-flex\">\n<div class=\"wp-block-column is-layout-flow wp-block-column-is-layout-flow\" style=\"flex-basis:33.33%\">\n<figure class=\"wp-block-image alignright size-large is-resized\" style=\"margin-top:var(--wp--preset--spacing--60);margin-bottom:var(--wp--preset--spacing--60)\"><a href=\"https:\/\/serveiseducatius.xtec.cat\/garraf\/wp-content\/uploads\/usu1185\/2025\/12\/Atencio.png\"><img loading=\"lazy\" decoding=\"async\" width=\"1024\" height=\"974\" src=\"https:\/\/serveiseducatius.xtec.cat\/garraf\/wp-content\/uploads\/usu1185\/2025\/12\/Atencio-1024x974.png\" alt=\"\" class=\"wp-image-19347\" style=\"width:170px;height:auto\" srcset=\"https:\/\/serveiseducatius.xtec.cat\/garraf\/wp-content\/uploads\/usu1185\/2025\/12\/Atencio-1024x974.png 1024w, https:\/\/serveiseducatius.xtec.cat\/garraf\/wp-content\/uploads\/usu1185\/2025\/12\/Atencio-300x285.png 300w, https:\/\/serveiseducatius.xtec.cat\/garraf\/wp-content\/uploads\/usu1185\/2025\/12\/Atencio-768x731.png 768w, https:\/\/serveiseducatius.xtec.cat\/garraf\/wp-content\/uploads\/usu1185\/2025\/12\/Atencio.png 1156w\" sizes=\"auto, (max-width: 1024px) 100vw, 1024px\" \/><\/a><\/figure>\n<\/div>\n\n\n\n<div class=\"wp-block-column is-layout-flow wp-block-column-is-layout-flow\" style=\"flex-basis:66.66%\">\n<ul class=\"wp-block-list\">\n<li><strong>Al final de l&#8217;activitat<\/strong>&nbsp;cal que marqueu si s\u2019ha realitzat satisfact\u00f2riament el projecte especificat en el pla de treball que sumar\u00e0 les hores d&#8217;altres requisits.<\/li>\n\n\n\n<li>La casella <strong>Certificat&nbsp;<\/strong>\u00e9s autom\u00e0tica. <\/li>\n\n\n\n<li>Les persones assistents que no assoleixin la certificaci\u00f3, cal especificar-ne el <strong>Motiu<\/strong>.<\/li>\n\n\n\n<li>A la columna <strong>Q\u00fcestionari<\/strong>&nbsp;hi apareixer\u00e0 una&nbsp;<strong>S<\/strong>&nbsp;quan la persona assistent hagi omplert el formulari de valoraci\u00f3 de l\u2019activitat.<\/li>\n<\/ul>\n<\/div>\n<\/div>\n","protected":false},"excerpt":{"rendered":"<p>Despr\u00e9s de cada sessi\u00f3 accediu a l&#8217;apartat Seguiment assistents. Marqueu l&#8217;assist\u00e8ncia de cada persona.<\/p>\n","protected":false},"author":10,"featured_media":0,"parent":15378,"menu_order":0,"comment_status":"closed","ping_status":"closed","template":"page-templates\/side-menu.php","meta":{"_bbp_topic_count":0,"_bbp_reply_count":0,"_bbp_total_topic_count":0,"_bbp_total_reply_count":0,"_bbp_voice_count":0,"_bbp_anonymous_reply_count":0,"_bbp_topic_count_hidden":0,"_bbp_reply_count_hidden":0,"_bbp_forum_subforum_count":0,"site-sidebar-layout":"default","site-content-layout":"","ast-site-content-layout":"default","site-content-style":"default","site-sidebar-style":"default","ast-global-header-display":"","ast-banner-title-visibility":"","ast-main-header-display":"","ast-hfb-above-header-display":"","ast-hfb-below-header-display":"","ast-hfb-mobile-header-display":"","site-post-title":"","ast-breadcrumbs-content":"","ast-featured-img":"","footer-sml-layout":"","theme-transparent-header-meta":"","adv-header-id-meta":"","stick-header-meta":"","header-above-stick-meta":"","header-main-stick-meta":"","header-below-stick-meta":"","astra-migrate-meta-layouts":"set","ast-page-background-enabled":"default","ast-page-background-meta":{"desktop":{"background-color":"var(--ast-global-color-4)","background-image":"","background-repeat":"repeat","background-position":"center center","background-size":"auto","background-attachment":"scroll","background-type":"","background-media":"","overlay-type":"","overlay-color":"","overlay-opacity":"","overlay-gradient":""},"tablet":{"background-color":"","background-image":"","background-repeat":"repeat","background-position":"center center","background-size":"auto","background-attachment":"scroll","background-type":"","background-media":"","overlay-type":"","overlay-color":"","overlay-opacity":"","overlay-gradient":""},"mobile":{"background-color":"","background-image":"","background-repeat":"repeat","background-position":"center center","background-size":"auto","background-attachment":"scroll","background-type":"","background-media":"","overlay-type":"","overlay-color":"","overlay-opacity":"","overlay-gradient":""}},"ast-content-background-meta":{"desktop":{"background-color":"var(--ast-global-color-5)","background-image":"","background-repeat":"repeat","background-position":"center center","background-size":"auto","background-attachment":"scroll","background-type":"","background-media":"","overlay-type":"","overlay-color":"","overlay-opacity":"","overlay-gradient":""},"tablet":{"background-color":"var(--ast-global-color-5)","background-image":"","background-repeat":"repeat","background-position":"center center","background-size":"auto","background-attachment":"scroll","background-type":"","background-media":"","overlay-type":"","overlay-color":"","overlay-opacity":"","overlay-gradient":""},"mobile":{"background-color":"var(--ast-global-color-5)","background-image":"","background-repeat":"repeat","background-position":"center center","background-size":"auto","background-attachment":"scroll","background-type":"","background-media":"","overlay-type":"","overlay-color":"","overlay-opacity":"","overlay-gradient":""}},"footnotes":""},"class_list":["post-15395","page","type-page","status-publish","hentry"],"post_mailing_queue_ids":[],"_links":{"self":[{"href":"https:\/\/serveiseducatius.xtec.cat\/garraf\/wp-json\/wp\/v2\/pages\/15395","targetHints":{"allow":["GET"]}}],"collection":[{"href":"https:\/\/serveiseducatius.xtec.cat\/garraf\/wp-json\/wp\/v2\/pages"}],"about":[{"href":"https:\/\/serveiseducatius.xtec.cat\/garraf\/wp-json\/wp\/v2\/types\/page"}],"author":[{"embeddable":true,"href":"https:\/\/serveiseducatius.xtec.cat\/garraf\/wp-json\/wp\/v2\/users\/10"}],"replies":[{"embeddable":true,"href":"https:\/\/serveiseducatius.xtec.cat\/garraf\/wp-json\/wp\/v2\/comments?post=15395"}],"version-history":[{"count":5,"href":"https:\/\/serveiseducatius.xtec.cat\/garraf\/wp-json\/wp\/v2\/pages\/15395\/revisions"}],"predecessor-version":[{"id":19376,"href":"https:\/\/serveiseducatius.xtec.cat\/garraf\/wp-json\/wp\/v2\/pages\/15395\/revisions\/19376"}],"up":[{"embeddable":true,"href":"https:\/\/serveiseducatius.xtec.cat\/garraf\/wp-json\/wp\/v2\/pages\/15378"}],"wp:attachment":[{"href":"https:\/\/serveiseducatius.xtec.cat\/garraf\/wp-json\/wp\/v2\/media?parent=15395"}],"curies":[{"name":"wp","href":"https:\/\/api.w.org\/{rel}","templated":true}]}}

Registre de l’assistència al GTAF

<div class="wp-block-buttons is-content-justification-center is-layout-flex wp-container-core-buttons-is-layout-1 wp-block-buttons-is-layout-flex">
<div class="wp-block-button has-custom-font-size has-medium-font-size"><a class="wp-block-button__link has-luminous-vivid-amber-background-color has-background wp-element-button" href="https://aplicacions.gestioeducativa.gencat.cat/ords/pls/gtaf/"><strong>Accés al GTAF</strong></a></div>
</div>



<div class="wp-block-columns is-layout-flex wp-container-core-columns-is-layout-1 wp-block-columns-is-layout-flex">
<div class="wp-block-column is-layout-flow wp-block-column-is-layout-flow" style="padding-top:var(--wp--preset--spacing--60);padding-bottom:var(--wp--preset--spacing--60)">
<p>Després de cada sessió accediu a l&#8217;apartat <strong>Seguiment assistents</strong>.</p>
</div>



<div class="wp-block-column is-layout-flow wp-block-column-is-layout-flow">
<figure class="wp-block-image aligncenter has-custom-border"><img loading="lazy" decoding="async" width="1021" height="372" src="https://serveiseducatius.xtec.cat/garraf/wp-content/uploads/usu1185/2022/09/GTAF3-1.png" alt="" class="wp-image-15397" style="border-width:2px;border-radius:18px" srcset="https://serveiseducatius.xtec.cat/garraf/wp-content/uploads/usu1185/2022/09/GTAF3-1.png 1021w, https://serveiseducatius.xtec.cat/garraf/wp-content/uploads/usu1185/2022/09/GTAF3-1-300x109.png 300w, https://serveiseducatius.xtec.cat/garraf/wp-content/uploads/usu1185/2022/09/GTAF3-1-768x280.png 768w" sizes="auto, (max-width: 1021px) 100vw, 1021px" /></figure>
</div>
</div>



<hr class="wp-block-separator has-text-color has-ast-global-color-1-color has-alpha-channel-opacity has-ast-global-color-1-background-color has-background is-style-wide" style="margin-top:0;margin-bottom:0"/>



<div class="wp-block-columns is-layout-flex wp-container-core-columns-is-layout-2 wp-block-columns-is-layout-flex">
<div class="wp-block-column is-layout-flow wp-block-column-is-layout-flow">
<p style="padding-top:0;padding-bottom:0">Marqueu l&#8217;assistència de cada persona.</p>



<div class="wp-block-media-text is-stacked-on-mobile" style="padding-top:0;padding-right:0;padding-bottom:0;padding-left:0;grid-template-columns:22% auto"><figure class="wp-block-media-text__media"><img loading="lazy" decoding="async" width="1024" height="974" src="https://serveiseducatius.xtec.cat/garraf/wp-content/uploads/usu1185/2025/12/Atencio-1024x974.png" alt="" class="wp-image-19347 size-full" srcset="https://serveiseducatius.xtec.cat/garraf/wp-content/uploads/usu1185/2025/12/Atencio-1024x974.png 1024w, https://serveiseducatius.xtec.cat/garraf/wp-content/uploads/usu1185/2025/12/Atencio-300x285.png 300w, https://serveiseducatius.xtec.cat/garraf/wp-content/uploads/usu1185/2025/12/Atencio-768x731.png 768w, https://serveiseducatius.xtec.cat/garraf/wp-content/uploads/usu1185/2025/12/Atencio.png 1156w" sizes="auto, (max-width: 1024px) 100vw, 1024px" /></figure><div class="wp-block-media-text__content">
<ul class="wp-block-list">
<li>L&#8217;assistència ha de correspondre amb el full de signatures.</li>



<li>Premeu <strong>Desar dades</strong>.</li>
</ul>
</div></div>
</div>



<div class="wp-block-column is-layout-flow wp-block-column-is-layout-flow">
<figure class="wp-block-image aligncenter has-custom-border" style="margin-top:var(--wp--preset--spacing--30);margin-bottom:var(--wp--preset--spacing--30)"><img decoding="async" src="http://serveiseducatius.xtec.cat/tarragones/wp-content/uploads/usu549/2018/07/gtaf-seguiment.jpg" alt="" style="border-width:2px;border-radius:18px"/></figure>
</div>
</div>



<hr class="wp-block-separator has-text-color has-ast-global-color-1-color has-alpha-channel-opacity has-ast-global-color-1-background-color has-background is-style-wide" style="margin-top:0;margin-bottom:0"/>



<div class="wp-block-columns is-layout-flex wp-container-core-columns-is-layout-3 wp-block-columns-is-layout-flex">
<div class="wp-block-column is-layout-flow wp-block-column-is-layout-flow" style="flex-basis:33.33%">
<figure class="wp-block-image alignright size-large is-resized" style="margin-top:var(--wp--preset--spacing--60);margin-bottom:var(--wp--preset--spacing--60)"><a href="https://serveiseducatius.xtec.cat/garraf/wp-content/uploads/usu1185/2025/12/Atencio.png"><img loading="lazy" decoding="async" width="1024" height="974" src="https://serveiseducatius.xtec.cat/garraf/wp-content/uploads/usu1185/2025/12/Atencio-1024x974.png" alt="" class="wp-image-19347" style="width:170px;height:auto" srcset="https://serveiseducatius.xtec.cat/garraf/wp-content/uploads/usu1185/2025/12/Atencio-1024x974.png 1024w, https://serveiseducatius.xtec.cat/garraf/wp-content/uploads/usu1185/2025/12/Atencio-300x285.png 300w, https://serveiseducatius.xtec.cat/garraf/wp-content/uploads/usu1185/2025/12/Atencio-768x731.png 768w, https://serveiseducatius.xtec.cat/garraf/wp-content/uploads/usu1185/2025/12/Atencio.png 1156w" sizes="auto, (max-width: 1024px) 100vw, 1024px" /></a></figure>
</div>



<div class="wp-block-column is-layout-flow wp-block-column-is-layout-flow" style="flex-basis:66.66%">
<ul class="wp-block-list">
<li><strong>Al final de l&#8217;activitat</strong>&nbsp;cal que marqueu si s’ha realitzat satisfactòriament el projecte especificat en el pla de treball que sumarà les hores d&#8217;altres requisits.</li>



<li>La casella <strong>Certificat&nbsp;</strong>és automàtica. </li>



<li>Les persones assistents que no assoleixin la certificació, cal especificar-ne el <strong>Motiu</strong>.</li>



<li>A la columna <strong>Qüestionari</strong>&nbsp;hi apareixerà una&nbsp;<strong>S</strong>&nbsp;quan la persona assistent hagi omplert el formulari de valoració de l’activitat.</li>
</ul>
</div>
</div>

<p>Després de cada sessió accediu a l&#8217;apartat Seguiment assistents. Marqueu l&#8217;assistència de cada persona.</p>
