{"id":14526,"date":"2022-01-25T17:26:12","date_gmt":"2022-01-25T16:26:12","guid":{"rendered":"https:\/\/serveiseducatius.xtec.cat\/garraf\/?page_id=14526"},"modified":"2025-11-12T16:49:04","modified_gmt":"2025-11-12T15:49:04","slug":"edison-v2-0-robot-educatiu","status":"publish","type":"page","link":"https:\/\/serveiseducatius.xtec.cat\/garraf\/material-de-prestec\/edison-v2-0-robot-educatiu\/","title":{"rendered":"EDISON V2.0 Robot educatiu"},"content":{"rendered":"\n<p class=\"has-white-color has-ast-global-color-1-background-color has-text-color has-background has-link-color has-medium-font-size wp-elements-68aadcb96259a9e960e5c7833067f726\"><strong>Caracter\u00edstiques<\/strong><\/p>\n\n\n\n<p><a href=\"https:\/\/meetedison.com\/\" target=\"_blank\" rel=\"noreferrer noopener\"><strong>Edison<\/strong><\/a>&nbsp;\u00e9s un robot programable dissenyat per ser un recurs pedag\u00f2gic STEAM complet per treballar el pensament computacional, programaci\u00f3 amb codi i rob\u00f2tica per a alumnat de 4 a 16 anys d\u2019una manera pr\u00e0ctica.<\/p>\n\n\n\n<p>\u00c9s un bon recurs per iniciar-se en la programaci\u00f3 en diferents tipus de llenguatge (lectura de codi de barres i programaci\u00f3 per bloc,&nbsp;Edblocks o Edscratch) en el que l&#8217;alumnat podr\u00e0 rebre retroacci\u00f3 instant\u00e0nia, podent veure aplicats tots els aven\u00e7os que han programat modificant-ne les caracter\u00edstiques o podent arreglar problemes que sorgeixin en el proc\u00e9s.<\/p>\n\n\n\n<p class=\"has-white-color has-ast-global-color-1-background-color has-text-color has-background has-link-color has-medium-font-size wp-elements-86cbeee11ae78bdb86eba5c23bb0dbc0\"><strong>Materials i recursos<\/strong><\/p>\n\n\n\n<div class=\"wp-block-buttons is-content-justification-center is-layout-flex wp-container-core-buttons-is-layout-1 wp-block-buttons-is-layout-flex\">\n<div class=\"wp-block-button\"><a class=\"wp-block-button__link wp-element-button\" href=\"https:\/\/docs.google.com\/presentation\/d\/1nnhZB6h_93voRCvheXQN0krfYj23L8gAj4t2wKhFpOI\/preview?slide=id.p1\"><strong>Primers passos<\/strong> (catal\u00e0)<\/a><\/div>\n\n\n\n<div class=\"wp-block-button\"><a class=\"wp-block-button__link wp-element-button\" href=\"http:\/\/meetedison.com\/content\/Get-started-with-Edison-guide-English.pdf\"><strong>Guia per comen\u00e7ar<\/strong> (angl\u00e8s)<\/a><\/div>\n\n\n\n<div class=\"wp-block-button\"><a class=\"wp-block-button__link wp-element-button\" href=\"https:\/\/meetedison.com\/content\/EdBooks\/EdBook1-Barcodes-and-Edison.pdf\"><strong>Programar amb codi de barres<\/strong><\/a><\/div>\n<\/div>\n\n\n\n<p class=\"has-pale-cyan-blue-background-color has-background\" style=\"border-style:none;border-width:0px;margin-top:var(--wp--preset--spacing--40);margin-bottom:var(--wp--preset--spacing--40);padding-top:var(--wp--preset--spacing--20);padding-bottom:var(--wp--preset--spacing--20)\"><strong>Llenguatges progressius<\/strong><\/p>\n\n\n\n<div class=\"wp-block-columns is-layout-flex wp-container-core-columns-is-layout-1 wp-block-columns-is-layout-flex\">\n<div class=\"wp-block-column is-layout-flow wp-block-column-is-layout-flow\" style=\"flex-basis:100%\">\n<p class=\"has-text-align-center has-white-color has-ast-global-color-1-background-color has-text-color has-background has-link-color wp-elements-c50702092f8c2bfd8062719b699f65e1\" style=\"padding-top:var(--wp--preset--spacing--20);padding-bottom:var(--wp--preset--spacing--20)\"><strong>Codis de barres<\/strong> (majors de 4 anys)<\/p>\n\n\n\n<ul class=\"wp-block-list\">\n<li><strong><a href=\"https:\/\/meetedison.com\/content\/EdBooks\/EdBook1-Barcodes-and-Edison.pdf\">Programar amb codis de barres<\/a><\/strong><\/li>\n\n\n\n<li><strong><a href=\"http:\/\/marf.es\/edison\/wp-content\/uploads\/2015\/03\/EdMat-Edison-Activity-Mat-Colour-Spanish-small.pdf\">Catifa EdMat<\/a><\/strong>: alfombreta de mida A1 que cont\u00e9 6 codis de barres que activen programes preinstal\u00b7lats.<\/li>\n\n\n\n<li><strong><a href=\"https:\/\/meetedison.com\/content\/Edison-robot-barcodes.pdf\">Llistat de codis de barres per programar<\/a><\/strong><\/li>\n\n\n\n<li><strong><a href=\"https:\/\/meetedison.com\/content\/EdBooks\/Spanish\/EdBook1-Tu-EdAventura-en-Robotica-Eres-un-Controlador.pdf\">Tu Edventura en Rob\u00f3tica.&nbsp;Eres un Controlador<\/a><\/strong><\/li>\n<\/ul>\n<\/div>\n\n\n\n<div class=\"wp-block-column is-layout-flow wp-block-column-is-layout-flow\" style=\"flex-basis:100%\">\n<p class=\"has-text-align-center has-white-color has-ast-global-color-1-background-color has-text-color has-background has-link-color wp-elements-0dda938eb20e1f6ec4c7f4d79467c596\" style=\"padding-top:var(--wp--preset--spacing--20);padding-bottom:var(--wp--preset--spacing--20)\"><strong><a href=\"http:\/\/www.edblocksapp.com\/\" target=\"_blank\" rel=\"noreferrer noopener\"><strong>EdBlocks<\/strong><\/a><\/strong> (entre 7 i 12 anys)<\/p>\n\n\n\n<ul class=\"wp-block-list\">\n<li><a href=\"https:\/\/meetedison.com\/content\/EdBlocks-lesson-activity-worksheets.zip\" target=\"_blank\" rel=\"noreferrer noopener\"><strong>Paquet complet d&#8217;activitats EdBlocks<\/strong><\/a> (en angl\u00e8s)<\/li>\n\n\n\n<li><a href=\"https:\/\/meetedison.com\/content\/EdBlocks-teachers-guide-complete.pdf\" target=\"_blank\" rel=\"noreferrer noopener\"><strong>Edblocks Teacher\u2019s guide<\/strong><\/a>&nbsp;(en angl\u00e8s)<\/li>\n\n\n\n<li><a href=\"https:\/\/drive.google.com\/open?id=1e3-o8IuOpOGZ9aFQeRaq4fRPahMooayyYJ2ODVbK6PM\" target=\"_blank\" rel=\"noreferrer noopener\"><strong>Primers passos amb EdBlocks<\/strong><\/a>&nbsp;(en catal\u00e0).<\/li>\n\n\n\n<li><strong><a href=\"https:\/\/meetedison.com\/robot-programming-software\/edblocks\/#edblocks-resources\">Activitats d&#8217;aula<\/a><\/strong> (en angl\u00e8s)<\/li>\n\n\n\n<li><a href=\"https:\/\/drive.google.com\/open?id=136OWoFT-v10xhvT0vlGg9Y7oerZm88ME\"><strong>Edblocks tool tips<\/strong><\/a>&nbsp;(en catal\u00e0)<\/li>\n\n\n\n<li><a href=\"https:\/\/drive.google.com\/open?id=1dWToYJAOX-RjIX6MPMWRa-sK1_Dk8peg66tbhWUlAIg\" target=\"_blank\" rel=\"noreferrer noopener\"><strong>Descripci\u00f3 de la interf\u00edcie<\/strong><\/a>&nbsp;(en catal\u00e0).<\/li>\n\n\n\n<li><a href=\"https:\/\/drive.google.com\/open?id=1pxEG3BG8amFC83IIsgz7bE_Gqnsgp-D1hMUapRPVRxk\" target=\"_blank\" rel=\"noreferrer noopener\"><strong>Blocs de programaci\u00f3<\/strong><\/a>&nbsp;(iniciaci\u00f3, en catal\u00e0)<\/li>\n\n\n\n<li><a href=\"https:\/\/meetedison.com\/content\/Tu-EdAventura-con-EdBlocks.pdf\" target=\"_blank\" rel=\"noreferrer noopener\"><strong>Tu EdAventura con EdBlocks<\/strong><\/a>&nbsp;(en castell\u00e0)<\/li>\n<\/ul>\n<\/div>\n<\/div>\n\n\n\n<hr class=\"wp-block-separator has-text-color has-ast-global-color-1-color has-alpha-channel-opacity has-ast-global-color-1-background-color has-background is-style-wide\"\/>\n\n\n\n<div class=\"wp-block-columns is-layout-flex wp-container-core-columns-is-layout-2 wp-block-columns-is-layout-flex\">\n<div class=\"wp-block-column is-layout-flow wp-block-column-is-layout-flow\" style=\"flex-basis:100%\">\n<p class=\"has-text-align-center has-white-color has-ast-global-color-1-background-color has-text-color has-background has-link-color wp-elements-1b4df6484f20e2a8fd403a3b1c17a230\" style=\"padding-top:var(--wp--preset--spacing--20);padding-bottom:var(--wp--preset--spacing--20)\"><strong><a href=\"http:\/\/www.edscratchapp.com\/\" target=\"_blank\" rel=\"noreferrer noopener\"><strong>EdScratch<\/strong><\/a><\/strong> (a partir de 10 anys)<\/p>\n\n\n\n<ul class=\"wp-block-list\">\n<li><strong><a href=\"https:\/\/meetedison.com\/robot-programming-software\/edscratch\/#EdScratch-resources\">Activitats d&#8217;aula<\/a><\/strong> (en angl\u00e8s)<\/li>\n\n\n\n<li><strong><a href=\"https:\/\/meetedison.com\/content\/EdScratch\/EdScratch-student-lesson-activities.pdf\" target=\"_blank\" rel=\"noreferrer noopener\">Activitats per a l&#8217;alumnat<\/a> <\/strong>(en angl\u00e8s)<\/li>\n\n\n\n<li><a href=\"https:\/\/meetedison.com\/content\/EdScratch\/EdScratch-teachers-guide.pdf\" target=\"_blank\" rel=\"noreferrer noopener\"><strong>Guia per al docent<\/strong><\/a>&nbsp;(en angl\u00e8s)<\/li>\n<\/ul>\n<\/div>\n\n\n\n<div class=\"wp-block-column is-layout-flow wp-block-column-is-layout-flow\" style=\"flex-basis:100%\">\n<p class=\"has-text-align-center has-white-color has-ast-global-color-1-background-color has-text-color has-background has-link-color wp-elements-40be7b289d1986f4454aa9cea3b2aef5\" style=\"padding-top:var(--wp--preset--spacing--20);padding-bottom:var(--wp--preset--spacing--20)\"><strong><strong><a href=\"https:\/\/www.edpyapp.com\/\"><\/a><a href=\"http:\/\/www.edpyapp.com\/\" target=\"_blank\" rel=\"noreferrer noopener\"><strong>EdPy<\/strong><\/a><\/strong><\/strong> (a partir de 13 anys)<\/p>\n\n\n\n<ul class=\"wp-block-list\">\n<li><strong><a href=\"https:\/\/meetedison.com\/teaching-resources\/Edison-V2-robot\/EdPy-teachers-guide-Edison-V2.pdf\">Guia per al docent<\/a><\/strong>&nbsp;(en angl\u00e8s)<\/li>\n\n\n\n<li><strong><a href=\"https:\/\/meetedison.com\/teaching-resources\/EdPy-app-documentation-guide.pdf\">Documentaci\u00f3 de l&#8217;aplicaci\u00f3<\/a><\/strong> (en angl\u00e8s)<\/li>\n<\/ul>\n<\/div>\n<\/div>\n\n\n\n<hr class=\"wp-block-separator has-text-color has-ast-global-color-1-color has-alpha-channel-opacity has-ast-global-color-1-background-color has-background is-style-wide\"\/>\n\n\n\n<p class=\"has-pale-cyan-blue-background-color has-background\" style=\"border-style:none;border-width:0px;margin-top:var(--wp--preset--spacing--40);margin-bottom:var(--wp--preset--spacing--40);padding-top:var(--wp--preset--spacing--20);padding-bottom:var(--wp--preset--spacing--20)\"><strong>M\u00e9s recursos<\/strong><\/p>\n\n\n\n<div class=\"wp-block-columns is-layout-flex wp-container-core-columns-is-layout-3 wp-block-columns-is-layout-flex\">\n<div class=\"wp-block-column is-layout-flow wp-block-column-is-layout-flow\" style=\"flex-basis:100%\">\n<p class=\"has-text-align-center has-white-color has-ast-global-color-1-background-color has-text-color has-background has-link-color wp-elements-5326fb7ceb2f2e4d35a142b116a52ea5\" style=\"padding-top:var(--wp--preset--spacing--20);padding-bottom:var(--wp--preset--spacing--20)\"><strong><strong><a href=\"https:\/\/meetedison.com\/edcreate\/\" target=\"_blank\" rel=\"noreferrer noopener\"><strong>EdCreate Edison<\/strong><\/a><\/strong><\/strong> (a partir de 10 anys)<\/p>\n\n\n\n<p>Conjunt de peces de construcci\u00f3 que permeten ampliar els robots Edison amb 5 models d\u2019expansi\u00f3. EdCreate enriqueix l\u2019experi\u00e8ncia educativa STEM de l\u2019alumnat a trav\u00e9s d\u2019enginyeria interactiva i projectes de programaci\u00f3.<\/p>\n\n\n\n<div class=\"wp-block-buttons is-layout-flex wp-block-buttons-is-layout-flex\">\n<div class=\"wp-block-button\"><a class=\"wp-block-button__link wp-element-button\" href=\"https:\/\/meetedison.com\/content\/EdCreate\/EdCreate-EdChallenges.pdf\"><strong>Guia did\u00e0ctica<\/strong> (en angl\u00e8s)<\/a><\/div>\n\n\n\n<div class=\"wp-block-button\"><a class=\"wp-block-button__link wp-element-button\" href=\"https:\/\/meetedison.com\/content\/EdCreate\/EdCreate-EdChallenges.pdf\"><strong>Reptes<\/strong> (en angl\u00e8s)<\/a><\/div>\n<\/div>\n<\/div>\n\n\n\n<div class=\"wp-block-column is-layout-flow wp-block-column-is-layout-flow\" style=\"flex-basis:100%\">\n<p class=\"has-text-align-center has-white-color has-ast-global-color-1-background-color has-text-color has-background has-link-color wp-elements-5f33f4e4f61dabd54dcfa812ec0cfda7\" style=\"padding-top:var(--wp--preset--spacing--20);padding-bottom:var(--wp--preset--spacing--20)\"><strong>Altres<\/strong><\/p>\n\n\n\n<ul class=\"wp-block-list\">\n<li><strong><a href=\"https:\/\/meetedison.com\/\">Web Edison<\/a><\/strong>&nbsp;(en angl\u00e8s)<\/li>\n\n\n\n<li><strong><a href=\"https:\/\/docs.google.com\/document\/d\/1304Stn1m0CT917P6R6yT1c36NcZ9LI5aRxOWlRicyr4\/preview?tab=t.0#heading=h.wwvwg72p9ytl\">Recursos publicats<\/a><\/strong><\/li>\n<\/ul>\n<\/div>\n<\/div>\n","protected":false},"excerpt":{"rendered":"<p>Caracter\u00edstiques Edison&nbsp;\u00e9s un robot programable dissenyat per ser un recurs pedag\u00f2gic STEAM complet per treballar el pensament computacional, programaci\u00f3 amb codi i rob\u00f2tica per a alumnat de 4 a 16 anys d\u2019una manera pr\u00e0ctica. \u00c9s un bon recurs per iniciar-se en la programaci\u00f3 en diferents tipus de llenguatge (lectura de codi de barres i programaci\u00f3 [&hellip;]<\/p>\n","protected":false},"author":10,"featured_media":0,"parent":17048,"menu_order":0,"comment_status":"closed","ping_status":"closed","template":"","meta":{"_bbp_topic_count":0,"_bbp_reply_count":0,"_bbp_total_topic_count":0,"_bbp_total_reply_count":0,"_bbp_voice_count":0,"_bbp_anonymous_reply_count":0,"_bbp_topic_count_hidden":0,"_bbp_reply_count_hidden":0,"_bbp_forum_subforum_count":0,"site-sidebar-layout":"default","site-content-layout":"","ast-site-content-layout":"default","site-content-style":"default","site-sidebar-style":"default","ast-global-header-display":"","ast-banner-title-visibility":"","ast-main-header-display":"","ast-hfb-above-header-display":"","ast-hfb-below-header-display":"","ast-hfb-mobile-header-display":"","site-post-title":"","ast-breadcrumbs-content":"","ast-featured-img":"","footer-sml-layout":"","theme-transparent-header-meta":"","adv-header-id-meta":"","stick-header-meta":"","header-above-stick-meta":"","header-main-stick-meta":"","header-below-stick-meta":"","astra-migrate-meta-layouts":"set","ast-page-background-enabled":"default","ast-page-background-meta":{"desktop":{"background-color":"var(--ast-global-color-4)","background-image":"","background-repeat":"repeat","background-position":"center center","background-size":"auto","background-attachment":"scroll","background-type":"","background-media":"","overlay-type":"","overlay-color":"","overlay-opacity":"","overlay-gradient":""},"tablet":{"background-color":"","background-image":"","background-repeat":"repeat","background-position":"center center","background-size":"auto","background-attachment":"scroll","background-type":"","background-media":"","overlay-type":"","overlay-color":"","overlay-opacity":"","overlay-gradient":""},"mobile":{"background-color":"","background-image":"","background-repeat":"repeat","background-position":"center center","background-size":"auto","background-attachment":"scroll","background-type":"","background-media":"","overlay-type":"","overlay-color":"","overlay-opacity":"","overlay-gradient":""}},"ast-content-background-meta":{"desktop":{"background-color":"var(--ast-global-color-5)","background-image":"","background-repeat":"repeat","background-position":"center center","background-size":"auto","background-attachment":"scroll","background-type":"","background-media":"","overlay-type":"","overlay-color":"","overlay-opacity":"","overlay-gradient":""},"tablet":{"background-color":"var(--ast-global-color-5)","background-image":"","background-repeat":"repeat","background-position":"center center","background-size":"auto","background-attachment":"scroll","background-type":"","background-media":"","overlay-type":"","overlay-color":"","overlay-opacity":"","overlay-gradient":""},"mobile":{"background-color":"var(--ast-global-color-5)","background-image":"","background-repeat":"repeat","background-position":"center center","background-size":"auto","background-attachment":"scroll","background-type":"","background-media":"","overlay-type":"","overlay-color":"","overlay-opacity":"","overlay-gradient":""}},"footnotes":""},"class_list":["post-14526","page","type-page","status-publish","hentry"],"post_mailing_queue_ids":[],"_links":{"self":[{"href":"https:\/\/serveiseducatius.xtec.cat\/garraf\/wp-json\/wp\/v2\/pages\/14526","targetHints":{"allow":["GET"]}}],"collection":[{"href":"https:\/\/serveiseducatius.xtec.cat\/garraf\/wp-json\/wp\/v2\/pages"}],"about":[{"href":"https:\/\/serveiseducatius.xtec.cat\/garraf\/wp-json\/wp\/v2\/types\/page"}],"author":[{"embeddable":true,"href":"https:\/\/serveiseducatius.xtec.cat\/garraf\/wp-json\/wp\/v2\/users\/10"}],"replies":[{"embeddable":true,"href":"https:\/\/serveiseducatius.xtec.cat\/garraf\/wp-json\/wp\/v2\/comments?post=14526"}],"version-history":[{"count":5,"href":"https:\/\/serveiseducatius.xtec.cat\/garraf\/wp-json\/wp\/v2\/pages\/14526\/revisions"}],"predecessor-version":[{"id":19133,"href":"https:\/\/serveiseducatius.xtec.cat\/garraf\/wp-json\/wp\/v2\/pages\/14526\/revisions\/19133"}],"up":[{"embeddable":true,"href":"https:\/\/serveiseducatius.xtec.cat\/garraf\/wp-json\/wp\/v2\/pages\/17048"}],"wp:attachment":[{"href":"https:\/\/serveiseducatius.xtec.cat\/garraf\/wp-json\/wp\/v2\/media?parent=14526"}],"curies":[{"name":"wp","href":"https:\/\/api.w.org\/{rel}","templated":true}]}}