{"id":8232,"date":"2017-09-13T11:40:12","date_gmt":"2017-09-13T09:40:12","guid":{"rendered":"http:\/\/serveiseducatius.xtec.cat\/eixample\/?page_id=8232"},"modified":"2017-09-13T11:40:12","modified_gmt":"2017-09-13T09:40:12","slug":"jocs-florals","status":"publish","type":"page","link":"https:\/\/serveiseducatius.xtec.cat\/eixample\/activitats-de-dinamitzacio\/jocs-florals\/","title":{"rendered":"Jocs Florals"},"content":{"rendered":"<p><strong>Descripci\u00f3<\/strong><br \/>\nCertamen literari de districte.<br \/>\nEls guanyadors dels Jocs Florals escolars participen en aquest certamen de districte i els finalistes es presenten als Jocs Florals de Barcelona.<\/p>\n<p><strong>Objectius<\/strong><br \/>\nPotenciar al m\u00e0xim la participaci\u00f3 dels centres docents del districte en aquest certamen literari. Respectar les bases dels Jocs Forals Escolars de Barcelona.<\/p>\n<p><strong>Nivell<\/strong><br \/>\nEducaci\u00f3 prim\u00e0ria i secund\u00e0ria.<\/p>\n<p><strong>Calendari<\/strong><br \/>\nActe de lliurament: a determinar.<\/p>\n","protected":false},"excerpt":{"rendered":"<p>Descripci\u00f3<br \/>\nCertamen literari de districte.<br \/>\nEls guanyadors dels Jocs Florals escolars participen en aquest certamen de districte i els finalistes es presenten als Jocs Florals de Barcelona.<br \/>\nObjectius<br \/>\nPotenciar al m\u00e0xim la participaci\u00f3 dels centres docents del districte en aquest certamen literari. Respectar les bases dels Jocs Forals Escolars&hellip;  <a href=\"https:\/\/serveiseducatius.xtec.cat\/eixample\/activitats-de-dinamitzacio\/jocs-florals\/\" title=\"Read Jocs Florals\">Llegeix m\u00e9s\u00bb<\/a><\/p>\n","protected":false},"author":4,"featured_media":0,"parent":8207,"menu_order":0,"comment_status":"closed","ping_status":"closed","template":"page-templates\/side-menu.php","meta":{"_bbp_topic_count":0,"_bbp_reply_count":0,"_bbp_total_topic_count":0,"_bbp_total_reply_count":0,"_bbp_voice_count":0,"_bbp_anonymous_reply_count":0,"_bbp_topic_count_hidden":0,"_bbp_reply_count_hidden":0,"_bbp_forum_subforum_count":0,"footnotes":""},"class_list":["post-8232","page","type-page","status-publish","hentry"],"post_mailing_queue_ids":[],"_links":{"self":[{"href":"https:\/\/serveiseducatius.xtec.cat\/eixample\/wp-json\/wp\/v2\/pages\/8232","targetHints":{"allow":["GET"]}}],"collection":[{"href":"https:\/\/serveiseducatius.xtec.cat\/eixample\/wp-json\/wp\/v2\/pages"}],"about":[{"href":"https:\/\/serveiseducatius.xtec.cat\/eixample\/wp-json\/wp\/v2\/types\/page"}],"author":[{"embeddable":true,"href":"https:\/\/serveiseducatius.xtec.cat\/eixample\/wp-json\/wp\/v2\/users\/4"}],"replies":[{"embeddable":true,"href":"https:\/\/serveiseducatius.xtec.cat\/eixample\/wp-json\/wp\/v2\/comments?post=8232"}],"version-history":[{"count":1,"href":"https:\/\/serveiseducatius.xtec.cat\/eixample\/wp-json\/wp\/v2\/pages\/8232\/revisions"}],"predecessor-version":[{"id":8233,"href":"https:\/\/serveiseducatius.xtec.cat\/eixample\/wp-json\/wp\/v2\/pages\/8232\/revisions\/8233"}],"up":[{"embeddable":true,"href":"https:\/\/serveiseducatius.xtec.cat\/eixample\/wp-json\/wp\/v2\/pages\/8207"}],"wp:attachment":[{"href":"https:\/\/serveiseducatius.xtec.cat\/eixample\/wp-json\/wp\/v2\/media?parent=8232"}],"curies":[{"name":"wp","href":"https:\/\/api.w.org\/{rel}","templated":true}]}}