{"id":416,"date":"2025-05-06T20:45:53","date_gmt":"2025-05-06T18:45:53","guid":{"rendered":"http:\/\/serveiseducatius.xtec.cat\/eixample\/?page_id=416"},"modified":"2026-04-28T11:23:06","modified_gmt":"2026-04-28T09:23:06","slug":"formacio","status":"publish","type":"page","link":"https:\/\/serveiseducatius.xtec.cat\/eixample\/formacio\/","title":{"rendered":"Capacitaci\u00f3"},"content":{"rendered":"<p>Les principals modalitats de formaci\u00f3 en centre s\u00f3n:<\/p>\n<table>\n<tbody>\n<tr>\n<td><\/td>\n<td colspan=\"2\"><b>Assessorament<\/b><\/td>\n<\/tr>\n<tr>\n<td><b>Descripci\u00f3<\/b><\/td>\n<td colspan=\"2\"><span style=\"font-weight: 400;\">Modalitat formativa amb intervenci\u00f3 d\u2019un professional generalment extern que s\u2019adre\u00e7a a la majoria del claustre o a un col\u00b7lectiu d\u2019un centre. En cas que l\u2019imparteixi una persona formadora del claustre, caldr\u00e0 que pr\u00e8viament hagi realitzat assessoraments a altres centres i vehicular mecanismes per garantir que en el proc\u00e9s de reflexi\u00f3 es tingui una mirada externa. Les propostes d\u2019assessorament a c\u00e0rrec d\u2019un formador del propi centre han de ser proposades per la comissi\u00f3 del PFZ i el vistiplau de la Inspecci\u00f3 del centre.<\/span> <span style=\"font-weight: 400;\">\u00c9s liderat per l\u2019equip directiu.\u00a0<\/span><\/td>\n<\/tr>\n<tr>\n<td><b>Finalitat<\/b><\/td>\n<td colspan=\"2\">\n<ul>\n<li style=\"font-weight: 400;\" aria-level=\"1\"><span style=\"font-weight: 400;\">Generar din\u00e0miques de debat pedag\u00f2gic que ajudin a desenvolupar projectes compartits de centre.<\/span><\/li>\n<li style=\"font-weight: 400;\" aria-level=\"1\"><span style=\"font-weight: 400;\">Promoure la consolidaci\u00f3 de pr\u00e0ctiques educatives que reverteixin en la millora dels aprenentatges de l\u2019alumnat.<\/span><\/li>\n<\/ul>\n<\/td>\n<\/tr>\n<tr>\n<td><b>Caracter\u00edstiques<\/b><\/td>\n<td colspan=\"2\">\n<ul>\n<li style=\"font-weight: 400;\" aria-level=\"1\"><span style=\"font-weight: 400;\">Requereix el comprom\u00eds del centre de fer un treball de seguiment intern sobre la transfer\u00e8ncia a l\u2019aula del contingut de la formaci\u00f3 i la seva contribuci\u00f3 a la millora dels resultats.<\/span><\/li>\n<li style=\"font-weight: 400;\" aria-level=\"1\"><span style=\"font-weight: 400;\">Estableix uns objectius de la formaci\u00f3 amb els seus <\/span><b>criteris i indicadors<\/b><span style=\"font-weight: 400;\"> atenent el seu projecte educatiu.<\/span><\/li>\n<\/ul>\n<\/td>\n<\/tr>\n<tr>\n<td><b>Assignaci\u00f3<\/b><\/td>\n<td colspan=\"2\"><span style=\"font-weight: 400;\">Majoria del claustre o col\u00b7lectiu al qual va dirigit (aproximadament el 80%).<\/span><\/td>\n<\/tr>\n<tr>\n<td><b>Format<\/b><\/td>\n<td colspan=\"2\"><span style=\"font-weight: 400;\">Presencial, semipresencial (s\u00edncron, mixt, o as\u00edncron), en l\u00ednia (s\u00edncron o mixt)<\/span><\/td>\n<\/tr>\n<tr>\n<td><b>Durada<\/b><\/td>\n<td colspan=\"2\">\n<ul>\n<li style=\"font-weight: 400;\" aria-level=\"1\"><span style=\"font-weight: 400;\"> Total:<\/span><b> m\u00ednim 20 hores<\/b><\/li>\n<li style=\"font-weight: 400;\" aria-level=\"1\"><span style=\"font-weight: 400;\">\u00a0Altres requisits (hores incloses a la durada total): m\u00ednim 1\/3; m\u00e0xim 1\/2<\/span><\/li>\n<\/ul>\n<p><span style=\"font-weight: 400;\">Models de distribuci\u00f3 recomanats:<\/span><\/p>\n<table>\n<tbody>\n<tr>\n<td><\/td>\n<td><span style=\"font-weight: 400;\">Exemple 1<\/span><\/td>\n<td><span style=\"font-weight: 400;\">Exemple 2<\/span><\/td>\n<td><span style=\"font-weight: 400;\">Exemple 3<\/span><\/td>\n<\/tr>\n<tr>\n<td><span style=\"font-weight: 400;\">Durada total<\/span><\/td>\n<td><i><span style=\"font-weight: 400;\">30 hores<\/span><\/i><\/td>\n<td><i><span style=\"font-weight: 400;\">25 hores<\/span><\/i><\/td>\n<td><i><span style=\"font-weight: 400;\">21 hores<\/span><\/i><\/td>\n<\/tr>\n<tr>\n<td><span style=\"font-weight: 400;\">Part s\u00edncrona<\/span><\/td>\n<td><i><span style=\"font-weight: 400;\">20 hores<\/span><\/i><\/td>\n<td><i><span style=\"font-weight: 400;\">15 hores<\/span><\/i><\/td>\n<td><i><span style=\"font-weight: 400;\">14 hores<\/span><\/i><\/td>\n<\/tr>\n<tr>\n<td><span style=\"font-weight: 400;\">Altres requisits<\/span><\/td>\n<td><i><span style=\"font-weight: 400;\">10 hores<\/span><\/i><\/td>\n<td><i><span style=\"font-weight: 400;\">10 hores<\/span><\/i><\/td>\n<td><i><span style=\"font-weight: 400;\">7 hores<\/span><\/i><\/td>\n<\/tr>\n<\/tbody>\n<\/table>\n<p><span style=\"font-weight: 400;\">Els altres requisits corresponen a un treball, individual o col\u00b7lectiu, destinat a realitzar tasques planificades en relaci\u00f3 amb l\u2019aprofitament i la transfer\u00e8ncia immediata.<\/span><\/td>\n<\/tr>\n<tr>\n<td><b>Avaluaci\u00f3<\/b><\/td>\n<td colspan=\"2\">\n<ul>\n<li style=\"font-weight: 400;\" aria-level=\"1\"><span style=\"font-weight: 400;\">Satisfacci\u00f3 de les persones assistents i de l\u2019equip directiu en relaci\u00f3 amb el disseny i el desenvolupament de l\u2019activitat formativa. (Nivell 1)<\/span><\/li>\n<li style=\"font-weight: 400;\" aria-level=\"1\"><span style=\"font-weight: 400;\">Aprofitament i transfer\u00e8ncia immediata a la pr\u00e0ctica docent d\u2019aspectes relacionats amb els continguts de l\u2019activitat formativa.<\/span><span style=\"font-weight: 400;\"> (Nivell 2 i 3)<\/span><\/li>\n<li style=\"font-weight: 400;\" aria-level=\"1\"><span style=\"font-weight: 400;\">Definici\u00f3 de l\u00ednies de treball a seguir per consolidar l\u2019aplicaci\u00f3 de la formaci\u00f3 rebuda a la pr\u00e0ctica docent.<\/span><span style=\"font-weight: 400;\"> (Nivell 3)\u00a0<\/span><\/li>\n<\/ul>\n<\/td>\n<\/tr>\n<tr>\n<td><b>Requisits certificaci\u00f3<\/b><\/td>\n<td colspan=\"2\">\n<ul>\n<li style=\"font-weight: 400;\" aria-level=\"1\"><span style=\"font-weight: 400;\">Assist\u00e8ncia a un m\u00ednim del 80% de les hores s\u00edncrones de la formaci\u00f3.<\/span><\/li>\n<li style=\"font-weight: 400;\" aria-level=\"1\"><span style=\"font-weight: 400;\">Avaluaci\u00f3 positiva de les tasques individuals i grupals en relaci\u00f3 amb l\u2019aprofitament i la transfer\u00e8ncia immediata. D\u2019acord amb el document de valoraci\u00f3 final del centre i l\u2019informe de seguiment dels serveis educatius amb el vistiplau de l\u2019inspector\/a del centre.<\/span><\/li>\n<\/ul>\n<\/td>\n<\/tr>\n<tr>\n<td><b>Formador\/a<\/b><\/td>\n<td colspan=\"2\"><span style=\"font-weight: 400;\">La persona professional experta se certificar\u00e0 com a <\/span><b>formadora<\/b><span style=\"font-weight: 400;\">.\u00a0<\/span><\/p>\n<p><span style=\"font-weight: 400;\">Es pot rebre<\/span><b> assessorament puntual extern<\/b><span style=\"font-weight: 400;\"> per part d\u2019un o m\u00e9s <\/span><b>ponents<\/b><b>.<\/b><\/p>\n<p><span style=\"font-weight: 400;\">Reviseu l\u2019apartat de Certificaci\u00f3 de les persones formadores.<\/span><\/td>\n<\/tr>\n<tr>\n<td><b>Documentaci\u00f3 necess\u00e0ria<\/b><\/td>\n<td colspan=\"2\"><span style=\"font-weight: 400;\">Centre:<\/span><\/p>\n<ul>\n<li style=\"font-weight: 400;\" aria-level=\"1\"><span style=\"font-weight: 400;\">Demanda justificada del centre amb el vistiplau de l\u2019inspector\/a de centre.<\/span><\/li>\n<li style=\"font-weight: 400;\" aria-level=\"1\"><span style=\"font-weight: 400;\">Comprom\u00eds del centre de fer un treball de seguiment intern sobre la transfer\u00e8ncia a l\u2019aula.<\/span><\/li>\n<li style=\"font-weight: 400;\" aria-level=\"1\"><span style=\"font-weight: 400;\">Document de valoraci\u00f3 final que s\u2019ha d\u2019incloure a la mem\u00f2ria anual del centre.<\/span><b>\u00a0<\/b><\/li>\n<\/ul>\n<p><span style=\"font-weight: 400;\">Serveis educatius:<\/span><\/p>\n<ul>\n<li style=\"font-weight: 400;\" aria-level=\"1\"><span style=\"font-weight: 400;\">Informe de seguiment de la persona responsable del SE, que es lliurar\u00e0 a la Inspecci\u00f3.<\/span><\/li>\n<\/ul>\n<\/td>\n<\/tr>\n<\/tbody>\n<\/table>\n<p>&nbsp;<\/p>\n<table>\n<tbody>\n<tr>\n<td><\/td>\n<td colspan=\"2\"><b>Taller a centre<\/b><\/td>\n<\/tr>\n<tr>\n<td><b>Descripci\u00f3<\/b><\/td>\n<td colspan=\"2\"><span style=\"font-weight: 400;\">Modalitat formativa de car\u00e0cter concret i pr\u00e0ctic orientada a la millora d\u2019alguna compet\u00e8ncia professional del professorat.\u00a0<\/span><\/p>\n<p><span style=\"font-weight: 400;\">S\u2019adre\u00e7a a la majoria del claustre o a un col\u00b7lectiu d\u2019un centre.<\/span><\/td>\n<\/tr>\n<tr>\n<td><b>Finalitat<\/b><\/td>\n<td colspan=\"2\">\n<ul>\n<li style=\"font-weight: 400;\" aria-level=\"1\"><span style=\"font-weight: 400;\">Generar din\u00e0miques de debat pedag\u00f2gic que ajudin a desenvolupar projectes compartits de centre.<\/span><\/li>\n<li style=\"font-weight: 400;\" aria-level=\"1\"><span style=\"font-weight: 400;\">Promoure la consolidaci\u00f3 de pr\u00e0ctiques educatives que reverteixin en la millora dels aprenentatges de l\u2019alumnat.<\/span><\/li>\n<\/ul>\n<\/td>\n<\/tr>\n<tr>\n<td><b>Caracter\u00edstiques<\/b><\/td>\n<td colspan=\"2\">\n<ul>\n<li style=\"font-weight: 400;\" aria-level=\"1\"><span style=\"font-weight: 400;\">Requereix el comprom\u00eds del centre de fer un treball de seguiment intern sobre la transfer\u00e8ncia a l\u2019aula del contingut de la formaci\u00f3 i la seva contribuci\u00f3 a la millora dels resultats.<\/span><\/li>\n<li style=\"font-weight: 400;\" aria-level=\"1\"><span style=\"font-weight: 400;\">Estableix uns objectius de la formaci\u00f3 amb els seus <\/span><b>criteris i indicadors<\/b><span style=\"font-weight: 400;\"> atenent el seu projecte educatiu.<\/span><\/li>\n<\/ul>\n<\/td>\n<\/tr>\n<tr>\n<td><b>Assignaci\u00f3<\/b><\/td>\n<td colspan=\"2\"><span style=\"font-weight: 400;\">Majoria del claustre o col\u00b7lectiu al qual va dirigit (aproximadament el 80%).<\/span><\/td>\n<\/tr>\n<tr>\n<td><b>Format\u00a0<\/b><\/td>\n<td colspan=\"2\"><span style=\"font-weight: 400;\">Presencial<\/span> <span style=\"font-weight: 400;\">, semipresencial (s\u00edncron, mixt o as\u00edncron), en l\u00ednia (s\u00edncron, mixt)<\/span><\/td>\n<\/tr>\n<tr>\n<td><b>Durada<\/b><\/td>\n<td colspan=\"2\">\n<ul>\n<li style=\"font-weight: 400;\" aria-level=\"1\"><span style=\"font-weight: 400;\">Total: <\/span><span style=\"font-weight: 400;\">sense l\u00edmit m\u00e0xim ni m\u00ednim<\/span><\/li>\n<li style=\"font-weight: 400;\" aria-level=\"1\"><span style=\"font-weight: 400;\">Altres requisits (hores incloses a la durada total): m\u00ednim 1\/3; m\u00e0xim 2\/3<\/span><\/li>\n<li style=\"font-weight: 400;\" aria-level=\"1\"><span style=\"font-weight: 400;\">Models de distribuci\u00f3 recomanats:<\/span><\/li>\n<\/ul>\n<table>\n<tbody>\n<tr>\n<td><\/td>\n<td><span style=\"font-weight: 400;\">Exemple 1<\/span><\/td>\n<td><span style=\"font-weight: 400;\">Exemple 2<\/span><\/td>\n<td><span style=\"font-weight: 400;\">Exemple 3<\/span><\/td>\n<td><span style=\"font-weight: 400;\">Exemple 4<\/span><\/td>\n<td><span style=\"font-weight: 400;\">Exemple 5<\/span><\/td>\n<\/tr>\n<tr>\n<td><span style=\"font-weight: 400;\">Durada total<\/span><\/td>\n<td><i><span style=\"font-weight: 400;\">20 hores<\/span><\/i><\/td>\n<td><i><span style=\"font-weight: 400;\">15 hores<\/span><\/i><\/td>\n<td><i><span style=\"font-weight: 400;\">10 hores<\/span><\/i><\/td>\n<td><i><span style=\"font-weight: 400;\">20 hores<\/span><\/i><\/td>\n<td><i><span style=\"font-weight: 400;\">30 hores<\/span><\/i><\/td>\n<\/tr>\n<tr>\n<td><span style=\"font-weight: 400;\">Part s\u00edncrona<\/span><\/td>\n<td><i><span style=\"font-weight: 400;\">13 hores<\/span><\/i><\/td>\n<td><i><span style=\"font-weight: 400;\">10 hores<\/span><\/i><\/td>\n<td><i><span style=\"font-weight: 400;\">7 hores<\/span><\/i><\/td>\n<td><i><span style=\"font-weight: 400;\">7 hores<\/span><\/i><\/td>\n<td><i><span style=\"font-weight: 400;\">10 hores<\/span><\/i><\/td>\n<\/tr>\n<tr>\n<td><span style=\"font-weight: 400;\">Altres requisits<\/span><\/td>\n<td><i><span style=\"font-weight: 400;\">7 hores<\/span><\/i><\/td>\n<td><i><span style=\"font-weight: 400;\">5 hores<\/span><\/i><\/td>\n<td><i><span style=\"font-weight: 400;\">3 hores<\/span><\/i><\/td>\n<td><i><span style=\"font-weight: 400;\">13 hores<\/span><\/i><\/td>\n<td><i><span style=\"font-weight: 400;\">20 hores<\/span><\/i><\/td>\n<\/tr>\n<\/tbody>\n<\/table>\n<p><span style=\"font-weight: 400;\">Els altres requisits corresponen a un treball, individual o col\u00b7lectiu, destinat a realitzar tasques planificades en relaci\u00f3 amb l\u2019aprofitament i la transfer\u00e8ncia immediata.<\/span><\/td>\n<\/tr>\n<tr>\n<td><b>Avaluaci\u00f3<\/b><\/td>\n<td colspan=\"2\">\n<ul>\n<li style=\"font-weight: 400;\" aria-level=\"1\"><span style=\"font-weight: 400;\">Satisfacci\u00f3 de les persones assistents i de l\u2019equip directiu en relaci\u00f3 amb el disseny i el desenvolupament de l\u2019activitat formativa. (Nivell 1)<\/span><\/li>\n<li style=\"font-weight: 400;\" aria-level=\"1\"><span style=\"font-weight: 400;\">Aprofitament i transfer\u00e8ncia immediata a la pr\u00e0ctica docent d\u2019aspectes relacionats amb els continguts de l\u2019activitat formativa. (Nivell 2 i 3)<\/span><\/li>\n<li style=\"font-weight: 400;\" aria-level=\"1\"><span style=\"font-weight: 400;\">Definici\u00f3 de l\u00ednies de treball a seguir per consolidar l\u2019aplicaci\u00f3 de la formaci\u00f3 rebuda a la pr\u00e0ctica docent. (Nivell 3)\u00a0<\/span><\/li>\n<\/ul>\n<\/td>\n<\/tr>\n<tr>\n<td><b>Requisits certificaci\u00f3<\/b><\/td>\n<td colspan=\"2\">\n<ul>\n<li style=\"font-weight: 400;\" aria-level=\"1\"><span style=\"font-weight: 400;\">Assist\u00e8ncia a un m\u00ednim del 80% de les hores s\u00edncrones de la formaci\u00f3.<\/span><\/li>\n<li style=\"font-weight: 400;\" aria-level=\"1\"><span style=\"font-weight: 400;\">Avaluaci\u00f3 positiva de les tasques individuals i grupals en relaci\u00f3 amb l\u2019aprofitament i la transfer\u00e8ncia immediata.<\/span><\/li>\n<\/ul>\n<\/td>\n<\/tr>\n<tr>\n<td><b>Formador\/a<\/b><\/td>\n<td colspan=\"2\"><span style=\"font-weight: 400;\">El professional expert se certificar\u00e0 com a persona <\/span><b>formadora<\/b><span style=\"font-weight: 400;\">.\u00a0<\/span><\/p>\n<p><span style=\"font-weight: 400;\">Reviseu l\u2019apartat de Certificaci\u00f3 de les persones formadores.<\/span><\/td>\n<\/tr>\n<tr>\n<td><b>Documentaci\u00f3 necess\u00e0ria<\/b><\/td>\n<td colspan=\"2\"><span style=\"font-weight: 400;\">Centre:<\/span><\/p>\n<ul>\n<li style=\"font-weight: 400;\" aria-level=\"1\"><span style=\"font-weight: 400;\">Demanda justificada del centre amb el vistiplau de l\u2019inspector\/a de centre.<\/span><\/li>\n<li style=\"font-weight: 400;\" aria-level=\"1\"><span style=\"font-weight: 400;\">Comprom\u00eds del centre de fer un treball de seguiment intern sobre la transfer\u00e8ncia a l\u2019aula.<\/span><\/li>\n<li style=\"font-weight: 400;\" aria-level=\"1\"><span style=\"font-weight: 400;\">Document de valoraci\u00f3 final que s\u2019inclour\u00e0 a la mem\u00f2ria anual del centre.<\/span><b>\u00a0<\/b><\/li>\n<\/ul>\n<\/td>\n<\/tr>\n<\/tbody>\n<\/table>\n<p>&nbsp;<\/p>\n<table>\n<tbody>\n<tr>\n<td><\/td>\n<td colspan=\"2\"><b>Formaci\u00f3 interna de centre (FIC)<\/b><\/td>\n<\/tr>\n<tr>\n<td><b>Descripci\u00f3<\/b><\/td>\n<td colspan=\"2\"><span style=\"font-weight: 400;\">Modalitat formativa que t\u00e9 lloc dins de cada centre educatiu, que s\u2019adre\u00e7a a la majoria del claustre o a un col\u00b7lectiu d\u2019un centre.\u00a0<\/span><\/p>\n<p><span style=\"font-weight: 400;\">\u00c9s liderat i dinamitzat per un equip de coordinaci\u00f3 del centre i com a m\u00ednim una d\u2019elles ha de ser de l\u2019equip directiu.\u00a0<\/span><\/p>\n<p><span style=\"font-weight: 400;\">El nombre de persones integrants de l\u2019equip de coordinaci\u00f3 pot variar en funci\u00f3 del nombre de persones assistents segons s\u2019indica tot seguit.<\/span><\/p>\n<table>\n<tbody>\n<tr>\n<td><b>Equip de Coordinaci\u00f3<\/b><\/td>\n<td><b>Nombre de persones assistents<\/b><\/td>\n<\/tr>\n<tr>\n<td><span style=\"font-weight: 400;\">Fins a 3 persones<\/span><\/td>\n<td><span style=\"font-weight: 400;\">Fins a un m\u00e0xim de 15 persones<\/span><\/td>\n<\/tr>\n<tr>\n<td><span style=\"font-weight: 400;\">Fins a 4 persones<\/span><\/td>\n<td><span style=\"font-weight: 400;\">De 16 a 25 persones<\/span><\/td>\n<\/tr>\n<tr>\n<td><span style=\"font-weight: 400;\">Fins a 5 persones<\/span><\/td>\n<td><span style=\"font-weight: 400;\">De 26 a 35 persones<\/span><\/td>\n<\/tr>\n<tr>\n<td colspan=\"2\"><span style=\"font-weight: 400;\">I aix\u00ed successivament&#8230;<\/span><\/td>\n<\/tr>\n<\/tbody>\n<\/table>\n<\/td>\n<\/tr>\n<tr>\n<td><b>Finalitat<\/b><\/td>\n<td colspan=\"2\">\n<ul>\n<li style=\"font-weight: 400;\" aria-level=\"1\"><span style=\"font-weight: 400;\">Generar din\u00e0miques de debat pedag\u00f2gic que ajudin a desenvolupar projectes compartits de centre.<\/span><\/li>\n<li style=\"font-weight: 400;\" aria-level=\"1\"><span style=\"font-weight: 400;\">Promoure la consolidaci\u00f3 de pr\u00e0ctiques educatives que reverteixin en la millora dels aprenentatges de l\u2019alumnat.<\/span><\/li>\n<\/ul>\n<\/td>\n<\/tr>\n<tr>\n<td><b>Caracter\u00edstiques<\/b><\/td>\n<td colspan=\"2\">\n<ul>\n<li style=\"font-weight: 400;\" aria-level=\"1\"><span style=\"font-weight: 400;\">Requereix el comprom\u00eds del centre de transferir a l\u2019aula el resultat de la formaci\u00f3 i de recollir en la documentaci\u00f3 del centre els acords fruit de l\u2019avaluaci\u00f3 d\u2019aquesta formaci\u00f3.<\/span><\/li>\n<li style=\"font-weight: 400;\" aria-level=\"1\"><span style=\"font-weight: 400;\">El proc\u00e9s formatiu inclou:<\/span><\/li>\n<\/ul>\n<ol>\n<li style=\"font-weight: 400;\" aria-level=\"1\"><span style=\"font-weight: 400;\">fase d\u2019autodiagnosi<\/span><\/li>\n<li style=\"font-weight: 400;\" aria-level=\"1\"><span style=\"font-weight: 400;\">fase de planificaci\u00f3\u00a0<\/span><\/li>\n<li style=\"font-weight: 400;\" aria-level=\"1\"><span style=\"font-weight: 400;\">fase de construcci\u00f3 i experimentaci\u00f3<\/span><\/li>\n<li style=\"font-weight: 400;\" aria-level=\"1\"><span style=\"font-weight: 400;\">fase d\u2019avaluaci\u00f3<\/span><\/li>\n<\/ol>\n<ul>\n<li style=\"font-weight: 400;\" aria-level=\"1\"><span style=\"font-weight: 400;\">Aquest proc\u00e9s formatiu es recull en la <\/span><b>carpeta de formaci\u00f3<\/b><span style=\"font-weight: 400;\">.<\/span><\/li>\n<li style=\"font-weight: 400;\" aria-level=\"1\"><span style=\"font-weight: 400;\">Els equips de coordinaci\u00f3 disposaran del suport d\u2019una persona del CRP o de la unitat dels Serveis Centrals en el cas de determinats col\u00b7lectius espec\u00edfics.<\/span><\/li>\n<\/ul>\n<\/td>\n<\/tr>\n<tr>\n<td rowspan=\"2\"><b>Tipus<\/b><\/td>\n<td><b>Itineraris guiats<\/b><\/td>\n<td><b>Itineraris propis<\/b><\/td>\n<\/tr>\n<tr>\n<td><span style=\"font-weight: 400;\">El Departament d&#8217;Educaci\u00f3 i Formaci\u00f3 Professional ofereix uns itineraris guiats que contenen eines d\u2019autodiagnosi, materials de formaci\u00f3 (orientacions, activitats, enlla\u00e7os, idees clau i bibliografia), protocols i instruments d\u2019avaluaci\u00f3.<\/span><\/td>\n<td><span style=\"font-weight: 400;\">Els centres que ja duen a terme un proc\u00e9s col\u00b7lectiu de reflexi\u00f3 i dinamitzaci\u00f3 interna podran optar per fer itineraris formatius propis.<\/span><\/p>\n<p><span style=\"font-weight: 400;\">El CRP o la unitat responsable comprovar\u00e0 que l\u2019itinerari propi s\u2019adequa a les necessitats i les caracter\u00edstiques de la modalitat.<\/span><\/p>\n<p><i><span style=\"font-weight: 400;\">(cal indicar-hi el codi de la instituci\u00f3 que realitza el seguiment i avaluaci\u00f3)<\/span><\/i><span style=\"font-weight: 400;\">\u00a0<\/span><\/td>\n<\/tr>\n<tr>\n<td><b>Assignaci\u00f3<\/b><\/td>\n<td colspan=\"2\"><span style=\"font-weight: 400;\">Majoria del claustre o col\u00b7lectiu al qual va dirigit (aproximadament el 80%).<\/span><\/td>\n<\/tr>\n<tr>\n<td><b>Format<\/b><\/td>\n<td colspan=\"2\"><span style=\"font-weight: 400;\">Presencial<\/span> <span style=\"font-weight: 400;\">, semipresencial (s\u00edncron, mixt o as\u00edncron), en l\u00ednia (s\u00edncron o mixt)<\/span><\/td>\n<\/tr>\n<tr>\n<td rowspan=\"2\"><b>Durada<\/b><\/td>\n<td><span style=\"font-weight: 400;\">Total: 45 hores (no admet variacions)<\/span><\/p>\n<p><span style=\"font-weight: 400;\">Altres requisits (hores incloses a la durada total): 15 hores\u00a0<\/span><\/td>\n<td>\n<span style=\"font-weight: 400;\">Total: 30 <\/span><span style=\"font-weight: 400;\">hores<\/span><span style=\"font-weight: 400;\"> (no admet variacions)<\/span><\/p>\n<p><span style=\"font-weight: 400;\">Altres requisits (hores incloses a la durada total): entre 5 i 10 hores<\/span><\/td>\n<\/tr>\n<tr>\n<td colspan=\"2\"><span style=\"font-weight: 400;\">Els altres requisits corresponen a un treball, individual o col\u00b7lectiu, destinat a realitzar les tasques planificades en relaci\u00f3 amb l\u2019aprofitament i la transfer\u00e8ncia immediata.<\/span><\/td>\n<\/tr>\n<tr>\n<td><b>Avaluaci\u00f3<\/b><\/td>\n<td colspan=\"2\">\n<ul>\n<li style=\"font-weight: 400;\" aria-level=\"1\"><span style=\"font-weight: 400;\">Satisfacci\u00f3 de les persones assistents i de l\u2019equip directiu en relaci\u00f3 amb el disseny i el desenvolupament de l\u2019activitat formativa. (Nivell 1)\u00a0<\/span><\/li>\n<li style=\"font-weight: 400;\" aria-level=\"1\"><span style=\"font-weight: 400;\">Aprofitament i transfer\u00e8ncia immediata a la pr\u00e0ctica docent d\u2019aspectes relacionats amb els continguts de l\u2019activitat formativa. (Nivells 2 i 3)<\/span><\/li>\n<li style=\"font-weight: 400;\" aria-level=\"1\"><span style=\"font-weight: 400;\">Definici\u00f3 de l\u00ednies de treball a seguir per consolidar l\u2019aplicaci\u00f3 de la formaci\u00f3 rebuda a la pr\u00e0ctica docent. (Nivell 3)<\/span><\/li>\n<\/ul>\n<\/td>\n<\/tr>\n<tr>\n<td><b>Requisits certificaci\u00f3<\/b><\/td>\n<td colspan=\"2\">\n<ul>\n<li style=\"font-weight: 400;\" aria-level=\"1\"><span style=\"font-weight: 400;\">Assist\u00e8ncia a un m\u00ednim del 80% de les hores s\u00edncrones de la formaci\u00f3.<\/span><\/li>\n<li style=\"font-weight: 400;\" aria-level=\"1\"><span style=\"font-weight: 400;\">Avaluaci\u00f3 positiva de les tasques individuals i grupals en relaci\u00f3 amb l\u2019aprofitament i la transfer\u00e8ncia immediata, d\u2019acord amb el document de valoraci\u00f3 final del centre i l\u2019informe de seguiment dels serveis educatius amb el vistiplau de l\u2019inspector\/a del centre.<\/span><\/li>\n<\/ul>\n<\/td>\n<\/tr>\n<tr>\n<td><b>Formador\/a<\/b><\/td>\n<td colspan=\"2\"><span style=\"font-weight: 400;\">L\u2019equip de coordinaci\u00f3 s\u2019ha de certificar com a <\/span><b>formador\/a<\/b><span style=\"font-weight: 400;\"> i no com a doc\u00e8ncia compartida.<\/span><\/p>\n<p><span style=\"font-weight: 400;\">Es pot rebre <\/span><b>assessorament puntual extern<\/b><span style=\"font-weight: 400;\"> per part d\u2019un o m\u00e9s <\/span><b>ponents<\/b><b>.<\/b><\/p>\n<p><span style=\"font-weight: 400;\">Reviseu l\u2019apartat de Certificaci\u00f3 de les persones formadores.<\/span><\/td>\n<\/tr>\n<tr>\n<td><b>Documentaci\u00f3 necess\u00e0ria<\/b><\/td>\n<td colspan=\"2\"><span style=\"font-weight: 400;\">Centre:<\/span><\/p>\n<ul>\n<li style=\"font-weight: 400;\" aria-level=\"1\"><span style=\"font-weight: 400;\">Demanda justificada del centre amb el vistiplau de l\u2019inspector\/a de centre.<\/span><\/li>\n<li style=\"font-weight: 400;\" aria-level=\"1\"><span style=\"font-weight: 400;\">Comprom\u00eds del centre de fer un treball de seguiment intern sobre la transfer\u00e8ncia a l\u2019aula.<\/span><\/li>\n<li style=\"font-weight: 400;\" aria-level=\"1\"><span style=\"font-weight: 400;\">Document de valoraci\u00f3 final que s\u2019ha d\u2019incloure la mem\u00f2ria anual del centre.<\/span><b>\u00a0<\/b><\/li>\n<\/ul>\n<p><span style=\"font-weight: 400;\">Serveis educatius:<\/span><\/p>\n<ul>\n<li style=\"font-weight: 400;\" aria-level=\"1\"><span style=\"font-weight: 400;\">Informe de seguiment de la persona gestora de l\u2019activitat, que es lliurar\u00e0 a la Inspecci\u00f3.<\/span><\/li>\n<\/ul>\n<\/td>\n<\/tr>\n<\/tbody>\n<\/table>\n","protected":false},"excerpt":{"rendered":"<p>Les principals modalitats de formaci\u00f3 en centre s\u00f3n:<\/p>\n<p>Assessorament<\/p>\n<p>Descripci\u00f3<br \/>\nModalitat formativa amb intervenci\u00f3 d\u2019un professional generalment extern que s\u2019adre\u00e7a a la majoria del claustre o a un col\u00b7lectiu d\u2019un centre. En cas que l\u2019imparteixi una persona formadora del claustre, caldr\u00e0 que pr\u00e8viament hagi realitzat assessoraments a altres&hellip;  <a href=\"https:\/\/serveiseducatius.xtec.cat\/eixample\/formacio\/\" title=\"Read Capacitaci\u00f3\">Llegeix m\u00e9s\u00bb<\/a><\/p>\n","protected":false},"author":1,"featured_media":0,"parent":0,"menu_order":0,"comment_status":"closed","ping_status":"closed","template":"","meta":{"_bbp_topic_count":0,"_bbp_reply_count":0,"_bbp_total_topic_count":0,"_bbp_total_reply_count":0,"_bbp_voice_count":0,"_bbp_anonymous_reply_count":0,"_bbp_topic_count_hidden":0,"_bbp_reply_count_hidden":0,"_bbp_forum_subforum_count":0,"footnotes":""},"class_list":["post-416","page","type-page","status-publish","hentry"],"post_mailing_queue_ids":[],"_links":{"self":[{"href":"https:\/\/serveiseducatius.xtec.cat\/eixample\/wp-json\/wp\/v2\/pages\/416","targetHints":{"allow":["GET"]}}],"collection":[{"href":"https:\/\/serveiseducatius.xtec.cat\/eixample\/wp-json\/wp\/v2\/pages"}],"about":[{"href":"https:\/\/serveiseducatius.xtec.cat\/eixample\/wp-json\/wp\/v2\/types\/page"}],"author":[{"embeddable":true,"href":"https:\/\/serveiseducatius.xtec.cat\/eixample\/wp-json\/wp\/v2\/users\/1"}],"replies":[{"embeddable":true,"href":"https:\/\/serveiseducatius.xtec.cat\/eixample\/wp-json\/wp\/v2\/comments?post=416"}],"version-history":[{"count":7,"href":"https:\/\/serveiseducatius.xtec.cat\/eixample\/wp-json\/wp\/v2\/pages\/416\/revisions"}],"predecessor-version":[{"id":13798,"href":"https:\/\/serveiseducatius.xtec.cat\/eixample\/wp-json\/wp\/v2\/pages\/416\/revisions\/13798"}],"wp:attachment":[{"href":"https:\/\/serveiseducatius.xtec.cat\/eixample\/wp-json\/wp\/v2\/media?parent=416"}],"curies":[{"name":"wp","href":"https:\/\/api.w.org\/{rel}","templated":true}]}}