{"id":343,"date":"2015-11-24T18:43:38","date_gmt":"2015-11-24T17:43:38","guid":{"rendered":"http:\/\/serveiseducatius.xtec.cat\/eixample\/?page_id=343"},"modified":"2017-09-05T08:36:48","modified_gmt":"2017-09-05T06:36:48","slug":"institucions-i-entitats","status":"publish","type":"page","link":"https:\/\/serveiseducatius.xtec.cat\/eixample\/comunitat\/institucions-i-entitats\/","title":{"rendered":"Institucions i entitats"},"content":{"rendered":"<p><a href=\"http:\/\/www.bcn.cat\/bibjoanmiro\" target=\"_blank\" rel=\"noopener noreferrer\">Biblioteca Joan Mir\u00f3<\/a><\/p>\n<p><a href=\"http:\/\/www.bcn.cat\/bibfortpienc\" target=\"_blank\" rel=\"noopener noreferrer\">Biblioteca Fort Pienc<\/a><\/p>\n<p><a href=\"http:\/\/www.bcn.cat\/bibcentelles\" target=\"_blank\" rel=\"noopener noreferrer\">Biblioteca Esquerra de l&#8217;Eixample-Agust\u00ed Centelles<\/a><\/p>\n<p><a href=\"http:\/\/www.bcn.cat\/bibsofiabarat\" target=\"_blank\" rel=\"noopener noreferrer\">Biblioteca Sofia Barat<\/a><\/p>\n<p><a href=\"http:\/\/www.bcn.cat\/bibsagradafamilia\" target=\"_blank\" rel=\"noopener noreferrer\">Biblioteca Sagrada Fam\u00edlia<\/a><\/p>\n<p><a href=\"http:\/\/www.bcn.cat\/bibjoanoliver\" target=\"_blank\" rel=\"noopener noreferrer\">Biblioteca Sant Antoni-Joan Oliver<\/a><\/p>\n<p><a href=\"http:\/\/www.deixalleries.com\/deixalleries.php?deixanom=Punt%20Verd%20Barri%20Sagrada%20Fam%EDlia&amp;area=ajuntament%20de%20barcelona\" target=\"_blank\" rel=\"noopener noreferrer\">Punt Verd del barri Sagrada Fam\u00edlia<\/a><\/p>\n<p><a href=\"http:\/\/www.cpnl.cat\/\" target=\"_blank\" rel=\"noopener noreferrer\">Centre de Normalitzaci\u00f3 Ling\u00fc\u00edstica<\/a><\/p>\n<p><a href=\"http:\/\/www.emmeixample.cat\/ca\/page.asp?id=1\" target=\"_blank\" rel=\"noopener noreferrer\">Escola de M\u00fasica Municipal Eixample Joan Manuel Serrat<\/a><\/p>\n<p><a href=\"http:\/\/www.cmmb.cat\/ca\/\" target=\"_blank\" rel=\"noopener noreferrer\">Conservatori Municipal de M\u00fasica<\/a><\/p>\n<p><a href=\"http:\/\/www.fortpienc.org\/\" target=\"_blank\" rel=\"noopener noreferrer\">Centre c\u00edvic Ateneu Fort Pienc<\/a><\/p>\n<p><a href=\"http:\/\/www.casaelizalde.com\/\" target=\"_blank\" rel=\"noopener noreferrer\">Centre cultural La Casa Elizalde<\/a><\/p>\n<p><a href=\"http:\/\/www.golferichs.org\/\" target=\"_blank\" rel=\"noopener noreferrer\">Centre c\u00edvic Golferichs<\/a><\/p>\n<p><a href=\"http:\/\/ccsagradafamilia.net\/\" target=\"_blank\" rel=\"noopener noreferrer\">Centre c\u00edvic Sagrada Fam\u00edlia<\/a><\/p>\n<p><a href=\"http:\/\/www.cotxeresborrell.net\/\" target=\"_blank\" rel=\"noopener noreferrer\">Centre c\u00edvic Cotxeres Borrell<\/a><\/p>\n<p><a href=\"http:\/\/www.ccurgell.cat\/index.php\/el-centre\" target=\"_blank\" rel=\"noopener noreferrer\">Centre c\u00edvic Urgell<\/a><\/p>\n<p><a href=\"http:\/\/www.calabria66.net\" target=\"_blank\" rel=\"noopener noreferrer\">Espai veinal Calabria 66<\/a><\/p>\n","protected":false},"excerpt":{"rendered":"<p><a href=\"http:\/\/www.bcn.cat\/bibjoanmiro\" target=\"_blank\" rel=\"noopener noreferrer\">Biblioteca Joan Mir\u00f3<\/a><br \/>\n<a href=\"http:\/\/www.bcn.cat\/bibfortpienc\" target=\"_blank\" rel=\"noopener noreferrer\">Biblioteca Fort Pienc<\/a><br \/>\n<a href=\"http:\/\/www.bcn.cat\/bibcentelles\" target=\"_blank\" rel=\"noopener noreferrer\">Biblioteca Esquerra de l&#8217;Eixample-Agust\u00ed Centelles<\/a><br \/>\n<a href=\"http:\/\/www.bcn.cat\/bibsofiabarat\" target=\"_blank\" rel=\"noopener noreferrer\">Biblioteca Sofia Barat<\/a><br \/>\n<a href=\"http:\/\/www.bcn.cat\/bibsagradafamilia\" target=\"_blank\" rel=\"noopener noreferrer\">Biblioteca Sagrada Fam\u00edlia<\/a><br \/>\n<a href=\"http:\/\/www.bcn.cat\/bibjoanoliver\" target=\"_blank\" rel=\"noopener noreferrer\">Biblioteca Sant Antoni-Joan Oliver<\/a><br \/>\n<a href=\"http:\/\/www.deixalleries.com\/deixalleries.php?deixanom=Punt%20Verd%20Barri%20Sagrada%20Fam%EDlia&amp;area=ajuntament%20de%20barcelona\" target=\"_blank\" rel=\"noopener noreferrer\">Punt Verd&hellip;  <a href=\"https:\/\/serveiseducatius.xtec.cat\/eixample\/comunitat\/institucions-i-entitats\/\" title=\"Read Institucions i entitats\">Llegeix m\u00e9s\u00bb<\/a><\/p>\n","protected":false},"author":1,"featured_media":0,"parent":341,"menu_order":20,"comment_status":"closed","ping_status":"closed","template":"page-templates\/side-menu.php","meta":{"_bbp_topic_count":0,"_bbp_reply_count":0,"_bbp_total_topic_count":0,"_bbp_total_reply_count":0,"_bbp_voice_count":0,"_bbp_anonymous_reply_count":0,"_bbp_topic_count_hidden":0,"_bbp_reply_count_hidden":0,"_bbp_forum_subforum_count":0,"footnotes":""},"class_list":["post-343","page","type-page","status-publish","hentry"],"post_mailing_queue_ids":[],"_links":{"self":[{"href":"https:\/\/serveiseducatius.xtec.cat\/eixample\/wp-json\/wp\/v2\/pages\/343","targetHints":{"allow":["GET"]}}],"collection":[{"href":"https:\/\/serveiseducatius.xtec.cat\/eixample\/wp-json\/wp\/v2\/pages"}],"about":[{"href":"https:\/\/serveiseducatius.xtec.cat\/eixample\/wp-json\/wp\/v2\/types\/page"}],"author":[{"embeddable":true,"href":"https:\/\/serveiseducatius.xtec.cat\/eixample\/wp-json\/wp\/v2\/users\/1"}],"replies":[{"embeddable":true,"href":"https:\/\/serveiseducatius.xtec.cat\/eixample\/wp-json\/wp\/v2\/comments?post=343"}],"version-history":[{"count":3,"href":"https:\/\/serveiseducatius.xtec.cat\/eixample\/wp-json\/wp\/v2\/pages\/343\/revisions"}],"predecessor-version":[{"id":8204,"href":"https:\/\/serveiseducatius.xtec.cat\/eixample\/wp-json\/wp\/v2\/pages\/343\/revisions\/8204"}],"up":[{"embeddable":true,"href":"https:\/\/serveiseducatius.xtec.cat\/eixample\/wp-json\/wp\/v2\/pages\/341"}],"wp:attachment":[{"href":"https:\/\/serveiseducatius.xtec.cat\/eixample\/wp-json\/wp\/v2\/media?parent=343"}],"curies":[{"name":"wp","href":"https:\/\/api.w.org\/{rel}","templated":true}]}}