{"id":12848,"date":"2022-11-03T20:44:13","date_gmt":"2022-11-03T19:44:13","guid":{"rendered":"https:\/\/serveiseducatius.xtec.cat\/eixample\/?page_id=12848"},"modified":"2022-11-13T17:30:04","modified_gmt":"2022-11-13T16:30:04","slug":"taula-dobservacio","status":"publish","type":"page","link":"https:\/\/serveiseducatius.xtec.cat\/eixample\/taula-dobservacio\/","title":{"rendered":"Taula d&#8217;observaci\u00f3"},"content":{"rendered":"<h4 style=\"text-align: center;\"><strong><a href=\"https:\/\/docs.google.com\/document\/u\/6\/d\/1dbybbOqVenJ8RSwucXwV2dooH4YcyZOFUPESBVY5PbE\/copy\">Clica aqu\u00ed per fer-te una c\u00f2pia de la taula d&#8217;observaci\u00f3 a la teva unitat drive (caldr\u00e0 que tinguis usuari gmail o xtec)<\/a><\/strong><\/h4>\n<h4 style=\"position: relative; width: 100%; height: 0px; padding-top: 375%; padding-bottom: 0px; box-shadow: rgba(63, 69, 81, 0.16) 0px 2px 8px 0px; margin-top: 1.6em; margin-bottom: 0.9em; overflow: hidden; border-radius: 8px; will-change: transform; text-align: center;\"><iframe style=\"position: absolute; width: 100%; height: 100%; top: 0; left: 0; border: none; padding: 0; margin: 0;\" src=\"https:\/\/www.canva.com\/design\/DAFQ-EIa5lM\/view?embed\" allowfullscreen=\"allowfullscreen\"><br \/>\n<\/iframe><\/h4>\n<h4 style=\"text-align: center;\"><\/h4>\n<h4 style=\"text-align: center;\"><strong><a href=\"https:\/\/docs.google.com\/document\/u\/6\/d\/1dbybbOqVenJ8RSwucXwV2dooH4YcyZOFUPESBVY5PbE\/copy\">Clica aqu\u00ed per fer-te una c\u00f2pia de la taula d&#8217;observaci\u00f3 a la teva unitat drive (caldr\u00e0 que tinguis usuari gmail o xtec)<\/a><\/strong><\/h4>\n<h4 style=\"text-align: center;\"><\/h4>\n","protected":false},"excerpt":{"rendered":"<p><a href=\"https:\/\/docs.google.com\/document\/u\/6\/d\/1dbybbOqVenJ8RSwucXwV2dooH4YcyZOFUPESBVY5PbE\/copy\">Clica aqu\u00ed per fer-te una c\u00f2pia de la taula d&#8217;observaci\u00f3 a la teva unitat drive (caldr\u00e0 que tinguis usuari gmail o xtec)<\/a><\/p>\n<p><a href=\"https:\/\/docs.google.com\/document\/u\/6\/d\/1dbybbOqVenJ8RSwucXwV2dooH4YcyZOFUPESBVY5PbE\/copy\">Clica aqu\u00ed per fer-te una c\u00f2pia de la taula d&#8217;observaci\u00f3 a la teva unitat drive (caldr\u00e0 que tinguis usuari gmail o xtec)<\/a><\/p>\n","protected":false},"author":4,"featured_media":0,"parent":0,"menu_order":0,"comment_status":"closed","ping_status":"closed","template":"","meta":{"_bbp_topic_count":0,"_bbp_reply_count":0,"_bbp_total_topic_count":0,"_bbp_total_reply_count":0,"_bbp_voice_count":0,"_bbp_anonymous_reply_count":0,"_bbp_topic_count_hidden":0,"_bbp_reply_count_hidden":0,"_bbp_forum_subforum_count":0,"footnotes":""},"class_list":["post-12848","page","type-page","status-publish","hentry"],"post_mailing_queue_ids":[],"_links":{"self":[{"href":"https:\/\/serveiseducatius.xtec.cat\/eixample\/wp-json\/wp\/v2\/pages\/12848","targetHints":{"allow":["GET"]}}],"collection":[{"href":"https:\/\/serveiseducatius.xtec.cat\/eixample\/wp-json\/wp\/v2\/pages"}],"about":[{"href":"https:\/\/serveiseducatius.xtec.cat\/eixample\/wp-json\/wp\/v2\/types\/page"}],"author":[{"embeddable":true,"href":"https:\/\/serveiseducatius.xtec.cat\/eixample\/wp-json\/wp\/v2\/users\/4"}],"replies":[{"embeddable":true,"href":"https:\/\/serveiseducatius.xtec.cat\/eixample\/wp-json\/wp\/v2\/comments?post=12848"}],"version-history":[{"count":4,"href":"https:\/\/serveiseducatius.xtec.cat\/eixample\/wp-json\/wp\/v2\/pages\/12848\/revisions"}],"predecessor-version":[{"id":12851,"href":"https:\/\/serveiseducatius.xtec.cat\/eixample\/wp-json\/wp\/v2\/pages\/12848\/revisions\/12851"}],"wp:attachment":[{"href":"https:\/\/serveiseducatius.xtec.cat\/eixample\/wp-json\/wp\/v2\/media?parent=12848"}],"curies":[{"name":"wp","href":"https:\/\/api.w.org\/{rel}","templated":true}]}}