{"id":10182,"date":"2019-10-23T10:23:39","date_gmt":"2019-10-23T08:23:39","guid":{"rendered":"http:\/\/serveiseducatius.xtec.cat\/eixample\/?page_id=10182"},"modified":"2019-11-06T11:50:25","modified_gmt":"2019-11-06T10:50:25","slug":"004tac-lego-wedo-es-requereixem-ordinadors","status":"publish","type":"page","link":"https:\/\/serveiseducatius.xtec.cat\/eixample\/004tac-lego-wedo-es-requereixem-ordinadors\/","title":{"rendered":"004TAC \u2013 Lego WeDo (es requereixem ordinadors)"},"content":{"rendered":"<blockquote><p>Material disponible al CRP de l&#8217;Eixample: <strong>4 capses de Lego Wedo<\/strong><\/p>\n<p><a href=\"https:\/\/serveiseducatius.xtec.cat\/eixample\/general\/calendari-tac\/\">Consultar disponibilitat de pr\u00e8stec<\/a><\/p><\/blockquote>\n<p><iframe loading=\"lazy\" src=\"https:\/\/www.youtube.com\/embed\/KT9IZLOF3hA\" width=\"1000\" height=\"562,5\" frameborder=\"0\" allowfullscreen=\"allowfullscreen\"><\/iframe><\/p>\n<p><strong>LEGO\u00ae WeDo<\/strong>\u00a0\u00e9s la proposta de LEGO Education per iniciar els m\u00e9s joves-se en la rob\u00f2tica. L\u2019alumnat\u00a0pot construir fins a 12 models amb sensors simples amb\u00a0un motor que es connecta als seus ordinadors, i que poden programar de forma molt senzilla per fer-los fer diferents accions.<\/p>\n<p>\u00c9s un material ideal per explicar hist\u00f2ries i contes, per a un aprenentatge col\u00b7laboratiu i participatiu, i una gran eina de suport per treballar compet\u00e8ncies no tecnol\u00f2giques com ara el llenguatge, ci\u00e8ncies socials o hist\u00f2ria.<\/p>\n<p>LEGO WeDo tamb\u00e9 es pot programar de forma senzilla amb\u00a0<a href=\"http:\/\/serveiseducatius.xtec.cat\/noguera\/robotica-educativa\/scratch\/\" target=\"_blank\" rel=\"noopener noreferrer\">Scratch<\/a>, programari educatiu lliure.<\/p>\n<p><strong>Espai de desc\u00e0rregues LEGO WeDo<\/strong><\/p>\n<ul>\n<li><a href=\"https:\/\/drive.google.com\/open?id=0B7XQGDI2VvIrZkdzMWNvY25hVnM\" target=\"_blank\" rel=\"noopener noreferrer\">Software de LEGO WeDo<\/a>\u00a0(Tot el material \u00e9s en angl\u00e8s)<\/li>\n<li><a href=\"https:\/\/education.lego.com\/en-us\/support\/wedo\/software-patches\" target=\"_blank\" rel=\"noopener noreferrer\">M\u00e9s actualitzacions de software<\/a><\/li>\n<li><a href=\"https:\/\/drive.google.com\/open?id=0B7XQGDI2VvIrU0tzTDBRSGdQQTg\" target=\"_blank\" rel=\"noopener noreferrer\">LEGO WeDO Guia completa de l\u2019usuari<\/a>\u00a0(castell\u00e0)<\/li>\n<li><a href=\"https:\/\/le-www-live-s.legocdn.com\/sc\/media\/files\/user-guides\/wedo\/wedo-user-guide-80b6e879549d1be595355dc8b6dee075.pdf?la=en-us\" target=\"_blank\" rel=\"noopener noreferrer\">LEGO WeDo Guia de l\u2019usuari<\/a>\u00a0(angl\u00e8s)<\/li>\n<li><a href=\"https:\/\/le-www-live-s.legocdn.com\/sc\/media\/files\/activities\/wedo\/wedo-hungry-alligator-sample-lesson-c1d6f599d5d4236a3179e056c2328c26.pdf?la=en-us\" target=\"_blank\" rel=\"noopener noreferrer\">LEGO WeDo Model d\u2019unitat did\u00e0ctica<\/a><\/li>\n<li><a href=\"https:\/\/education.lego.com\/en-us\/support\/wedo\/building-instructions\" target=\"_blank\" rel=\"noopener noreferrer\">LEGO WeDo Instruccions per a la construcci\u00f3<\/a>\n<ul>\n<li><a href=\"https:\/\/le-www-live-s.legocdn.com\/sc\/media\/files\/building-instructions\/wedo\/9580-airplane-rescue-85d0e407190646da7dfc5960fb61ed95.pdf\" target=\"_blank\" rel=\"noopener noreferrer\">Avi\u00f3 de rescat<\/a><\/li>\n<li><a href=\"https:\/\/le-www-live-s.legocdn.com\/sc\/media\/files\/building-instructions\/wedo\/9580-cheerful-fans-046005adca34abdc5c0bc0700cf0b8e3.pdf\" target=\"_blank\" rel=\"noopener noreferrer\">Seguidors contents<\/a><\/li>\n<li><a href=\"https:\/\/le-www-live-s.legocdn.com\/sc\/media\/files\/building-instructions\/wedo\/9580-dancing-birds-88cc69529caa111f49518d1ff4b4ad57.pdf\" target=\"_blank\" rel=\"noopener noreferrer\">Ocells que ballen<\/a><\/li>\n<li><a href=\"https:\/\/le-www-live-s.legocdn.com\/sc\/media\/files\/building-instructions\/wedo\/9580-drumming-monkey-b9baea49c896e3888f10690f65855583.pdf\" target=\"_blank\" rel=\"noopener noreferrer\">Mona percussionista<\/a><\/li>\n<li><a href=\"https:\/\/le-www-live-s.legocdn.com\/sc\/media\/files\/building-instructions\/wedo\/9580-flying-bird-1e0b7b5142c5c1ee5b3b4fe60be5977b.pdf\" target=\"_blank\" rel=\"noopener noreferrer\">Ocell volador<\/a><\/li>\n<li><a href=\"https:\/\/le-www-live-s.legocdn.com\/sc\/media\/files\/building-instructions\/wedo\/9580-giant-escape-e4fa94cae616c31a79e51b7e50045e21.pdf\" target=\"_blank\" rel=\"noopener noreferrer\">Gegant penjant<\/a><\/li>\n<li><a href=\"https:\/\/le-www-live-s.legocdn.com\/sc\/media\/files\/building-instructions\/wedo\/9580-goal-keeper-947603e7d6da0879b7f2b30ec0d8f159.pdf\" target=\"_blank\" rel=\"noopener noreferrer\">Porter de futbol<\/a><\/li>\n<li><a href=\"https:\/\/le-www-live-s.legocdn.com\/sc\/media\/files\/building-instructions\/wedo\/9580-hungry-alligator-cee3ffb5c7aac83bc257c13baf522c49.pdf\" target=\"_blank\" rel=\"noopener noreferrer\">Cocodril afamat<\/a><\/li>\n<li><a href=\"https:\/\/le-www-live-s.legocdn.com\/sc\/media\/files\/building-instructions\/wedo\/9580-roaring-lion-2c8e31d8537411dc865b25081cf4a7c8.pdf\" target=\"_blank\" rel=\"noopener noreferrer\">El lle\u00f3 que rugeix<\/a><\/li>\n<li><a href=\"https:\/\/le-www-live-s.legocdn.com\/sc\/media\/files\/building-instructions\/wedo\/9580-sailboat-storm-557df01c9d6c63b09ef266bea4558cac.pdf\" target=\"_blank\" rel=\"noopener noreferrer\">Tormenta al vaixell<\/a><\/li>\n<li><a href=\"https:\/\/le-www-live-s.legocdn.com\/sc\/media\/files\/building-instructions\/wedo\/9580-smart-spinner-21af702f2c57ed5ba986a644ac481571.pdf\" target=\"_blank\" rel=\"noopener noreferrer\">Baldufa intel\u00b7ligent<\/a><\/li>\n<li><a href=\"https:\/\/le-www-live-s.legocdn.com\/sc\/media\/files\/building-instructions\/wedo\/9585-crane-916b38a984a266a977b92361dbd2cf69.pdf\" target=\"_blank\" rel=\"noopener noreferrer\">Grua<\/a><\/li>\n<li><a href=\"https:\/\/le-www-live-s.legocdn.com\/sc\/media\/files\/building-instructions\/wedo\/9585-ferris-wheel-c3d9b06665071a5b61efbed09474c45b.pdf\" target=\"_blank\" rel=\"noopener noreferrer\">Noria<\/a><\/li>\n<li><a href=\"https:\/\/le-www-live-s.legocdn.com\/sc\/media\/files\/building-instructions\/wedo\/9585-house-and-car-37d047ec77a527597b979eb8688899be.pdf\" target=\"_blank\" rel=\"noopener noreferrer\">Casa i cotxe<\/a><\/li>\n<\/ul>\n<\/li>\n<li><a href=\"https:\/\/education.lego.com\/en-us\/support\/wedo\/curriculum-content\" target=\"_blank\" rel=\"noopener noreferrer\">Contingut curricular de suport<\/a>: Inclou 6 projectes i material per a\u00a030 unitats que\u00a0s\u2019integren en el mateix\u00a0programa del LEGO WeDo.<\/li>\n<\/ul>\n","protected":false},"excerpt":{"rendered":"<p>Material disponible al CRP de l&#8217;Eixample: 4 capses de Lego Wedo<br \/>\n<a href=\"https:\/\/serveiseducatius.xtec.cat\/eixample\/general\/calendari-tac\/\">Consultar disponibilitat de pr\u00e8stec<\/a><\/p>\n<p>LEGO\u00ae WeDo\u00a0\u00e9s la proposta de LEGO Education per iniciar els m\u00e9s joves-se en la rob\u00f2tica. L\u2019alumnat\u00a0pot construir fins a 12 models amb sensors simples amb\u00a0un motor que es connecta als seus&hellip;  <a href=\"https:\/\/serveiseducatius.xtec.cat\/eixample\/004tac-lego-wedo-es-requereixem-ordinadors\/\" title=\"Read 004TAC \u2013 Lego WeDo (es requereixem ordinadors)\">Llegeix m\u00e9s\u00bb<\/a><\/p>\n","protected":false},"author":4,"featured_media":0,"parent":0,"menu_order":0,"comment_status":"closed","ping_status":"closed","template":"","meta":{"_bbp_topic_count":0,"_bbp_reply_count":0,"_bbp_total_topic_count":0,"_bbp_total_reply_count":0,"_bbp_voice_count":0,"_bbp_anonymous_reply_count":0,"_bbp_topic_count_hidden":0,"_bbp_reply_count_hidden":0,"_bbp_forum_subforum_count":0,"footnotes":""},"class_list":["post-10182","page","type-page","status-publish","hentry"],"post_mailing_queue_ids":[],"_links":{"self":[{"href":"https:\/\/serveiseducatius.xtec.cat\/eixample\/wp-json\/wp\/v2\/pages\/10182","targetHints":{"allow":["GET"]}}],"collection":[{"href":"https:\/\/serveiseducatius.xtec.cat\/eixample\/wp-json\/wp\/v2\/pages"}],"about":[{"href":"https:\/\/serveiseducatius.xtec.cat\/eixample\/wp-json\/wp\/v2\/types\/page"}],"author":[{"embeddable":true,"href":"https:\/\/serveiseducatius.xtec.cat\/eixample\/wp-json\/wp\/v2\/users\/4"}],"replies":[{"embeddable":true,"href":"https:\/\/serveiseducatius.xtec.cat\/eixample\/wp-json\/wp\/v2\/comments?post=10182"}],"version-history":[{"count":3,"href":"https:\/\/serveiseducatius.xtec.cat\/eixample\/wp-json\/wp\/v2\/pages\/10182\/revisions"}],"predecessor-version":[{"id":10310,"href":"https:\/\/serveiseducatius.xtec.cat\/eixample\/wp-json\/wp\/v2\/pages\/10182\/revisions\/10310"}],"wp:attachment":[{"href":"https:\/\/serveiseducatius.xtec.cat\/eixample\/wp-json\/wp\/v2\/media?parent=10182"}],"curies":[{"name":"wp","href":"https:\/\/api.w.org\/{rel}","templated":true}]}}