{"id":10178,"date":"2019-10-23T10:22:57","date_gmt":"2019-10-23T08:22:57","guid":{"rendered":"http:\/\/serveiseducatius.xtec.cat\/eixample\/?page_id=10178"},"modified":"2019-11-06T11:49:47","modified_gmt":"2019-11-06T10:49:47","slug":"002tac-pro-bots","status":"publish","type":"page","link":"https:\/\/serveiseducatius.xtec.cat\/eixample\/002tac-pro-bots\/","title":{"rendered":"002TAC \u2013 Pro-bots"},"content":{"rendered":"<blockquote><p>Material disponible al CRP de l&#8217;Eixample: <strong>4 robots Pro-bots<\/strong><\/p>\n<p><a href=\"https:\/\/serveiseducatius.xtec.cat\/eixample\/general\/calendari-tac\/\">Consultar disponibilitat de pr\u00e8stec<\/a><\/p><\/blockquote>\n<p><iframe loading=\"lazy\" src=\"https:\/\/www.youtube.com\/embed\/IlUeWieozmo\" width=\"1000\" height=\"562,5\" frameborder=\"0\" allowfullscreen=\"allowfullscreen\"><\/iframe><\/p>\n<p>Pro bot \u00e9s un robot del mateix fabricant que les abelles Bee Bot. Permet la seva programaci\u00f3 amb les mateixes instruccions que l&#8217;abella, per\u00f2 afegeix altres possibilitats que fan que aquest robot serveixi per treballar conceptes matem\u00e0tics fins i tot a la Secund\u00e0ria.<\/p>\n<p>En utilitzar nom\u00e9s les fletxes de programaci\u00f3 es comporta com la Bee-Bot, per\u00f2 amb les tecles num\u00e8riques podem fer que avanci o retrocedeixi des d&#8217;1 cm fins a 5 m i que giri des de 1\u00ba fins a 500\u00ba.Podem fer que repeteixi una sola acci\u00f3 o una seq\u00fc\u00e8ncia d&#8217;ordres.<\/p>\n<p>Tamb\u00e9 podem guardar programes en mem\u00f2ria per a executar-los amb una sola instrucci\u00f3.Pro-Bot t\u00e9 sensors de llum, so i contacte, emet 7 sons diferents i enc\u00e9n i apaga els fars davanters. Tot \u00e9s programable. Gr\u00e0cies als seus precisos moviments, podem crear dibuixos i treballar, per exemple, els pol\u00edgons.<\/p>\n<p>Pro-Bot es connecta via USB amb l&#8217;ordinador i gr\u00e0cies al programari Probotix podem transferir un programa del PC al robot o a l&#8217;inrev\u00e9s.<\/p>\n<p><a href=\"https:\/\/serveiseducatius.xtec.cat\/eixample\/wp-content\/uploads\/usu1171\/2019\/11\/MANUAL-DE-USUARIO-PARA-PROBOT.pdf\">Manual de usuario para Pro-bot<\/a><\/p>\n<p><a href=\"https:\/\/www.terrapinlogo.com\/support.html\">P\u00e0gina oficial de desc\u00e0rregues de Pro-bots<\/a><\/p>\n<p>&nbsp;<\/p>\n","protected":false},"excerpt":{"rendered":"<p>Material disponible al CRP de l&#8217;Eixample: 4 robots Pro-bots<br \/>\n<a href=\"https:\/\/serveiseducatius.xtec.cat\/eixample\/general\/calendari-tac\/\">Consultar disponibilitat de pr\u00e8stec<\/a><\/p>\n<p>Pro bot \u00e9s un robot del mateix fabricant que les abelles Bee Bot. Permet la seva programaci\u00f3 amb les mateixes instruccions que l&#8217;abella, per\u00f2 afegeix altres possibilitats que fan que aquest robot serveixi&hellip;  <a href=\"https:\/\/serveiseducatius.xtec.cat\/eixample\/002tac-pro-bots\/\" title=\"Read 002TAC \u2013 Pro-bots\">Llegeix m\u00e9s\u00bb<\/a><\/p>\n","protected":false},"author":4,"featured_media":0,"parent":0,"menu_order":0,"comment_status":"closed","ping_status":"closed","template":"","meta":{"_bbp_topic_count":0,"_bbp_reply_count":0,"_bbp_total_topic_count":0,"_bbp_total_reply_count":0,"_bbp_voice_count":0,"_bbp_anonymous_reply_count":0,"_bbp_topic_count_hidden":0,"_bbp_reply_count_hidden":0,"_bbp_forum_subforum_count":0,"footnotes":""},"class_list":["post-10178","page","type-page","status-publish","hentry"],"post_mailing_queue_ids":[],"_links":{"self":[{"href":"https:\/\/serveiseducatius.xtec.cat\/eixample\/wp-json\/wp\/v2\/pages\/10178","targetHints":{"allow":["GET"]}}],"collection":[{"href":"https:\/\/serveiseducatius.xtec.cat\/eixample\/wp-json\/wp\/v2\/pages"}],"about":[{"href":"https:\/\/serveiseducatius.xtec.cat\/eixample\/wp-json\/wp\/v2\/types\/page"}],"author":[{"embeddable":true,"href":"https:\/\/serveiseducatius.xtec.cat\/eixample\/wp-json\/wp\/v2\/users\/4"}],"replies":[{"embeddable":true,"href":"https:\/\/serveiseducatius.xtec.cat\/eixample\/wp-json\/wp\/v2\/comments?post=10178"}],"version-history":[{"count":3,"href":"https:\/\/serveiseducatius.xtec.cat\/eixample\/wp-json\/wp\/v2\/pages\/10178\/revisions"}],"predecessor-version":[{"id":10308,"href":"https:\/\/serveiseducatius.xtec.cat\/eixample\/wp-json\/wp\/v2\/pages\/10178\/revisions\/10308"}],"wp:attachment":[{"href":"https:\/\/serveiseducatius.xtec.cat\/eixample\/wp-json\/wp\/v2\/media?parent=10178"}],"curies":[{"name":"wp","href":"https:\/\/api.w.org\/{rel}","templated":true}]}}