{"id":10164,"date":"2019-10-23T09:47:48","date_gmt":"2019-10-23T07:47:48","guid":{"rendered":"http:\/\/serveiseducatius.xtec.cat\/eixample\/?page_id=10164"},"modified":"2021-12-03T08:51:35","modified_gmt":"2021-12-03T07:51:35","slug":"015map-mirar-coneixer-i-explicar-maleta-dart-infantil-i-primaria","status":"publish","type":"page","link":"https:\/\/serveiseducatius.xtec.cat\/eixample\/015map-mirar-coneixer-i-explicar-maleta-dart-infantil-i-primaria\/","title":{"rendered":"015MAP \u2013 Mirar, con\u00e8ixer i explicar. Maleta d\u2019art (infantil i prim\u00e0ria)"},"content":{"rendered":"<div style=\"position: relative; width: 100%; height: 0; padding-top: 141.4286%;\n padding-bottom: 48px; box-shadow: 0 2px 8px 0 rgba(63,69,81,0.16); margin-top: 1.6em; margin-bottom: 0.9em; overflow: hidden;\n border-radius: 8px; will-change: transform;\"><br \/>\n  <iframe loading=\"lazy\" style=\"position: absolute; width: 100%; height: 100%; top: 0; left: 0; border: none; padding: 0;margin: 0;\"\n    src=\"https:&#x2F;&#x2F;www.canva.com&#x2F;design&#x2F;DAExZBguWq4&#x2F;view?embed\"><br \/>\n  <\/iframe>\n<\/div>\n<p><a href=\"https:&#x2F;&#x2F;www.canva.com&#x2F;design&#x2F;DAExZBguWq4&#x2F;view?utm_content=DAExZBguWq4&amp;utm_campaign=designshare&amp;utm_medium=embeds&amp;utm_source=link\" target=\"_blank\" rel=\"noopener\">Maleta &#8220;Mirar, con\u00e8ixer i explicar. Maleta d\u2019art&#8221; &#8211; Llista material<\/a> de SE CRP Eixample<\/p>\n<h4><strong>Recursos i propostes did\u00e0ctiques<\/strong><\/h4>\n<p><strong>Mirades<\/strong><br \/>\nhttp:\/\/blocs.xtec.cat\/mbardera\/category\/art\/<br \/>\nEn aquest espai vull coMpartir experi\u00e8ncies, troballes, Impressions,\u2026. relacionades pRincipalment amb l\u2019etApa d\u2019eDucaci\u00f3 infantil i tamb\u00e9 amb l\u2019art en general.<br \/>\nEspero que trobeu alguna cosa quE us sigui \u00fatil, que simplement uS agradi o que us faci passar una bona estona. Tamb\u00e9 us animo a participar amb els vostres comentaris, amb els que podeu aportar les vostres opinions, discrep\u00e0ncies, coneixements o experi\u00e8ncies relacionades amb el tema del qual parlo. Penseu que la continu\u00eftat d\u2019aquest bloc dep\u00e8n principalment d\u2019ells, ja que s\u00f3n els que el convertiran en un espai ric i interactiu.<br \/>\nTeresa<\/p>\n","protected":false},"excerpt":{"rendered":"<p><a href=\"https:&#x2F;&#x2F;www.canva.com&#x2F;design&#x2F;DAExZBguWq4&#x2F;view?utm_content=DAExZBguWq4&amp;utm_campaign=designshare&amp;utm_medium=embeds&amp;utm_source=link\" target=\"_blank\" rel=\"noopener\">Maleta &#8220;Mirar, con\u00e8ixer i explicar. Maleta d\u2019art&#8221; &#8211; Llista material<\/a> de SE CRP Eixample<br \/>\nRecursos i propostes did\u00e0ctiques<br \/>\nMirades<br \/>\nhttp:\/\/blocs.xtec.cat\/mbardera\/category\/art\/<br \/>\nEn aquest espai vull coMpartir experi\u00e8ncies, troballes, Impressions,\u2026. relacionades pRincipalment amb l\u2019etApa d\u2019eDucaci\u00f3 infantil i tamb\u00e9 amb l\u2019art en general.<br \/>\nEspero que trobeu&hellip;  <a href=\"https:\/\/serveiseducatius.xtec.cat\/eixample\/015map-mirar-coneixer-i-explicar-maleta-dart-infantil-i-primaria\/\" title=\"Read 015MAP \u2013 Mirar, con\u00e8ixer i explicar. Maleta d\u2019art (infantil i prim\u00e0ria)\">Llegeix m\u00e9s\u00bb<\/a><\/p>\n","protected":false},"author":4,"featured_media":0,"parent":0,"menu_order":0,"comment_status":"closed","ping_status":"closed","template":"","meta":{"_bbp_topic_count":0,"_bbp_reply_count":0,"_bbp_total_topic_count":0,"_bbp_total_reply_count":0,"_bbp_voice_count":0,"_bbp_anonymous_reply_count":0,"_bbp_topic_count_hidden":0,"_bbp_reply_count_hidden":0,"_bbp_forum_subforum_count":0,"footnotes":""},"class_list":["post-10164","page","type-page","status-publish","hentry"],"post_mailing_queue_ids":[],"_links":{"self":[{"href":"https:\/\/serveiseducatius.xtec.cat\/eixample\/wp-json\/wp\/v2\/pages\/10164","targetHints":{"allow":["GET"]}}],"collection":[{"href":"https:\/\/serveiseducatius.xtec.cat\/eixample\/wp-json\/wp\/v2\/pages"}],"about":[{"href":"https:\/\/serveiseducatius.xtec.cat\/eixample\/wp-json\/wp\/v2\/types\/page"}],"author":[{"embeddable":true,"href":"https:\/\/serveiseducatius.xtec.cat\/eixample\/wp-json\/wp\/v2\/users\/4"}],"replies":[{"embeddable":true,"href":"https:\/\/serveiseducatius.xtec.cat\/eixample\/wp-json\/wp\/v2\/comments?post=10164"}],"version-history":[{"count":3,"href":"https:\/\/serveiseducatius.xtec.cat\/eixample\/wp-json\/wp\/v2\/pages\/10164\/revisions"}],"predecessor-version":[{"id":12352,"href":"https:\/\/serveiseducatius.xtec.cat\/eixample\/wp-json\/wp\/v2\/pages\/10164\/revisions\/12352"}],"wp:attachment":[{"href":"https:\/\/serveiseducatius.xtec.cat\/eixample\/wp-json\/wp\/v2\/media?parent=10164"}],"curies":[{"name":"wp","href":"https:\/\/api.w.org\/{rel}","templated":true}]}}