{"id":11088,"date":"2020-02-26T13:15:28","date_gmt":"2020-02-26T12:15:28","guid":{"rendered":"https:\/\/serveiseducatius.xtec.cat\/eixample\/wp-content\/uploads\/usu1171\/2020\/02\/03_El-ni\u00f1o-que-no-queria-ser-azul-la-ni\u00f1a-que-no-queria-ser-rosa-1.jpg"},"modified":"2020-03-09T17:35:38","modified_gmt":"2020-03-09T16:35:38","slug":"el-nino-que-no-queria-ser-azul-la-nina-que-no-queria-ser-rosa","status":"inherit","type":"attachment","link":"https:\/\/serveiseducatius.xtec.cat\/eixample\/trencant-estereotips\/attachment\/el-nino-que-no-queria-ser-azul-la-nina-que-no-queria-ser-rosa\/","title":{"rendered":"El ni\u00f1o que no quer\u00eda ser azul, la ni\u00f1a que no quer\u00eda ser rosa"},"author":4,"featured_media":0,"comment_status":"closed","ping_status":"closed","template":"","meta":{"_bbp_topic_count":0,"_bbp_reply_count":0,"_bbp_total_topic_count":0,"_bbp_total_reply_count":0,"_bbp_voice_count":0,"_bbp_anonymous_reply_count":0,"_bbp_topic_count_hidden":0,"_bbp_reply_count_hidden":0,"_bbp_forum_subforum_count":0},"class_list":["post-11088","attachment","type-attachment","status-inherit","hentry"],"description":{"rendered":"<p class=\"attachment\"><a href='https:\/\/serveiseducatius.xtec.cat\/eixample\/wp-content\/uploads\/usu1171\/2020\/02\/03_El-ni\u00f1o-que-no-queria-ser-azul-la-ni\u00f1a-que-no-queria-ser-rosa-1.jpg'><img loading=\"lazy\" decoding=\"async\" width=\"290\" height=\"300\" src=\"https:\/\/serveiseducatius.xtec.cat\/eixample\/wp-content\/uploads\/usu1171\/2020\/02\/03_El-ni\u00f1o-que-no-queria-ser-azul-la-ni\u00f1a-que-no-queria-ser-rosa-1-290x300.jpg\" class=\"attachment-medium size-medium\" alt=\"\" srcset=\"https:\/\/serveiseducatius.xtec.cat\/eixample\/wp-content\/uploads\/usu1171\/2020\/02\/03_El-ni\u00f1o-que-no-queria-ser-azul-la-ni\u00f1a-que-no-queria-ser-rosa-1-290x300.jpg 290w, https:\/\/serveiseducatius.xtec.cat\/eixample\/wp-content\/uploads\/usu1171\/2020\/02\/03_El-ni\u00f1o-que-no-queria-ser-azul-la-ni\u00f1a-que-no-queria-ser-rosa-1.jpg 697w\" sizes=\"auto, (max-width: 290px) 100vw, 290px\" \/><\/a><\/p>\n<p>\u00a0<br \/>\n<strong>Fitti, P. (2019). <em>El ni\u00f1o que no quer\u00eda ser azul, la ni\u00f1a que no quer\u00eda ser rosa<\/em>. Barcelona: Destino Infantil &#038; Juvenil<\/strong><\/p>\n<p>A Celestino li regalen els avions blaus, dorm en un llit blau i juga al futbol amb pilotes blaves. Tothom li diu que \u00e9s el m\u00e9s blau de tots els nens i que es casar\u00e0 amb la m\u00e9s rosa de totes les nenes, com ha de ser! Per\u00f2 i si ell no vol nom\u00e9s un m\u00f3n blau, i la princesa dels seus somnis no \u00e9s rosa?<\/p>\n<p>Un crit a la llibertat dels nens i nenes. Que els patrons de g\u00e8nere de la societat no aplaquin la seva creativitat i la seva personalitat. No hi ha jocs de nens i jocs de nenes, hi ha coses que agraden i coses que no agraden.<\/p>\n<p>El premi Destinaci\u00f3 Infantil \u2013 Apel\u00b7les Mestres \u00e9s un guard\u00f3 al llibre il\u00b7lustrat que gaudeix d&#8217;un ampli i consolidat prestigi a Espanya. Es caracteritza tant per la qualitat dels textos com per l&#8217;esplendor de les seves il\u00b7lustracions.<\/p>\n"},"caption":{"rendered":"<p><a href='https:\/\/serveiseducatius.xtec.cat\/eixample\/wp-content\/uploads\/usu1171\/2020\/02\/03_El-ni\u00f1o-que-no-queria-ser-azul-la-ni\u00f1a-que-no-queria-ser-rosa-1.jpg'><\/a><br \/>\n\u00a0<br \/>\nFitti, P. (2019). El ni\u00f1o que no quer\u00eda ser azul, la ni\u00f1a que no quer\u00eda ser rosa. Barcelona: Destino Infantil &#038; Juvenil<br \/>\nA Celestino li regalen els avions blaus, dorm en un llit blau i juga al futbol amb pilotes blaves. Tothom li diu que&hellip;  <a href=\"https:\/\/serveiseducatius.xtec.cat\/eixample\/trencant-estereotips\/attachment\/el-nino-que-no-queria-ser-azul-la-nina-que-no-queria-ser-rosa\/\" title=\"Read El ni\u00f1o que no quer\u00eda ser azul, la ni\u00f1a que no quer\u00eda ser rosa\">Llegeix m\u00e9s\u00bb<\/a><\/p>\n"},"alt_text":"","media_type":"image","mime_type":"image\/jpeg","media_details":{"width":697,"height":720,"file":"2020\/02\/03_El-ni\u00f1o-que-no-queria-ser-azul-la-ni\u00f1a-que-no-queria-ser-rosa-1.jpg","sizes":{"thumbnail":{"file":"03_El-ni\u00f1o-que-no-queria-ser-azul-la-ni\u00f1a-que-no-queria-ser-rosa-1-150x150.jpg","width":150,"height":150,"mime_type":"image\/jpeg","source_url":"https:\/\/serveiseducatius.xtec.cat\/eixample\/wp-content\/uploads\/usu1171\/2020\/02\/03_El-ni\u00f1o-que-no-queria-ser-azul-la-ni\u00f1a-que-no-queria-ser-rosa-1-150x150.jpg"},"medium":{"file":"03_El-ni\u00f1o-que-no-queria-ser-azul-la-ni\u00f1a-que-no-queria-ser-rosa-1-290x300.jpg","width":290,"height":300,"mime_type":"image\/jpeg","source_url":"https:\/\/serveiseducatius.xtec.cat\/eixample\/wp-content\/uploads\/usu1171\/2020\/02\/03_El-ni\u00f1o-que-no-queria-ser-azul-la-ni\u00f1a-que-no-queria-ser-rosa-1-290x300.jpg"},"thumb-300":{"file":"03_El-ni\u00f1o-que-no-queria-ser-azul-la-ni\u00f1a-que-no-queria-ser-rosa-1-300x250.jpg","width":300,"height":250,"mime_type":"image\/jpeg","source_url":"https:\/\/serveiseducatius.xtec.cat\/eixample\/wp-content\/uploads\/usu1171\/2020\/02\/03_El-ni\u00f1o-que-no-queria-ser-azul-la-ni\u00f1a-que-no-queria-ser-rosa-1-300x250.jpg"},"thumb-200":{"file":"03_El-ni\u00f1o-que-no-queria-ser-azul-la-ni\u00f1a-que-no-queria-ser-rosa-1-200x150.jpg","width":200,"height":150,"mime_type":"image\/jpeg","source_url":"https:\/\/serveiseducatius.xtec.cat\/eixample\/wp-content\/uploads\/usu1171\/2020\/02\/03_El-ni\u00f1o-que-no-queria-ser-azul-la-ni\u00f1a-que-no-queria-ser-rosa-1-200x150.jpg"},"full":{"file":"03_El-ni\u00f1o-que-no-queria-ser-azul-la-ni\u00f1a-que-no-queria-ser-rosa-1.jpg","width":697,"height":720,"mime_type":"image\/jpeg","source_url":"https:\/\/serveiseducatius.xtec.cat\/eixample\/wp-content\/uploads\/usu1171\/2020\/02\/03_El-ni\u00f1o-que-no-queria-ser-azul-la-ni\u00f1a-que-no-queria-ser-rosa-1.jpg"}},"image_meta":{"aperture":"0","credit":"","camera":"","caption":"","created_timestamp":"0","copyright":"","focal_length":"0","iso":"0","shutter_speed":"0","title":"","orientation":"0","keywords":[]}},"post":10994,"source_url":"https:\/\/serveiseducatius.xtec.cat\/eixample\/wp-content\/uploads\/usu1171\/2020\/02\/03_El-ni\u00f1o-que-no-queria-ser-azul-la-ni\u00f1a-que-no-queria-ser-rosa-1.jpg","_links":{"self":[{"href":"https:\/\/serveiseducatius.xtec.cat\/eixample\/wp-json\/wp\/v2\/media\/11088","targetHints":{"allow":["GET"]}}],"collection":[{"href":"https:\/\/serveiseducatius.xtec.cat\/eixample\/wp-json\/wp\/v2\/media"}],"about":[{"href":"https:\/\/serveiseducatius.xtec.cat\/eixample\/wp-json\/wp\/v2\/types\/attachment"}],"author":[{"embeddable":true,"href":"https:\/\/serveiseducatius.xtec.cat\/eixample\/wp-json\/wp\/v2\/users\/4"}],"replies":[{"embeddable":true,"href":"https:\/\/serveiseducatius.xtec.cat\/eixample\/wp-json\/wp\/v2\/comments?post=11088"}]}}

https://serveiseducatius.xtec.cat/eixample/wp-content/uploads/usu1171/2020/02/03_El-niño-que-no-queria-ser-azul-la-niña-que-no-queria-ser-rosa-1.jpg

El niño que no quería ser azul, la niña que no quería ser rosa

<p class="attachment"><a href='https://serveiseducatius.xtec.cat/eixample/wp-content/uploads/usu1171/2020/02/03_El-niño-que-no-queria-ser-azul-la-niña-que-no-queria-ser-rosa-1.jpg'><img loading="lazy" decoding="async" width="290" height="300" src="https://serveiseducatius.xtec.cat/eixample/wp-content/uploads/usu1171/2020/02/03_El-niño-que-no-queria-ser-azul-la-niña-que-no-queria-ser-rosa-1-290x300.jpg" class="attachment-medium size-medium" alt="" srcset="https://serveiseducatius.xtec.cat/eixample/wp-content/uploads/usu1171/2020/02/03_El-niño-que-no-queria-ser-azul-la-niña-que-no-queria-ser-rosa-1-290x300.jpg 290w, https://serveiseducatius.xtec.cat/eixample/wp-content/uploads/usu1171/2020/02/03_El-niño-que-no-queria-ser-azul-la-niña-que-no-queria-ser-rosa-1.jpg 697w" sizes="auto, (max-width: 290px) 100vw, 290px" /></a></p>
<p> <br />
<strong>Fitti, P. (2019). <em>El niño que no quería ser azul, la niña que no quería ser rosa</em>. Barcelona: Destino Infantil &#038; Juvenil</strong></p>
<p>A Celestino li regalen els avions blaus, dorm en un llit blau i juga al futbol amb pilotes blaves. Tothom li diu que és el més blau de tots els nens i que es casarà amb la més rosa de totes les nenes, com ha de ser! Però i si ell no vol només un món blau, i la princesa dels seus somnis no és rosa?</p>
<p>Un crit a la llibertat dels nens i nenes. Que els patrons de gènere de la societat no aplaquin la seva creativitat i la seva personalitat. No hi ha jocs de nens i jocs de nenes, hi ha coses que agraden i coses que no agraden.</p>
<p>El premi Destinació Infantil – Apel·les Mestres és un guardó al llibre il·lustrat que gaudeix d&#8217;un ampli i consolidat prestigi a Espanya. Es caracteritza tant per la qualitat dels textos com per l&#8217;esplendor de les seves il·lustracions.</p>

<p><a href='https://serveiseducatius.xtec.cat/eixample/wp-content/uploads/usu1171/2020/02/03_El-niño-que-no-queria-ser-azul-la-niña-que-no-queria-ser-rosa-1.jpg'></a><br />
 <br />
Fitti, P. (2019). El niño que no quería ser azul, la niña que no quería ser rosa. Barcelona: Destino Infantil &#038; Juvenil<br />
A Celestino li regalen els avions blaus, dorm en un llit blau i juga al futbol amb pilotes blaves. Tothom li diu que&hellip;  <a href="https://serveiseducatius.xtec.cat/eixample/trencant-estereotips/attachment/el-nino-que-no-queria-ser-azul-la-nina-que-no-queria-ser-rosa/" title="Read El niño que no quería ser azul, la niña que no quería ser rosa">Llegeix més»</a></p>

2020/02/03_El-niño-que-no-queria-ser-azul-la-niña-que-no-queria-ser-rosa-1.jpg

03_El-niño-que-no-queria-ser-azul-la-niña-que-no-queria-ser-rosa-1-150x150.jpg

https://serveiseducatius.xtec.cat/eixample/wp-content/uploads/usu1171/2020/02/03_El-niño-que-no-queria-ser-azul-la-niña-que-no-queria-ser-rosa-1-150x150.jpg

03_El-niño-que-no-queria-ser-azul-la-niña-que-no-queria-ser-rosa-1-290x300.jpg

https://serveiseducatius.xtec.cat/eixample/wp-content/uploads/usu1171/2020/02/03_El-niño-que-no-queria-ser-azul-la-niña-que-no-queria-ser-rosa-1-290x300.jpg

03_El-niño-que-no-queria-ser-azul-la-niña-que-no-queria-ser-rosa-1-300x250.jpg

https://serveiseducatius.xtec.cat/eixample/wp-content/uploads/usu1171/2020/02/03_El-niño-que-no-queria-ser-azul-la-niña-que-no-queria-ser-rosa-1-300x250.jpg

03_El-niño-que-no-queria-ser-azul-la-niña-que-no-queria-ser-rosa-1-200x150.jpg

https://serveiseducatius.xtec.cat/eixample/wp-content/uploads/usu1171/2020/02/03_El-niño-que-no-queria-ser-azul-la-niña-que-no-queria-ser-rosa-1-200x150.jpg

03_El-niño-que-no-queria-ser-azul-la-niña-que-no-queria-ser-rosa-1.jpg
