{"id":959,"date":"2015-05-07T16:08:06","date_gmt":"2015-05-07T14:08:06","guid":{"rendered":"http:\/\/blocs.xtec.cat\/edacanigo\/?page_id=959"},"modified":"2018-07-18T11:43:55","modified_gmt":"2018-07-18T09:43:55","slug":"castell-reial-de-cotlliure","status":"publish","type":"page","link":"https:\/\/serveiseducatius.xtec.cat\/edadelcanigo\/el-camp\/ambits\/exili\/castell-reial-de-cotlliure\/","title":{"rendered":"Cotlliure"},"content":{"rendered":"<p><a href=\"http:\/\/serveiseducatius.xtec.cat\/edadelcanigo\/wp-content\/uploads\/usu1374\/2015\/05\/DSC09019.redimensionada.jpg\"><img loading=\"lazy\" decoding=\"async\" class=\"alignnone size-large wp-image-8968\" src=\"http:\/\/serveiseducatius.xtec.cat\/edadelcanigo\/wp-content\/uploads\/usu1374\/2015\/05\/DSC09019.redimensionada-1024x232.jpg\" alt=\"\" width=\"1024\" height=\"232\" srcset=\"https:\/\/serveiseducatius.xtec.cat\/edadelcanigo\/wp-content\/uploads\/usu1374\/2015\/05\/DSC09019.redimensionada.jpg 1024w, https:\/\/serveiseducatius.xtec.cat\/edadelcanigo\/wp-content\/uploads\/usu1374\/2015\/05\/DSC09019.redimensionada-300x68.jpg 300w, https:\/\/serveiseducatius.xtec.cat\/edadelcanigo\/wp-content\/uploads\/usu1374\/2015\/05\/DSC09019.redimensionada-768x174.jpg 768w\" sizes=\"auto, (max-width: 1024px) 100vw, 1024px\" \/><\/a><\/p>\n<p><strong>Nom activitat:<\/strong> Cotlliure<\/p>\n<p><strong>\u00c0mbit Curricular:<\/strong> Ci\u00e8ncies Socials, Hist\u00f2ria, Llengua Castellana<\/p>\n<p><strong>Nivell:<\/strong> Cicle Superior de prim\u00e0ria, ESO, Batxillerat\u00a0\u00a0\u00a0\u00a0\u00a0\u00a0\u00a0\u00a0\u00a0\u00a0<strong> Durada:<\/strong> mat\u00ed \/ tarda<\/p>\n<p><strong>Estacionalitat:<\/strong> Tot l\u2019any<\/p>\n<p><strong>Objectius:\u00a0<\/strong>Empatitzar amb els presoners republicans tancats al camp disciplinari de Cotlliure. Con\u00e8ixer la figura del poeta Antonio Machado com a s\u00edmbol de l&#8217;exili republic\u00e0. Debatre sobre la mem\u00f2ria i l&#8217;oblit.<\/p>\n<p><strong>Descripci\u00f3: <\/strong>Visitar Cotlliure \u00e9s visitar la tomba del poeta Antonio Machado mort. Per\u00f2 m\u00e9s enll\u00e0 de recordar la mem\u00f2ria del poeta com a s\u00edmbol de l&#8217;exili republic\u00e0, visitem el Castell de Cotlliure. Poca gent sap que durant el 1939 el castell de Cotlliure fou el primer camp disciplinari de l&#8217;Estat Franc\u00e8s. Dins els seus murs ven\u00e7uts de la Guerra Civil Espanyola reberen un tracte inhum\u00e0, pel s\u00f2l fet de defensar unes idees i uns valors. Recuperem la seva mem\u00f2ria i la rescatem de la profunditat dels seus calabossos.\u00a0<strong><br \/>\n<\/strong><\/p>\n<p><strong>Compet\u00e8ncies:\u00a0<\/strong><\/p>\n<table id=\"report_R31046229246265901\" border=\"0\" width=\"100%\" cellspacing=\"0\" cellpadding=\"3\">\n<tbody>\n<tr class=\"highlight-row\">\n<td class=\"text\" bgcolor=\"#e9e9e9\">AMBS-LIN-CAT-CAS<\/td>\n<td class=\"text\" bgcolor=\"#e9e9e9\">DIM4S-LLE-CAS-CAT<\/td>\n<td class=\"text\" bgcolor=\"#e9e9e9\">CO10S-LLE<\/td>\n<td class=\"text\" bgcolor=\"#e9e9e9\">Llegir obres i con\u00e8ixer els autors i les autores i els per\u00edodes m\u00e9s significatius de la literatura catalana, la castellana i la universal.<\/td>\n<\/tr>\n<tr class=\"highlight-row\">\n<td class=\"text\" bgcolor=\"#F3F3F3\">AMBS-LIN-CAT-CAS<\/td>\n<td class=\"text\" bgcolor=\"#F3F3F3\">DIM4S-LLE-CAS-CAT<\/td>\n<td class=\"text\" bgcolor=\"#F3F3F3\">CO12S-LLE<\/td>\n<td class=\"text\" bgcolor=\"#F3F3F3\">Escriure textos literaris per expressar realitats, ficcions i sentiments<\/td>\n<\/tr>\n<tr class=\"highlight-row\">\n<td class=\"text\" bgcolor=\"#e9e9e9\">AMBS-SOC<\/td>\n<td class=\"text\" bgcolor=\"#e9e9e9\">DIM19S-SOC<\/td>\n<td class=\"text\" bgcolor=\"#e9e9e9\">CO3S-SOC<\/td>\n<td class=\"text\" bgcolor=\"#e9e9e9\">Interpretar que el present \u00e9s producte del passat, per comprendre que el futur \u00e9s fruit de les decisions i accions actuals<\/td>\n<\/tr>\n<tr class=\"highlight-row\">\n<td class=\"text\" bgcolor=\"#F3F3F3\">AMBS-SOC<\/td>\n<td class=\"text\" bgcolor=\"#F3F3F3\">DIM19S-SOC<\/td>\n<td class=\"text\" bgcolor=\"#F3F3F3\">CO4S-SOC<\/td>\n<td class=\"text\" bgcolor=\"#F3F3F3\">Identificar i valorar la identitat individual i col\u00b7lectiva per comprendre la seva intervenci\u00f3 en la construcci\u00f3 de subjectes hist\u00f2rics<\/td>\n<\/tr>\n<tr class=\"highlight-row\">\n<td class=\"text\" bgcolor=\"#e9e9e9\">AMBS-SOC<\/td>\n<td class=\"text\" bgcolor=\"#e9e9e9\">DIM19S-SOC<\/td>\n<td class=\"text\" bgcolor=\"#e9e9e9\">CO1S-SOC<\/td>\n<td class=\"text\" bgcolor=\"#e9e9e9\">Analitzar els canvis i les continu\u00eftats dels fets o fen\u00f2mens hist\u00f2rics per comprendre&#8217;n la causalitat hist\u00f2rica<\/td>\n<\/tr>\n<\/tbody>\n<\/table>\n<p><a href=\"http:\/\/serveiseducatius.xtec.cat\/edadelcanigo\/wp-content\/uploads\/usu1374\/2015\/05\/DSC09027.redimensionada.jpg\"><img loading=\"lazy\" decoding=\"async\" class=\"alignnone size-large wp-image-8969\" src=\"http:\/\/serveiseducatius.xtec.cat\/edadelcanigo\/wp-content\/uploads\/usu1374\/2015\/05\/DSC09027.redimensionada-1024x663.jpg\" alt=\"\" width=\"1024\" height=\"663\" srcset=\"https:\/\/serveiseducatius.xtec.cat\/edadelcanigo\/wp-content\/uploads\/usu1374\/2015\/05\/DSC09027.redimensionada.jpg 1024w, https:\/\/serveiseducatius.xtec.cat\/edadelcanigo\/wp-content\/uploads\/usu1374\/2015\/05\/DSC09027.redimensionada-300x194.jpg 300w, https:\/\/serveiseducatius.xtec.cat\/edadelcanigo\/wp-content\/uploads\/usu1374\/2015\/05\/DSC09027.redimensionada-768x497.jpg 768w\" sizes=\"auto, (max-width: 1024px) 100vw, 1024px\" \/><\/a><\/p>\n","protected":false},"excerpt":{"rendered":"<p><a href=\"http:\/\/serveiseducatius.xtec.cat\/edadelcanigo\/wp-content\/uploads\/usu1374\/2015\/05\/DSC09019.redimensionada.jpg\"><\/a><br \/>\nNom activitat: Cotlliure<br \/>\n\u00c0mbit Curricular: Ci\u00e8ncies Socials, Hist\u00f2ria, Llengua Castellana<br \/>\nNivell: Cicle Superior de prim\u00e0ria, ESO, Batxillerat\u00a0\u00a0\u00a0\u00a0\u00a0\u00a0\u00a0\u00a0\u00a0\u00a0 Durada: mat\u00ed \/ tarda<br \/>\nEstacionalitat: Tot l\u2019any<br \/>\nObjectius:\u00a0Empatitzar amb els presoners republicans tancats al camp disciplinari de Cotlliure. Con\u00e8ixer la figura del poeta Antonio Machado com a s\u00edmbol de l&#8217;exili republic\u00e0.&hellip;  <a href=\"https:\/\/serveiseducatius.xtec.cat\/edadelcanigo\/el-camp\/ambits\/exili\/castell-reial-de-cotlliure\/\" title=\"Read Cotlliure\">Llegeix m\u00e9s\u00bb<\/a><\/p>\n","protected":false},"author":4,"featured_media":0,"parent":8680,"menu_order":0,"comment_status":"closed","ping_status":"closed","template":"page-templates\/side-menu.php","meta":{"_bbp_topic_count":0,"_bbp_reply_count":0,"_bbp_total_topic_count":0,"_bbp_total_reply_count":0,"_bbp_voice_count":0,"_bbp_anonymous_reply_count":0,"_bbp_topic_count_hidden":0,"_bbp_reply_count_hidden":0,"_bbp_forum_subforum_count":0,"footnotes":""},"class_list":["post-959","page","type-page","status-publish","hentry"],"post_mailing_queue_ids":[],"_links":{"self":[{"href":"https:\/\/serveiseducatius.xtec.cat\/edadelcanigo\/wp-json\/wp\/v2\/pages\/959","targetHints":{"allow":["GET"]}}],"collection":[{"href":"https:\/\/serveiseducatius.xtec.cat\/edadelcanigo\/wp-json\/wp\/v2\/pages"}],"about":[{"href":"https:\/\/serveiseducatius.xtec.cat\/edadelcanigo\/wp-json\/wp\/v2\/types\/page"}],"author":[{"embeddable":true,"href":"https:\/\/serveiseducatius.xtec.cat\/edadelcanigo\/wp-json\/wp\/v2\/users\/4"}],"replies":[{"embeddable":true,"href":"https:\/\/serveiseducatius.xtec.cat\/edadelcanigo\/wp-json\/wp\/v2\/comments?post=959"}],"version-history":[{"count":2,"href":"https:\/\/serveiseducatius.xtec.cat\/edadelcanigo\/wp-json\/wp\/v2\/pages\/959\/revisions"}],"predecessor-version":[{"id":8970,"href":"https:\/\/serveiseducatius.xtec.cat\/edadelcanigo\/wp-json\/wp\/v2\/pages\/959\/revisions\/8970"}],"up":[{"embeddable":true,"href":"https:\/\/serveiseducatius.xtec.cat\/edadelcanigo\/wp-json\/wp\/v2\/pages\/8680"}],"wp:attachment":[{"href":"https:\/\/serveiseducatius.xtec.cat\/edadelcanigo\/wp-json\/wp\/v2\/media?parent=959"}],"curies":[{"name":"wp","href":"https:\/\/api.w.org\/{rel}","templated":true}]}}