{"id":9049,"date":"2018-09-04T17:16:21","date_gmt":"2018-09-04T15:16:21","guid":{"rendered":"http:\/\/serveiseducatius.xtec.cat\/edadelcanigo\/?page_id=9049"},"modified":"2019-01-21T10:48:51","modified_gmt":"2019-01-21T09:48:51","slug":"decouverte-de-perpinya","status":"publish","type":"page","link":"https:\/\/serveiseducatius.xtec.cat\/edadelcanigo\/el-camp\/ambits\/frontera\/decouverte-de-perpinya\/","title":{"rendered":"Decouverte de Perpiny\u00e0"},"content":{"rendered":"<div class=\"entry-content\">\n<p><strong><a href=\"http:\/\/serveiseducatius.xtec.cat\/edadelcanigo\/wp-content\/uploads\/usu1374\/2018\/09\/DSC09907.jpg\"><img loading=\"lazy\" decoding=\"async\" class=\"wp-image-9050 size-medium alignleft\" src=\"http:\/\/serveiseducatius.xtec.cat\/edadelcanigo\/wp-content\/uploads\/usu1374\/2018\/09\/DSC09907-300x200.jpg\" alt=\"\" width=\"300\" height=\"200\" srcset=\"https:\/\/serveiseducatius.xtec.cat\/edadelcanigo\/wp-content\/uploads\/usu1374\/2018\/09\/DSC09907-300x200.jpg 300w, https:\/\/serveiseducatius.xtec.cat\/edadelcanigo\/wp-content\/uploads\/usu1374\/2018\/09\/DSC09907.jpg 640w\" sizes=\"auto, (max-width: 300px) 100vw, 300px\" \/><\/a>Nom activitat<\/strong>: \u00a0 Decouverte de Perpiny\u00e0<\/p>\n<p><strong>\u00c0mbit Curricular:\u00a0<\/strong>Llengua francesa, Ci\u00e8ncies Socials.<\/p>\n<p><strong>Nivell:<\/strong><b> <\/b>ESO- BATX.\u00a0\u00a0<strong>\u00a0 Durada:<\/strong> Tot el dia<\/p>\n<p><strong>Estacionalitat:<\/strong> \u00a0Tot l\u2019any.<\/p>\n<p><strong>Objectius:\u00a0 <\/strong>1.Aplicar coneixements de llengua francesa en la cerca d\u2019informaci\u00f3. 2.Desenvolupar-se en un entorn comunicatiu diferent a l\u2019habitual. 3. Con\u00e8ixer a grans trets el passat i present de la vila de Perpiny\u00e0. 4. Fomentar una mirada diferent sobre els elements patrimonials de la vila.<\/p>\n<p><strong>Descripci\u00f3: <\/strong>Els alumnes de forma aut\u00f2noma i per grups redu\u00efts hauran de cercar informaci\u00f3 sobre diferents espais del centre de Perpiny\u00e0, aix\u00ed com trobar elements amagats i fotografiar-los. Al mateix temps, hauran de realitzar una enquesta socioling\u00fc\u00edstica als ciutadans de la vila, donant peu a treballar la compet\u00e8ncia ling\u00fc\u00edstica en llengua francesa.<\/p>\n<p><strong>Compet\u00e8ncies: <\/strong><\/p>\n<table id=\"report_R31046229246265901\" style=\"width: 99.759%;\" border=\"0\" width=\"100%\" cellspacing=\"0\" cellpadding=\"3\">\n<tbody>\n<tr class=\"highlight-row\">\n<td class=\"text\" style=\"width: 11.2048%;\" bgcolor=\"#e9e9e9\">AMBS-LIN-CAT-CAS<\/td>\n<td class=\"text\" style=\"width: 12.5301%;\" bgcolor=\"#e9e9e9\">DIM5S-LLE-CAS-CAT<\/td>\n<td class=\"text\" style=\"width: 10.9639%;\" bgcolor=\"#e9e9e9\">ACT1-LLE<\/td>\n<td class=\"text\" style=\"width: 65.0602%;\" bgcolor=\"#e9e9e9\">Adquirir l&#8217;h\u00e0bit de la lectura com un mitj\u00e0 per accedir a la informaci\u00f3 i al coneixement, i per al gaudi personal; i valorar l&#8217;escriptura com un mitj\u00e0 per estructurar el pensament i comunicar-se amb els altres<\/td>\n<\/tr>\n<tr class=\"highlight-row\">\n<td class=\"text\" style=\"width: 11.2048%;\" bgcolor=\"#F3F3F3\">AMBS-LIN-CAT-CAS<\/td>\n<td class=\"text\" style=\"width: 12.5301%;\" bgcolor=\"#F3F3F3\">DIM1S-LLE-CAS-CAT<\/td>\n<td class=\"text\" style=\"width: 10.9639%;\" bgcolor=\"#F3F3F3\">C01S-LLE<\/td>\n<td class=\"text\" style=\"width: 65.0602%;\" bgcolor=\"#F3F3F3\">Obtenir informaci\u00f3, interpretar i valorar el contingut de textos escrits de la vida quotidiana, dels mitjans de comunicaci\u00f3 i acad\u00e8mics per comprendre&#8217;ls<\/td>\n<\/tr>\n<tr class=\"highlight-row\">\n<td class=\"text\" style=\"width: 11.2048%;\" bgcolor=\"#e9e9e9\">AMBS-LIN-CAT-CAS<\/td>\n<td class=\"text\" style=\"width: 12.5301%;\" bgcolor=\"#e9e9e9\">DIM1S-LLE-CAS-CAT<\/td>\n<td class=\"text\" style=\"width: 10.9639%;\" bgcolor=\"#e9e9e9\">CO3S-LLE<\/td>\n<td class=\"text\" style=\"width: 65.0602%;\" bgcolor=\"#e9e9e9\">Desenvolupar estrat\u00e8gies de cerca i gesti\u00f3 de la informaci\u00f3 per adquirir coneixement.<\/td>\n<\/tr>\n<tr class=\"highlight-row\">\n<td class=\"text\" style=\"width: 11.2048%;\" bgcolor=\"#F3F3F3\">AMBS-LIN-CAT-CAS<\/td>\n<td class=\"text\" style=\"width: 12.5301%;\" bgcolor=\"#F3F3F3\">DIM2S-LLE-CAS-CAT<\/td>\n<td class=\"text\" style=\"width: 10.9639%;\" bgcolor=\"#F3F3F3\">CO4S-LLE<\/td>\n<td class=\"text\" style=\"width: 65.0602%;\" bgcolor=\"#F3F3F3\">Planificar l&#8217;escrit d&#8217;acord amb la situaci\u00f3 comunicativa (receptor,intenci\u00f3) i a partir de la generaci\u00f3 d&#8217;idees i la seva organitzaci\u00f3.<\/td>\n<\/tr>\n<tr class=\"highlight-row\">\n<td class=\"text\" style=\"width: 11.2048%;\" bgcolor=\"#e9e9e9\">AMBS-LIN-CAT-CAS<\/td>\n<td class=\"text\" style=\"width: 12.5301%;\" bgcolor=\"#e9e9e9\">DIM2S-LLE-CAS-CAT<\/td>\n<td class=\"text\" style=\"width: 10.9639%;\" bgcolor=\"#e9e9e9\">CO5S-LLE<\/td>\n<td class=\"text\" style=\"width: 65.0602%;\" bgcolor=\"#e9e9e9\">Escriure textos de tipologia diversa i en diferents formats i suports amb adequaci\u00f3, coher\u00e8ncia, cohesi\u00f3 i correcci\u00f3 ling\u00fc\u00edstica.<\/td>\n<\/tr>\n<tr class=\"highlight-row\">\n<td class=\"text\" style=\"width: 11.2048%;\" bgcolor=\"#F3F3F3\">AMBS-CUL-VAL<\/td>\n<td class=\"text\" style=\"width: 12.5301%;\" bgcolor=\"#F3F3F3\">DIM31S-CUL-VAL<\/td>\n<td class=\"text\" style=\"width: 10.9639%;\" bgcolor=\"#F3F3F3\">CO5S-CUL-VAL<\/td>\n<td class=\"text\" style=\"width: 65.0602%;\" bgcolor=\"#F3F3F3\">Mostrar actituds de respecte actiu envers les altres persones,cultures, opcions i creences<\/td>\n<\/tr>\n<tr class=\"highlight-row\">\n<td class=\"text\" style=\"width: 11.2048%;\" bgcolor=\"#e9e9e9\">AMBS-CUL-VAL<\/td>\n<td class=\"text\" style=\"width: 12.5301%;\" bgcolor=\"#e9e9e9\">DIM32S-CUL-VAL<\/td>\n<td class=\"text\" style=\"width: 10.9639%;\" bgcolor=\"#e9e9e9\">CO9S-CUL-VAL<\/td>\n<td class=\"text\" style=\"width: 65.0602%;\" bgcolor=\"#e9e9e9\">Analitzar cr\u00edticament l&#8217;entorn (natural, cientifico tecnol\u00f2gic, social,pol\u00edtic, cultural) des de la perspectiva \u00e8tica, individualment i de manera col\u00b7lectiva<\/td>\n<\/tr>\n<tr class=\"highlight-row\">\n<td class=\"text\" style=\"width: 11.2048%;\" bgcolor=\"#F3F3F3\">AMBS-CUL-VAL<\/td>\n<td class=\"text\" style=\"width: 12.5301%;\" bgcolor=\"#F3F3F3\">DIM32S-CUL-VAL<\/td>\n<td class=\"text\" style=\"width: 10.9639%;\" bgcolor=\"#F3F3F3\">CO7S-CUL-VAL<\/td>\n<td class=\"text\" style=\"width: 65.0602%;\" bgcolor=\"#F3F3F3\">Comprendre i valorar el nostre m\u00f3n a partir de les arrels culturals que l&#8217;han configurat.<\/td>\n<\/tr>\n<tr class=\"highlight-row\">\n<td class=\"text\" style=\"width: 11.2048%;\" bgcolor=\"#e9e9e9\">AMBS-CUL-VAL<\/td>\n<td class=\"text\" style=\"width: 12.5301%;\" bgcolor=\"#e9e9e9\">DIM32S-CUL-VAL<\/td>\n<td class=\"text\" style=\"width: 10.9639%;\" bgcolor=\"#e9e9e9\">CO10S-CUL-VAL<\/td>\n<td class=\"text\" style=\"width: 65.0602%;\" bgcolor=\"#e9e9e9\">Realitzar activitats de participaci\u00f3 i de col\u00b7laboraci\u00f3 que promoguin actituds de comprom\u00eds i democr\u00e0tiques<\/td>\n<\/tr>\n<tr class=\"highlight-row\">\n<td class=\"text\" style=\"width: 11.2048%;\" bgcolor=\"#F3F3F3\">AMBS-SOC<\/td>\n<td class=\"text\" style=\"width: 12.5301%;\" bgcolor=\"#F3F3F3\">DIM20S-SOC<\/td>\n<td class=\"text\" style=\"width: 10.9639%;\" bgcolor=\"#F3F3F3\">CO7S-SOC<\/td>\n<td class=\"text\" style=\"width: 65.0602%;\" bgcolor=\"#F3F3F3\">Analitzar diferents models d&#8217;organitzaci\u00f3 pol\u00edtica, econ\u00f2mica i territorial, i les desigualtats que generen, per valorar com afecten la vida de les persones i fer propostes d&#8217;actuaci\u00f3<\/td>\n<\/tr>\n<tr class=\"highlight-row\">\n<td class=\"text\" style=\"width: 11.2048%;\" bgcolor=\"#e9e9e9\">AMBS-SOC<\/td>\n<td class=\"text\" style=\"width: 12.5301%;\" bgcolor=\"#e9e9e9\">DIM19S-SOC<\/td>\n<td class=\"text\" style=\"width: 10.9639%;\" bgcolor=\"#e9e9e9\">CO3S-SOC<\/td>\n<td class=\"text\" style=\"width: 65.0602%;\" bgcolor=\"#e9e9e9\">Interpretar que el present \u00e9s producte del passat, per comprendre que el futur \u00e9s fruit de les decisions i accions actuals<\/td>\n<\/tr>\n<tr class=\"highlight-row\">\n<td class=\"text\" style=\"width: 11.2048%;\" bgcolor=\"#F3F3F3\">AMBS-SOC<\/td>\n<td class=\"text\" style=\"width: 12.5301%;\" bgcolor=\"#F3F3F3\">DIM19S-SOC<\/td>\n<td class=\"text\" style=\"width: 10.9639%;\" bgcolor=\"#F3F3F3\">CO4S-SOC<\/td>\n<td class=\"text\" style=\"width: 65.0602%;\" bgcolor=\"#F3F3F3\">Identificar i valorar la identitat individual i col\u00b7lectiva per comprendre la seva intervenci\u00f3 en la construcci\u00f3 de subjectes hist\u00f2rics<\/td>\n<\/tr>\n<tr class=\"highlight-row\">\n<td class=\"text\" style=\"width: 11.2048%;\" bgcolor=\"#e9e9e9\">AMBS-SOC<\/td>\n<td class=\"text\" style=\"width: 12.5301%;\" bgcolor=\"#e9e9e9\">DIM19S-SOC<\/td>\n<td class=\"text\" style=\"width: 10.9639%;\" bgcolor=\"#e9e9e9\">CO1S-SOC<\/td>\n<td class=\"text\" style=\"width: 65.0602%;\" bgcolor=\"#e9e9e9\">Analitzar els canvis i les continu\u00eftats dels fets o fen\u00f2mens hist\u00f2rics per comprendre&#8217;n la causalitat hist\u00f2rica<\/td>\n<\/tr>\n<tr class=\"highlight-row\">\n<td class=\"text\" style=\"width: 11.2048%;\" bgcolor=\"#F3F3F3\">AMBS-SOC<\/td>\n<td class=\"text\" style=\"width: 12.5301%;\" bgcolor=\"#F3F3F3\">DIM22S-SOC<\/td>\n<td class=\"text\" style=\"width: 10.9639%;\" bgcolor=\"#F3F3F3\">CO11S-SOC<\/td>\n<td class=\"text\" style=\"width: 65.0602%;\" bgcolor=\"#F3F3F3\">Formar-se un criteri propi sobre problemes socials rellevants per desenvolupar un pensament cr\u00edtic<\/td>\n<\/tr>\n<\/tbody>\n<\/table>\n<\/div>\n","protected":false},"excerpt":{"rendered":"<p><a href=\"http:\/\/serveiseducatius.xtec.cat\/edadelcanigo\/wp-content\/uploads\/usu1374\/2018\/09\/DSC09907.jpg\"><\/a>Nom activitat: \u00a0 Decouverte de Perpiny\u00e0<br \/>\n\u00c0mbit Curricular:\u00a0Llengua francesa, Ci\u00e8ncies Socials.<br \/>\nNivell: ESO- BATX.\u00a0\u00a0\u00a0 Durada: Tot el dia<br \/>\nEstacionalitat: \u00a0Tot l\u2019any.<br \/>\nObjectius:\u00a0 1.Aplicar coneixements de llengua francesa en la cerca d\u2019informaci\u00f3. 2.Desenvolupar-se en un entorn comunicatiu diferent a l\u2019habitual. 3. Con\u00e8ixer a grans trets el passat i present&hellip;  <a href=\"https:\/\/serveiseducatius.xtec.cat\/edadelcanigo\/el-camp\/ambits\/frontera\/decouverte-de-perpinya\/\" title=\"Read Decouverte de Perpiny\u00e0\">Llegeix m\u00e9s\u00bb<\/a><\/p>\n","protected":false},"author":4,"featured_media":0,"parent":900,"menu_order":0,"comment_status":"closed","ping_status":"closed","template":"page-templates\/side-menu.php","meta":{"_bbp_topic_count":0,"_bbp_reply_count":0,"_bbp_total_topic_count":0,"_bbp_total_reply_count":0,"_bbp_voice_count":0,"_bbp_anonymous_reply_count":0,"_bbp_topic_count_hidden":0,"_bbp_reply_count_hidden":0,"_bbp_forum_subforum_count":0,"footnotes":""},"class_list":["post-9049","page","type-page","status-publish","hentry"],"post_mailing_queue_ids":[],"_links":{"self":[{"href":"https:\/\/serveiseducatius.xtec.cat\/edadelcanigo\/wp-json\/wp\/v2\/pages\/9049","targetHints":{"allow":["GET"]}}],"collection":[{"href":"https:\/\/serveiseducatius.xtec.cat\/edadelcanigo\/wp-json\/wp\/v2\/pages"}],"about":[{"href":"https:\/\/serveiseducatius.xtec.cat\/edadelcanigo\/wp-json\/wp\/v2\/types\/page"}],"author":[{"embeddable":true,"href":"https:\/\/serveiseducatius.xtec.cat\/edadelcanigo\/wp-json\/wp\/v2\/users\/4"}],"replies":[{"embeddable":true,"href":"https:\/\/serveiseducatius.xtec.cat\/edadelcanigo\/wp-json\/wp\/v2\/comments?post=9049"}],"version-history":[{"count":2,"href":"https:\/\/serveiseducatius.xtec.cat\/edadelcanigo\/wp-json\/wp\/v2\/pages\/9049\/revisions"}],"predecessor-version":[{"id":9124,"href":"https:\/\/serveiseducatius.xtec.cat\/edadelcanigo\/wp-json\/wp\/v2\/pages\/9049\/revisions\/9124"}],"up":[{"embeddable":true,"href":"https:\/\/serveiseducatius.xtec.cat\/edadelcanigo\/wp-json\/wp\/v2\/pages\/900"}],"wp:attachment":[{"href":"https:\/\/serveiseducatius.xtec.cat\/edadelcanigo\/wp-json\/wp\/v2\/media?parent=9049"}],"curies":[{"name":"wp","href":"https:\/\/api.w.org\/{rel}","templated":true}]}}