{"id":71,"date":"2013-11-14T19:47:14","date_gmt":"2013-11-14T18:47:14","guid":{"rendered":"http:\/\/blocs.xtec.cat\/plantillacda\/?page_id=71"},"modified":"2018-04-29T01:22:20","modified_gmt":"2018-04-28T23:22:20","slug":"on-som","status":"publish","type":"page","link":"https:\/\/serveiseducatius.xtec.cat\/edadelcanigo\/el-camp\/on-som\/","title":{"rendered":"On som"},"content":{"rendered":"<p style=\"text-align: justify;\">La seu de l&#8217;EdA del Canig\u00f3 est\u00e0 ubicada a la vila de <strong>Prada<\/strong>, a la comarca del Conflent (de la Catalunya Nord) a<strong>\u00a0<\/strong>l&#8217;Alberg Pau Casals Canig\u00f3, seu de la Universitat Catalana d&#8217;Estiu.<\/p>\n<p><iframe loading=\"lazy\" style=\"border: 0;\" src=\"https:\/\/www.google.com\/maps\/embed?pb=!1m14!1m8!1m3!1d5872.420291058571!2d2.419288!3d42.614499!3m2!1i1024!2i768!4f13.1!3m3!1m2!1s0x0%3A0x0!2zNDLCsDM2JzUyLjQiTiAywrAyNScwNi40IkU!5e0!3m2!1sca!2sus!4v1430306865972\" width=\"600\" height=\"450\" frameborder=\"0\"><\/iframe><\/p>\n<p style=\"text-align: justify;\"><strong>Com arribar-hi<\/strong><\/p>\n<p style=\"text-align: justify;\">A l&#8217;EdA del Canig\u00f3 s&#8217;hi accedeix per la N116, tant si es ve des de Perpiny\u00e0 com si es ve des de Vilafranca del Conflent. Un cop a Prada cal agafar la D27, per arribar a l&#8217;Avinguda Pau Casals, on es troba l&#8217;Alberg Pau Casals &#8211; Canig\u00f3. Els seg\u00fcents enlla\u00e7os us poden ajudar:<\/p>\n<p><a href=\"https:\/\/drive.google.com\/open?id=1zQR4-BZy69g8OvCwqBdfCwcFrbk&amp;usp=sharing\">Com arribar a l&#8217;Alberg Pau Casals &#8211; Canig\u00f3 des de Perpiny\u00e0<\/a><\/p>\n<p><a href=\"https:\/\/drive.google.com\/open?id=1yuDQyTkVXAZsAQheSVwsS2rn1eA&amp;usp=sharing\">Com arribar a l&#8217;Alberg Pau Casals &#8211; Canig\u00f3 des de Puigcerd\u00e0<\/a><\/p>\n<p style=\"text-align: justify;\"><strong>Instal\u00b7lacions:<\/strong><\/p>\n<p><a href=\"http:\/\/alberg-canigo.cat\/index.html\">L&#8217;alberg Pau Casals Canig\u00f3<\/a> disposa de dues aules polivalents i un espai funcional. Tamb\u00e9 hi ha un espai exterior tancat per a les estones de lleure.<\/p>\n<p>&nbsp;<\/p>\n<p>&nbsp;<\/p>\n<p>&nbsp;<\/p>\n","protected":false},"excerpt":{"rendered":"<p>La seu de l&#8217;EdA del Canig\u00f3 est\u00e0 ubicada a la vila de Prada, a la comarca del Conflent (de la Catalunya Nord) a\u00a0l&#8217;Alberg Pau Casals Canig\u00f3, seu de la Universitat Catalana d&#8217;Estiu.<\/p>\n<p>Com arribar-hi<br \/>\nA l&#8217;EdA del Canig\u00f3 s&#8217;hi accedeix per la N116, tant si es ve&hellip;  <a href=\"https:\/\/serveiseducatius.xtec.cat\/edadelcanigo\/el-camp\/on-som\/\" title=\"Read On som\">Llegeix m\u00e9s\u00bb<\/a><\/p>\n","protected":false},"author":1,"featured_media":0,"parent":8225,"menu_order":30,"comment_status":"closed","ping_status":"closed","template":"page-templates\/side-menu.php","meta":{"_bbp_topic_count":0,"_bbp_reply_count":0,"_bbp_total_topic_count":0,"_bbp_total_reply_count":0,"_bbp_voice_count":0,"_bbp_anonymous_reply_count":0,"_bbp_topic_count_hidden":0,"_bbp_reply_count_hidden":0,"_bbp_forum_subforum_count":0,"footnotes":""},"class_list":["post-71","page","type-page","status-publish","hentry"],"post_mailing_queue_ids":[],"_links":{"self":[{"href":"https:\/\/serveiseducatius.xtec.cat\/edadelcanigo\/wp-json\/wp\/v2\/pages\/71","targetHints":{"allow":["GET"]}}],"collection":[{"href":"https:\/\/serveiseducatius.xtec.cat\/edadelcanigo\/wp-json\/wp\/v2\/pages"}],"about":[{"href":"https:\/\/serveiseducatius.xtec.cat\/edadelcanigo\/wp-json\/wp\/v2\/types\/page"}],"author":[{"embeddable":true,"href":"https:\/\/serveiseducatius.xtec.cat\/edadelcanigo\/wp-json\/wp\/v2\/users\/1"}],"replies":[{"embeddable":true,"href":"https:\/\/serveiseducatius.xtec.cat\/edadelcanigo\/wp-json\/wp\/v2\/comments?post=71"}],"version-history":[{"count":3,"href":"https:\/\/serveiseducatius.xtec.cat\/edadelcanigo\/wp-json\/wp\/v2\/pages\/71\/revisions"}],"predecessor-version":[{"id":8878,"href":"https:\/\/serveiseducatius.xtec.cat\/edadelcanigo\/wp-json\/wp\/v2\/pages\/71\/revisions\/8878"}],"up":[{"embeddable":true,"href":"https:\/\/serveiseducatius.xtec.cat\/edadelcanigo\/wp-json\/wp\/v2\/pages\/8225"}],"wp:attachment":[{"href":"https:\/\/serveiseducatius.xtec.cat\/edadelcanigo\/wp-json\/wp\/v2\/media?parent=71"}],"curies":[{"name":"wp","href":"https:\/\/api.w.org\/{rel}","templated":true}]}}

<p style="text-align: justify;">La seu de l&#8217;EdA del Canigó està ubicada a la vila de <strong>Prada</strong>, a la comarca del Conflent (de la Catalunya Nord) a<strong> </strong>l&#8217;Alberg Pau Casals Canigó, seu de la Universitat Catalana d&#8217;Estiu.</p>
<p><iframe loading="lazy" style="border: 0;" src="https://www.google.com/maps/embed?pb=!1m14!1m8!1m3!1d5872.420291058571!2d2.419288!3d42.614499!3m2!1i1024!2i768!4f13.1!3m3!1m2!1s0x0%3A0x0!2zNDLCsDM2JzUyLjQiTiAywrAyNScwNi40IkU!5e0!3m2!1sca!2sus!4v1430306865972" width="600" height="450" frameborder="0"></iframe></p>
<p style="text-align: justify;"><strong>Com arribar-hi</strong></p>
<p style="text-align: justify;">A l&#8217;EdA del Canigó s&#8217;hi accedeix per la N116, tant si es ve des de Perpinyà com si es ve des de Vilafranca del Conflent. Un cop a Prada cal agafar la D27, per arribar a l&#8217;Avinguda Pau Casals, on es troba l&#8217;Alberg Pau Casals &#8211; Canigó. Els següents enllaços us poden ajudar:</p>
<p><a href="https://drive.google.com/open?id=1zQR4-BZy69g8OvCwqBdfCwcFrbk&amp;usp=sharing">Com arribar a l&#8217;Alberg Pau Casals &#8211; Canigó des de Perpinyà</a></p>
<p><a href="https://drive.google.com/open?id=1yuDQyTkVXAZsAQheSVwsS2rn1eA&amp;usp=sharing">Com arribar a l&#8217;Alberg Pau Casals &#8211; Canigó des de Puigcerdà</a></p>
<p style="text-align: justify;"><strong>Instal·lacions:</strong></p>
<p><a href="http://alberg-canigo.cat/index.html">L&#8217;alberg Pau Casals Canigó</a> disposa de dues aules polivalents i un espai funcional. També hi ha un espai exterior tancat per a les estones de lleure.</p>
<p>&nbsp;</p>
<p>&nbsp;</p>
<p>&nbsp;</p>

<p>La seu de l&#8217;EdA del Canigó està ubicada a la vila de Prada, a la comarca del Conflent (de la Catalunya Nord) a l&#8217;Alberg Pau Casals Canigó, seu de la Universitat Catalana d&#8217;Estiu.</p>
<p>Com arribar-hi<br />
A l&#8217;EdA del Canigó s&#8217;hi accedeix per la N116, tant si es ve&hellip;  <a href="https://serveiseducatius.xtec.cat/edadelcanigo/el-camp/on-som/" title="Read On som">Llegeix més»</a></p>
