{"id":1504,"date":"2016-05-17T20:59:40","date_gmt":"2016-05-17T18:59:40","guid":{"rendered":"http:\/\/blocs.xtec.cat\/edacanigo\/?page_id=1504"},"modified":"2016-05-17T20:59:40","modified_gmt":"2016-05-17T18:59:40","slug":"el-bosc-del-bastard","status":"publish","type":"page","link":"https:\/\/serveiseducatius.xtec.cat\/edadelcanigo\/el-bosc-del-bastard\/","title":{"rendered":"El bosc del Bastard"},"content":{"rendered":"<p><strong>Descripci\u00f3: <\/strong>Estudi d&#8217;una parcel\u00b7la de bosc. Els alumnes es dividiran en grups i cadasc\u00fa estudiar\u00e0 un estrat de vegetaci\u00f3 de bosc per tal de comprendre l&#8217;evoluci\u00f3 del bosc. Es complementa estudiant la import\u00e0ncia dels recursos h\u00eddrics i de l&#8217;aprofitament del bosc al llarg de la hist\u00f2ria.<\/p>\n<p>&nbsp;<\/p>\n<p>Hi estem treballant!<\/p>\n","protected":false},"excerpt":{"rendered":"<p>Descripci\u00f3: Estudi d&#8217;una parcel\u00b7la de bosc. Els alumnes es dividiran en grups i cadasc\u00fa estudiar\u00e0 un estrat de vegetaci\u00f3 de bosc per tal de comprendre l&#8217;evoluci\u00f3 del bosc. Es complementa estudiant la import\u00e0ncia dels recursos h\u00eddrics i de l&#8217;aprofitament del bosc al llarg de la&hellip;  <a href=\"https:\/\/serveiseducatius.xtec.cat\/edadelcanigo\/el-bosc-del-bastard\/\" title=\"Read El bosc del Bastard\">Llegeix m\u00e9s\u00bb<\/a><\/p>\n","protected":false},"author":4,"featured_media":0,"parent":0,"menu_order":0,"comment_status":"closed","ping_status":"closed","template":"sidebar-page.php","meta":{"_bbp_topic_count":0,"_bbp_reply_count":0,"_bbp_total_topic_count":0,"_bbp_total_reply_count":0,"_bbp_voice_count":0,"_bbp_anonymous_reply_count":0,"_bbp_topic_count_hidden":0,"_bbp_reply_count_hidden":0,"_bbp_forum_subforum_count":0,"footnotes":""},"class_list":["post-1504","page","type-page","status-publish","hentry"],"post_mailing_queue_ids":[],"_links":{"self":[{"href":"https:\/\/serveiseducatius.xtec.cat\/edadelcanigo\/wp-json\/wp\/v2\/pages\/1504","targetHints":{"allow":["GET"]}}],"collection":[{"href":"https:\/\/serveiseducatius.xtec.cat\/edadelcanigo\/wp-json\/wp\/v2\/pages"}],"about":[{"href":"https:\/\/serveiseducatius.xtec.cat\/edadelcanigo\/wp-json\/wp\/v2\/types\/page"}],"author":[{"embeddable":true,"href":"https:\/\/serveiseducatius.xtec.cat\/edadelcanigo\/wp-json\/wp\/v2\/users\/4"}],"replies":[{"embeddable":true,"href":"https:\/\/serveiseducatius.xtec.cat\/edadelcanigo\/wp-json\/wp\/v2\/comments?post=1504"}],"version-history":[{"count":0,"href":"https:\/\/serveiseducatius.xtec.cat\/edadelcanigo\/wp-json\/wp\/v2\/pages\/1504\/revisions"}],"wp:attachment":[{"href":"https:\/\/serveiseducatius.xtec.cat\/edadelcanigo\/wp-json\/wp\/v2\/media?parent=1504"}],"curies":[{"name":"wp","href":"https:\/\/api.w.org\/{rel}","templated":true}]}}

<p><strong>Descripció: </strong>Estudi d&#8217;una parcel·la de bosc. Els alumnes es dividiran en grups i cadascú estudiarà un estrat de vegetació de bosc per tal de comprendre l&#8217;evolució del bosc. Es complementa estudiant la importància dels recursos hídrics i de l&#8217;aprofitament del bosc al llarg de la història.</p>
<p>&nbsp;</p>
<p>Hi estem treballant!</p>

<p>Descripció: Estudi d&#8217;una parcel·la de bosc. Els alumnes es dividiran en grups i cadascú estudiarà un estrat de vegetació de bosc per tal de comprendre l&#8217;evolució del bosc. Es complementa estudiant la importància dels recursos hídrics i de l&#8217;aprofitament del bosc al llarg de la&hellip;  <a href="https://serveiseducatius.xtec.cat/edadelcanigo/el-bosc-del-bastard/" title="Read El bosc del Bastard">Llegeix més»</a></p>
