{"id":1053,"date":"2015-05-11T12:17:22","date_gmt":"2015-05-11T10:17:22","guid":{"rendered":"http:\/\/blocs.xtec.cat\/edacanigo\/?page_id=1053"},"modified":"2018-07-18T13:03:06","modified_gmt":"2018-07-18T11:03:06","slug":"museu-memorial-ribesaltes","status":"publish","type":"page","link":"https:\/\/serveiseducatius.xtec.cat\/edadelcanigo\/el-camp\/ambits\/exili\/museu-memorial-ribesaltes\/","title":{"rendered":"Memorial Ribesaltes"},"content":{"rendered":"<p style=\"text-align: justify;\"><strong><a href=\"http:\/\/serveiseducatius.xtec.cat\/edadelcanigo\/wp-content\/uploads\/usu1374\/2015\/05\/XDSC07420.redimensionada.jpg\"><img loading=\"lazy\" decoding=\"async\" class=\"wp-image-1483 size-medium alignleft\" src=\"http:\/\/serveiseducatius.xtec.cat\/edadelcanigo\/wp-content\/uploads\/usu1374\/2015\/05\/XDSC07420.redimensionada-300x200.jpg\" alt=\"XDSC07420.redimensionada\" width=\"300\" height=\"200\" srcset=\"https:\/\/serveiseducatius.xtec.cat\/edadelcanigo\/wp-content\/uploads\/usu1374\/2015\/05\/XDSC07420.redimensionada-300x200.jpg 300w, https:\/\/serveiseducatius.xtec.cat\/edadelcanigo\/wp-content\/uploads\/usu1374\/2015\/05\/XDSC07420.redimensionada.jpg 640w\" sizes=\"auto, (max-width: 300px) 100vw, 300px\" \/><\/a>Nom activitat:<\/strong> Memorial Ribesaltes<\/p>\n<p style=\"text-align: justify;\"><strong>\u00c0mbit Curricular:<\/strong> Ci\u00e8ncies Socials, Hist\u00f2ria del m\u00f3n contemporani.<\/p>\n<p style=\"text-align: justify;\"><strong>Nivell<\/strong>:\u00a0<b>\u00a0\u00a0 <\/b> ESO, Batxillerat\u00a0 \u00a0 \u00a0 \u00a0 \u00a0 \u00a0 \u00a0 \u00a0 \u00a0 \u00a0 \u00a0 \u00a0 \u00a0 \u00a0 \u00a0 \u00a0 \u00a0 \u00a0 \u00a0 \u00a0 \u00a0 \u00a0 \u00a0 \u00a0 \u00a0 \u00a0 \u00a0<strong>\u00a0 Durada: <\/strong>mat\u00ed \/ tarda<\/p>\n<p style=\"text-align: justify;\"><strong>Estacionalitat:<\/strong> \u00a0Tot l\u2019any<\/p>\n<p style=\"text-align: justify;\"><strong>Objectius:<\/strong>\u00a0 Donar l\u2019oportunitat de con\u00e8ixer espais de mem\u00f2ria hist\u00f2rica oferint la possibilitat d\u2019empatitzar amb les experi\u00e8ncies viscudes pels exiliats. Con\u00e8ixer els camins de l\u2019exili seguits pels catalans com a conseq\u00fc\u00e8ncia de la guerra civil espanyola, aix\u00ed com les diferents estrat\u00e8gies de superviv\u00e8ncia que varen seguir una vegada passats els Pirineus. Con\u00e8ixer l\u2019experi\u00e8ncia hist\u00f2rica d\u2019altres exiliats i analitzar els casos del m\u00f3n contemporani. Reflexionar sobre el fet fronterer al llarg de la hist\u00f2ria i els seus avantatges i inconvenients.<\/p>\n<p style=\"text-align: justify;\"><strong>Descripci\u00f3:<\/strong> El Memorial de Ribesaltes, anomenat antigament Camp Joffre, ofereix la possibilitat de visitar un camp de concentraci\u00f3 que durant el segle XX fou testimoni de les pen\u00faries de quatre col\u00b7lectius v\u00edctimes dels conflictes b\u00e8l\u00b7lics europeus: exiliats republicans, jueus, gitanos i harkis algerians. Els alumnes treballaran un testimoni concret a partir d&#8217;una audici\u00f3, cercaran informaci\u00f3 en mapes interactius, reflexionaran al voltant d&#8217;un objecte i acabarem la sessi\u00f3 discutint i debaten la situaci\u00f3 actual des d&#8217;una perspectiva hist\u00f2rica.<\/p>\n<p style=\"text-align: justify;\"><strong>Compet\u00e8ncies:<\/strong><\/p>\n<table id=\"report_R31046229246265901\" border=\"0\" width=\"100%\" cellspacing=\"0\" cellpadding=\"3\">\n<tbody>\n<tr class=\"highlight-row\">\n<td class=\"text\" bgcolor=\"#e9e9e9\"><a href=\"https:\/\/aplicacions.gestioeducativa.gencat.cat\/pls\/apex\/f?p=151:307:417609592452427::NO::P307_ID_ACTIVITAT,P307_ID_REL_ACT_COMP:4020,5668\"><img decoding=\"async\" src=\"https:\/\/aplicacions.gestioeducativa.gencat.cat\/i\/e2.gif\" alt=\"\" \/><\/a><\/td>\n<td class=\"text\" bgcolor=\"#e9e9e9\">AMBS-SOC<\/td>\n<td class=\"text\" bgcolor=\"#e9e9e9\">DIM19S-SOC<\/td>\n<td class=\"text\" bgcolor=\"#e9e9e9\">CO1S-SOC<\/td>\n<td class=\"text\" bgcolor=\"#e9e9e9\">Analitzar els canvis i les continu\u00eftats dels fets o fen\u00f2mens hist\u00f2rics per comprendre&#8217;n la causalitat hist\u00f2rica<\/td>\n<\/tr>\n<tr class=\"highlight-row\">\n<td class=\"text\" bgcolor=\"#F3F3F3\"><a href=\"https:\/\/aplicacions.gestioeducativa.gencat.cat\/pls\/apex\/f?p=151:307:417609592452427::NO::P307_ID_ACTIVITAT,P307_ID_REL_ACT_COMP:4020,5669\"><img decoding=\"async\" src=\"https:\/\/aplicacions.gestioeducativa.gencat.cat\/i\/e2.gif\" alt=\"\" \/><\/a><\/td>\n<td class=\"text\" bgcolor=\"#F3F3F3\">AMBS-SOC<\/td>\n<td class=\"text\" bgcolor=\"#F3F3F3\">DIM22S-SOC<\/td>\n<td class=\"text\" bgcolor=\"#F3F3F3\">CO11S-SOC<\/td>\n<td class=\"text\" bgcolor=\"#F3F3F3\">Formar-se un criteri propi sobre problemes socials rellevants per desenvolupar un pensament cr\u00edtic<\/td>\n<\/tr>\n<\/tbody>\n<\/table>\n<p style=\"text-align: justify;\">\u00a0<a href=\"http:\/\/serveiseducatius.xtec.cat\/edadelcanigo\/wp-content\/uploads\/usu1374\/2015\/05\/DSC06450.redimensionada.jpg\"><img loading=\"lazy\" decoding=\"async\" class=\"alignnone size-large wp-image-8997\" src=\"http:\/\/serveiseducatius.xtec.cat\/edadelcanigo\/wp-content\/uploads\/usu1374\/2015\/05\/DSC06450.redimensionada-1024x682.jpg\" alt=\"\" width=\"1024\" height=\"682\" srcset=\"https:\/\/serveiseducatius.xtec.cat\/edadelcanigo\/wp-content\/uploads\/usu1374\/2015\/05\/DSC06450.redimensionada.jpg 1024w, https:\/\/serveiseducatius.xtec.cat\/edadelcanigo\/wp-content\/uploads\/usu1374\/2015\/05\/DSC06450.redimensionada-300x200.jpg 300w, https:\/\/serveiseducatius.xtec.cat\/edadelcanigo\/wp-content\/uploads\/usu1374\/2015\/05\/DSC06450.redimensionada-768x512.jpg 768w\" sizes=\"auto, (max-width: 1024px) 100vw, 1024px\" \/><\/a><\/p>\n","protected":false},"excerpt":{"rendered":"<p><a href=\"http:\/\/serveiseducatius.xtec.cat\/edadelcanigo\/wp-content\/uploads\/usu1374\/2015\/05\/XDSC07420.redimensionada.jpg\"><\/a>Nom activitat: Memorial Ribesaltes<br \/>\n\u00c0mbit Curricular: Ci\u00e8ncies Socials, Hist\u00f2ria del m\u00f3n contemporani.<br \/>\nNivell:\u00a0\u00a0\u00a0  ESO, Batxillerat\u00a0 \u00a0 \u00a0 \u00a0 \u00a0 \u00a0 \u00a0 \u00a0 \u00a0 \u00a0 \u00a0 \u00a0 \u00a0 \u00a0 \u00a0 \u00a0 \u00a0 \u00a0 \u00a0 \u00a0 \u00a0 \u00a0 \u00a0 \u00a0 \u00a0 \u00a0 \u00a0\u00a0 Durada: mat\u00ed \/ tarda<br \/>\nEstacionalitat:&hellip;  <a href=\"https:\/\/serveiseducatius.xtec.cat\/edadelcanigo\/el-camp\/ambits\/exili\/museu-memorial-ribesaltes\/\" title=\"Read Memorial Ribesaltes\">Llegeix m\u00e9s\u00bb<\/a><\/p>\n","protected":false},"author":4,"featured_media":0,"parent":8680,"menu_order":0,"comment_status":"closed","ping_status":"closed","template":"page-templates\/side-menu.php","meta":{"_bbp_topic_count":0,"_bbp_reply_count":0,"_bbp_total_topic_count":0,"_bbp_total_reply_count":0,"_bbp_voice_count":0,"_bbp_anonymous_reply_count":0,"_bbp_topic_count_hidden":0,"_bbp_reply_count_hidden":0,"_bbp_forum_subforum_count":0,"footnotes":""},"class_list":["post-1053","page","type-page","status-publish","hentry"],"post_mailing_queue_ids":[],"_links":{"self":[{"href":"https:\/\/serveiseducatius.xtec.cat\/edadelcanigo\/wp-json\/wp\/v2\/pages\/1053","targetHints":{"allow":["GET"]}}],"collection":[{"href":"https:\/\/serveiseducatius.xtec.cat\/edadelcanigo\/wp-json\/wp\/v2\/pages"}],"about":[{"href":"https:\/\/serveiseducatius.xtec.cat\/edadelcanigo\/wp-json\/wp\/v2\/types\/page"}],"author":[{"embeddable":true,"href":"https:\/\/serveiseducatius.xtec.cat\/edadelcanigo\/wp-json\/wp\/v2\/users\/4"}],"replies":[{"embeddable":true,"href":"https:\/\/serveiseducatius.xtec.cat\/edadelcanigo\/wp-json\/wp\/v2\/comments?post=1053"}],"version-history":[{"count":3,"href":"https:\/\/serveiseducatius.xtec.cat\/edadelcanigo\/wp-json\/wp\/v2\/pages\/1053\/revisions"}],"predecessor-version":[{"id":8998,"href":"https:\/\/serveiseducatius.xtec.cat\/edadelcanigo\/wp-json\/wp\/v2\/pages\/1053\/revisions\/8998"}],"up":[{"embeddable":true,"href":"https:\/\/serveiseducatius.xtec.cat\/edadelcanigo\/wp-json\/wp\/v2\/pages\/8680"}],"wp:attachment":[{"href":"https:\/\/serveiseducatius.xtec.cat\/edadelcanigo\/wp-json\/wp\/v2\/media?parent=1053"}],"curies":[{"name":"wp","href":"https:\/\/api.w.org\/{rel}","templated":true}]}}

<p style="text-align: justify;"><strong><a href="http://serveiseducatius.xtec.cat/edadelcanigo/wp-content/uploads/usu1374/2015/05/XDSC07420.redimensionada.jpg"><img loading="lazy" decoding="async" class="wp-image-1483 size-medium alignleft" src="http://serveiseducatius.xtec.cat/edadelcanigo/wp-content/uploads/usu1374/2015/05/XDSC07420.redimensionada-300x200.jpg" alt="XDSC07420.redimensionada" width="300" height="200" srcset="https://serveiseducatius.xtec.cat/edadelcanigo/wp-content/uploads/usu1374/2015/05/XDSC07420.redimensionada-300x200.jpg 300w, https://serveiseducatius.xtec.cat/edadelcanigo/wp-content/uploads/usu1374/2015/05/XDSC07420.redimensionada.jpg 640w" sizes="auto, (max-width: 300px) 100vw, 300px" /></a>Nom activitat:</strong> Memorial Ribesaltes</p>
<p style="text-align: justify;"><strong>Àmbit Curricular:</strong> Ciències Socials, Història del món contemporani.</p>
<p style="text-align: justify;"><strong>Nivell</strong>: <b>   </b> ESO, Batxillerat                                                     <strong>  Durada: </strong>matí / tarda</p>
<p style="text-align: justify;"><strong>Estacionalitat:</strong>  Tot l’any</p>
<p style="text-align: justify;"><strong>Objectius:</strong>  Donar l’oportunitat de conèixer espais de memòria històrica oferint la possibilitat d’empatitzar amb les experiències viscudes pels exiliats. Conèixer els camins de l’exili seguits pels catalans com a conseqüència de la guerra civil espanyola, així com les diferents estratègies de supervivència que varen seguir una vegada passats els Pirineus. Conèixer l’experiència històrica d’altres exiliats i analitzar els casos del món contemporani. Reflexionar sobre el fet fronterer al llarg de la història i els seus avantatges i inconvenients.</p>
<p style="text-align: justify;"><strong>Descripció:</strong> El Memorial de Ribesaltes, anomenat antigament Camp Joffre, ofereix la possibilitat de visitar un camp de concentració que durant el segle XX fou testimoni de les penúries de quatre col·lectius víctimes dels conflictes bèl·lics europeus: exiliats republicans, jueus, gitanos i harkis algerians. Els alumnes treballaran un testimoni concret a partir d&#8217;una audició, cercaran informació en mapes interactius, reflexionaran al voltant d&#8217;un objecte i acabarem la sessió discutint i debaten la situació actual des d&#8217;una perspectiva històrica.</p>
<p style="text-align: justify;"><strong>Competències:</strong></p>
<table id="report_R31046229246265901" border="0" width="100%" cellspacing="0" cellpadding="3">
<tbody>
<tr class="highlight-row">
<td class="text" bgcolor="#e9e9e9"><a href="https://aplicacions.gestioeducativa.gencat.cat/pls/apex/f?p=151:307:417609592452427::NO::P307_ID_ACTIVITAT,P307_ID_REL_ACT_COMP:4020,5668"><img decoding="async" src="https://aplicacions.gestioeducativa.gencat.cat/i/e2.gif" alt="" /></a></td>
<td class="text" bgcolor="#e9e9e9">AMBS-SOC</td>
<td class="text" bgcolor="#e9e9e9">DIM19S-SOC</td>
<td class="text" bgcolor="#e9e9e9">CO1S-SOC</td>
<td class="text" bgcolor="#e9e9e9">Analitzar els canvis i les continuïtats dels fets o fenòmens històrics per comprendre&#8217;n la causalitat històrica</td>
</tr>
<tr class="highlight-row">
<td class="text" bgcolor="#F3F3F3"><a href="https://aplicacions.gestioeducativa.gencat.cat/pls/apex/f?p=151:307:417609592452427::NO::P307_ID_ACTIVITAT,P307_ID_REL_ACT_COMP:4020,5669"><img decoding="async" src="https://aplicacions.gestioeducativa.gencat.cat/i/e2.gif" alt="" /></a></td>
<td class="text" bgcolor="#F3F3F3">AMBS-SOC</td>
<td class="text" bgcolor="#F3F3F3">DIM22S-SOC</td>
<td class="text" bgcolor="#F3F3F3">CO11S-SOC</td>
<td class="text" bgcolor="#F3F3F3">Formar-se un criteri propi sobre problemes socials rellevants per desenvolupar un pensament crític</td>
</tr>
</tbody>
</table>
<p style="text-align: justify;"> <a href="http://serveiseducatius.xtec.cat/edadelcanigo/wp-content/uploads/usu1374/2015/05/DSC06450.redimensionada.jpg"><img loading="lazy" decoding="async" class="alignnone size-large wp-image-8997" src="http://serveiseducatius.xtec.cat/edadelcanigo/wp-content/uploads/usu1374/2015/05/DSC06450.redimensionada-1024x682.jpg" alt="" width="1024" height="682" srcset="https://serveiseducatius.xtec.cat/edadelcanigo/wp-content/uploads/usu1374/2015/05/DSC06450.redimensionada.jpg 1024w, https://serveiseducatius.xtec.cat/edadelcanigo/wp-content/uploads/usu1374/2015/05/DSC06450.redimensionada-300x200.jpg 300w, https://serveiseducatius.xtec.cat/edadelcanigo/wp-content/uploads/usu1374/2015/05/DSC06450.redimensionada-768x512.jpg 768w" sizes="auto, (max-width: 1024px) 100vw, 1024px" /></a></p>

<p><a href="http://serveiseducatius.xtec.cat/edadelcanigo/wp-content/uploads/usu1374/2015/05/XDSC07420.redimensionada.jpg"></a>Nom activitat: Memorial Ribesaltes<br />
Àmbit Curricular: Ciències Socials, Història del món contemporani.<br />
Nivell:     ESO, Batxillerat                                                       Durada: matí / tarda<br />
Estacionalitat:&hellip;  <a href="https://serveiseducatius.xtec.cat/edadelcanigo/el-camp/ambits/exili/museu-memorial-ribesaltes/" title="Read Memorial Ribesaltes">Llegeix més»</a></p>
