{"id":8225,"date":"2016-06-20T17:21:25","date_gmt":"2016-06-20T16:21:25","guid":{"rendered":"http:\/\/serveiseducatius.xtec.cat\/eda-pujalt\/?page_id=8225"},"modified":"2024-04-23T12:41:57","modified_gmt":"2024-04-23T10:41:57","slug":"el-camp","status":"publish","type":"page","link":"https:\/\/serveiseducatius.xtec.cat\/eda-pujalt\/el-camp\/","title":{"rendered":"El CdA"},"content":{"rendered":"<p>L&#8217;Entorn d&#8217;Aprenentatge de Pujalt va comen\u00e7ar a caminar el curs 2014-2015. <strong>Actualment, ja Camp d&#8217;Aprenentatge des del curs 2023-2024<\/strong> est\u00e0 situat a l&#8217;Observatori de Pujalt (Alta Anoia).<\/p>\n<p>L&#8217;Observatori va comen\u00e7ar a funcionar al llarg del 2003 entrant ja a ple rendiment al 2004. Al llarg dels primera anys es van anar preparant i portant a terme activitats al voltant de la meteorologia, l&#8217;astronomia i les energies renovables que van acabar materialitzant l&#8217;Entorn d&#8217;Aprenentatge l&#8217;estiu de 2014 amb el conveni que es va signar entre el Departament d&#8217;Educaci\u00f3, l&#8217;Ajuntament de Pujalt, el Consell Comarcal de l&#8217;Anoia i la Fundaci\u00f3 Ernest Guille que \u00e9s qui gestiona l&#8217;Observatori de Pujalt.<\/p>\n","protected":false},"excerpt":{"rendered":"<p>L&#8217;Entorn d&#8217;Aprenentatge de Pujalt va comen\u00e7ar a caminar el curs 2014-2015. Actualment, ja Camp d&#8217;Aprenentatge des del curs 2023-2024 est\u00e0 situat a l&#8217;Observatori de Pujalt (Alta Anoia). L&#8217;Observatori va comen\u00e7ar a funcionar al llarg del 2003 entrant ja a ple rendiment al 2004. Al llarg dels primera anys es van anar preparant i portant a [&hellip;]<\/p>\n","protected":false},"author":1,"featured_media":0,"parent":0,"menu_order":0,"comment_status":"closed","ping_status":"closed","template":"page-templates\/side-menu.php","meta":{"_bbp_topic_count":0,"_bbp_reply_count":0,"_bbp_total_topic_count":0,"_bbp_total_reply_count":0,"_bbp_voice_count":0,"_bbp_anonymous_reply_count":0,"_bbp_topic_count_hidden":0,"_bbp_reply_count_hidden":0,"_bbp_forum_subforum_count":0,"site-sidebar-layout":"default","site-content-layout":"","ast-site-content-layout":"","site-content-style":"default","site-sidebar-style":"default","ast-global-header-display":"","ast-banner-title-visibility":"","ast-main-header-display":"","ast-hfb-above-header-display":"","ast-hfb-below-header-display":"","ast-hfb-mobile-header-display":"","site-post-title":"","ast-breadcrumbs-content":"","ast-featured-img":"","footer-sml-layout":"","theme-transparent-header-meta":"","adv-header-id-meta":"","stick-header-meta":"","header-above-stick-meta":"","header-main-stick-meta":"","header-below-stick-meta":"","astra-migrate-meta-layouts":"default","ast-page-background-enabled":"default","ast-page-background-meta":{"desktop":{"background-color":"var(--ast-global-color-4)","background-image":"","background-repeat":"repeat","background-position":"center center","background-size":"auto","background-attachment":"scroll","background-type":"","background-media":"","overlay-type":"","overlay-color":"","overlay-opacity":"","overlay-gradient":""},"tablet":{"background-color":"","background-image":"","background-repeat":"repeat","background-position":"center center","background-size":"auto","background-attachment":"scroll","background-type":"","background-media":"","overlay-type":"","overlay-color":"","overlay-opacity":"","overlay-gradient":""},"mobile":{"background-color":"","background-image":"","background-repeat":"repeat","background-position":"center center","background-size":"auto","background-attachment":"scroll","background-type":"","background-media":"","overlay-type":"","overlay-color":"","overlay-opacity":"","overlay-gradient":""}},"ast-content-background-meta":{"desktop":{"background-color":"var(--ast-global-color-5)","background-image":"","background-repeat":"repeat","background-position":"center center","background-size":"auto","background-attachment":"scroll","background-type":"","background-media":"","overlay-type":"","overlay-color":"","overlay-opacity":"","overlay-gradient":""},"tablet":{"background-color":"var(--ast-global-color-5)","background-image":"","background-repeat":"repeat","background-position":"center center","background-size":"auto","background-attachment":"scroll","background-type":"","background-media":"","overlay-type":"","overlay-color":"","overlay-opacity":"","overlay-gradient":""},"mobile":{"background-color":"var(--ast-global-color-5)","background-image":"","background-repeat":"repeat","background-position":"center center","background-size":"auto","background-attachment":"scroll","background-type":"","background-media":"","overlay-type":"","overlay-color":"","overlay-opacity":"","overlay-gradient":""}},"footnotes":""},"class_list":["post-8225","page","type-page","status-publish","hentry"],"post_mailing_queue_ids":[],"_links":{"self":[{"href":"https:\/\/serveiseducatius.xtec.cat\/eda-pujalt\/wp-json\/wp\/v2\/pages\/8225","targetHints":{"allow":["GET"]}}],"collection":[{"href":"https:\/\/serveiseducatius.xtec.cat\/eda-pujalt\/wp-json\/wp\/v2\/pages"}],"about":[{"href":"https:\/\/serveiseducatius.xtec.cat\/eda-pujalt\/wp-json\/wp\/v2\/types\/page"}],"author":[{"embeddable":true,"href":"https:\/\/serveiseducatius.xtec.cat\/eda-pujalt\/wp-json\/wp\/v2\/users\/1"}],"replies":[{"embeddable":true,"href":"https:\/\/serveiseducatius.xtec.cat\/eda-pujalt\/wp-json\/wp\/v2\/comments?post=8225"}],"version-history":[{"count":5,"href":"https:\/\/serveiseducatius.xtec.cat\/eda-pujalt\/wp-json\/wp\/v2\/pages\/8225\/revisions"}],"predecessor-version":[{"id":8565,"href":"https:\/\/serveiseducatius.xtec.cat\/eda-pujalt\/wp-json\/wp\/v2\/pages\/8225\/revisions\/8565"}],"wp:attachment":[{"href":"https:\/\/serveiseducatius.xtec.cat\/eda-pujalt\/wp-json\/wp\/v2\/media?parent=8225"}],"curies":[{"name":"wp","href":"https:\/\/api.w.org\/{rel}","templated":true}]}}