{"id":54,"date":"2013-11-14T18:56:33","date_gmt":"2013-11-14T17:56:33","guid":{"rendered":"http:\/\/blocs.xtec.cat\/plantillacda\/?page_id=54"},"modified":"2024-04-23T12:44:39","modified_gmt":"2024-04-23T10:44:39","slug":"presentacio","status":"publish","type":"page","link":"https:\/\/serveiseducatius.xtec.cat\/eda-pujalt\/el-camp\/presentacio\/","title":{"rendered":"Presentaci\u00f3"},"content":{"rendered":"<p><strong>El Camp d&#8217;aprenentatge de Pujalt<\/strong> \u00e9s un observatori meteorol\u00f2gic i astron\u00f2mic on observem el cel de dia i de nit a 750m d\u2019altitud a la Catalunya Central.\u00a0 En aquest indret privilegiat portem a terme investigaci\u00f3 i did\u00e0ctica de la meteorologia i l\u2019astronomia i a la vegada tamb\u00e9 did\u00e0ctica i conscienciaci\u00f3 pel medi ambient i les energies renovables.<\/p>\n<p>Des del curs 2023-2024 som \u201cCamp \u00a0d\u2019aprenentatge\u201d (CdA) del departament d\u2019Ensenyament de la Generalitat de Catalunya.<\/p>\n<p>Les activitats d&#8217;aquest CdA s\u00f3n adequades als alumnes dels seg\u00fcents nivells educatius:<\/p>\n<ul>\n<li>Cicle mitj\u00e0 i superior de prim\u00e0ria<\/li>\n<li>ESO<\/li>\n<li>Batxillerat<\/li>\n<li>Cicles mitj\u00e0 i superior<\/li>\n<\/ul>\n<h4><strong>Una mica d&#8217;historia<\/strong><\/h4>\n<p>L\u2019Observatori de Pujalt neix l\u2019any 2003 despr\u00e9s de molt treball per part de l\u2019Ernest Guille i Molin\u00e9, l\u2019Ajuntament de Pujalt i els membres de la Fundaci\u00f3 Ernest Guille i Molin\u00e9. Aquest treball comen\u00e7a al desembre de 2001 quan l\u2019Ernest aterra a Pujalt. L\u2019Ernest portava al damunt l\u2019experi\u00e8ncia de tota una vida dedicada a la ci\u00e8ncia i sobretot la de m\u00e9s de 20 anys al capdavant de l\u2019Observatori situat a la masia familiar de Ben Viure a Veciana.<\/p>\n<p>A principis del 2004 l\u2019Observatori de Pujalt funciona ja a ple rendiment amb la presa de dades meteorol\u00f2giques, visites d\u2019escoles i de diferents grups, amb observacions astron\u00f2miques, com el tr\u00e0nsit de Venus, investigacions cient\u00edfiques, etc. \u00c9s, per\u00f2, el 17 de desembre de 2004 quan es fa la inauguraci\u00f3 oficial a c\u00e0rrec del Molt Honorable Sr. Pasqual Maragall, President de la Generalitat de Catalunya.<\/p>\n<p>En el mateix 2004, la Direcci\u00f3 General d\u2019Energia i Mines de la Generalitat de Catalunya instal\u2022la, a dins de l\u2019Observatori, una Estaci\u00f3 de la Xarxa General de Vigil\u00e0ncia Radiol\u00f2gica Ambiental de Catalunya. En el 2005, l\u2019Ajuntament de Pujalt, instal\u2022la 12 pannells fotovoltaics (50m2) amb seguidor solar al costat de l\u2019Observatori. Des de llavors l\u2019Observatori fa el seguiment tan de l\u2019Estaci\u00f3 de Vigil\u00e0ncia Radiol\u00f2gica com de les plaques solars fotovoltaiques.<\/p>\n<p>L\u2019Observatori de Pujalt \u00e9s gestionat per la Fundaci\u00f3 Ernest Guille i Molin\u00e9 i t\u00e9 el principal suport de l\u2019Ajuntament de Pujalt. Els principals objectius de l\u2019Observatori s\u00f3n fer difusi\u00f3 i did\u00e0ctica de la ci\u00e8ncia i realitzar investigaci\u00f3 cient\u00edfica. Aix\u00f2 es porta a terme realitzant cursets de meteorologia i astronomia per a escoles i adults, observacions astron\u00f2miques per al p\u00fablic en general amb explicacions complement\u00e0ries d\u2019astronomia, xerrades entorn a la ci\u00e8ncia i tamb\u00e9 al voltant de l\u2019energia, visites per ensenyar com es treballa a l\u2019Observatori i moltes coses m\u00e9s. En la part d\u2019investigaci\u00f3, a l\u2019Observatori de Pujalt es recull les diferents variables atmosf\u00e8riques per tal d\u2019agafar-les com a punt de partida per realitzar les prediccions meteorol\u00f2giques per a la Catalunya Central. Aquestes tamb\u00e9 serveixen per tal de tenir una font de dades per realitzar estudis clim\u00e0tics. L\u2019Observatori vol ser un lloc on la gent es trobi amb contacte directe amb la ci\u00e8ncia i pugui tocar amb els seus dits com treballa aquesta.<\/p>\n<p>L\u2019Ernest va acumular molta experi\u00e8ncia al llarg de la seva vida, experi\u00e8ncia que no va abandonar fins el darrer dia i que va plasmar en aquest Observatori. Amb la mort de l\u2019Ernest el juny de 2008 la seva llavor ja estava plantada i des de llavors mirem de regar-la per tal que creixi amb for\u00e7a.<\/p>\n<h4>Objectius<\/h4>\n<ul>\n<li>Posar a l\u2019abast dels centres els mitjans did\u00e0ctics necessaris per al coneixement i la comprensi\u00f3 de les restes d\u2019una ciutat que canvia i evoluciona al llarg del temps: \u00e8poca romana, medieval, etc.<\/li>\n<li>Fer con\u00e8ixer als alumnes la necessitat de les relacions i la interdepend\u00e8ncia de la ciutat amb el seu territori.<\/li>\n<li>Con\u00e8ixer i comprendre l\u2019estructura urbana d\u2019una ciutat.<\/li>\n<li>Entendre la ciutat com a ecosistema.<\/li>\n<li>Potenciar el treball de camp com una eina did\u00e0ctica b\u00e0sica per al coneixement de l\u2019entorn.<\/li>\n<li>Sensibilitzar als estudiants vers la necessitat de con\u00e8ixer, respectar i estimar el medi que ens envolta.<\/li>\n<li>Posar els nois\/es en contacte amb el medi f\u00edsic, econ\u00f2mic, industrial i social de la ciutat i el seu camp d\u2019influ\u00e8ncia.<\/li>\n<li>Procurar que els alumnes desenvolupin t\u00e8cniques d\u2019investigaci\u00f3 i de treball cient\u00edfic conforme les indicacions del Departament d\u2019Educaci\u00f3.<\/li>\n<\/ul>\n<p><strong><span style=\"font-size: large;\">Us hi esperem!<\/span><\/strong><\/p>\n<hr \/>\n<p><span style=\"color: #808080;\"><span style=\"font-size: small;\"><sup>1<\/sup><\/span><span style=\"font-size: small;\">Els camps d&#8217;aprenentatge s\u00f3n serveis educatius del Departament d&#8217;Ensenyament que ofereixen al professorat i als centres docents la possibilitat de desenvolupar projectes de treball per a l&#8217;estudi i l&#8217;experimentaci\u00f3 en un medi singular de Catalunya; s&#8217;adrecen principalment a alumnes d&#8217;educaci\u00f3 prim\u00e0ria, secund\u00e0ria, cicles formatius i batxillerat. Podeu trobar m\u00e9s informaci\u00f3 a:\u00a0<a href=\"http:\/\/xtec.gencat.cat\/ca\/serveis\/cda\/queson\/\" target=\"_blank\" rel=\"noopener noreferrer\">http:\/\/xtec.gencat.cat\/ca\/serveis\/cda\/queson\/<\/a><\/span><\/span><\/p>\n","protected":false},"excerpt":{"rendered":"<p>El Camp d&#8217;aprenentatge de Pujalt \u00e9s un observatori meteorol\u00f2gic i astron\u00f2mic on observem el cel de dia i de nit a 750m d\u2019altitud a la Catalunya Central.\u00a0 En aquest indret privilegiat portem a terme investigaci\u00f3 i did\u00e0ctica de la meteorologia i l\u2019astronomia i a la vegada tamb\u00e9 did\u00e0ctica i conscienciaci\u00f3 pel medi ambient i les [&hellip;]<\/p>\n","protected":false},"author":1,"featured_media":0,"parent":8225,"menu_order":10,"comment_status":"closed","ping_status":"closed","template":"page-templates\/side-menu.php","meta":{"_bbp_topic_count":0,"_bbp_reply_count":0,"_bbp_total_topic_count":0,"_bbp_total_reply_count":0,"_bbp_voice_count":0,"_bbp_anonymous_reply_count":0,"_bbp_topic_count_hidden":0,"_bbp_reply_count_hidden":0,"_bbp_forum_subforum_count":0,"site-sidebar-layout":"default","site-content-layout":"","ast-site-content-layout":"","site-content-style":"default","site-sidebar-style":"default","ast-global-header-display":"","ast-banner-title-visibility":"","ast-main-header-display":"","ast-hfb-above-header-display":"","ast-hfb-below-header-display":"","ast-hfb-mobile-header-display":"","site-post-title":"","ast-breadcrumbs-content":"","ast-featured-img":"","footer-sml-layout":"","theme-transparent-header-meta":"","adv-header-id-meta":"","stick-header-meta":"","header-above-stick-meta":"","header-main-stick-meta":"","header-below-stick-meta":"","astra-migrate-meta-layouts":"default","ast-page-background-enabled":"default","ast-page-background-meta":{"desktop":{"background-color":"var(--ast-global-color-4)","background-image":"","background-repeat":"repeat","background-position":"center center","background-size":"auto","background-attachment":"scroll","background-type":"","background-media":"","overlay-type":"","overlay-color":"","overlay-opacity":"","overlay-gradient":""},"tablet":{"background-color":"","background-image":"","background-repeat":"repeat","background-position":"center center","background-size":"auto","background-attachment":"scroll","background-type":"","background-media":"","overlay-type":"","overlay-color":"","overlay-opacity":"","overlay-gradient":""},"mobile":{"background-color":"","background-image":"","background-repeat":"repeat","background-position":"center center","background-size":"auto","background-attachment":"scroll","background-type":"","background-media":"","overlay-type":"","overlay-color":"","overlay-opacity":"","overlay-gradient":""}},"ast-content-background-meta":{"desktop":{"background-color":"var(--ast-global-color-5)","background-image":"","background-repeat":"repeat","background-position":"center center","background-size":"auto","background-attachment":"scroll","background-type":"","background-media":"","overlay-type":"","overlay-color":"","overlay-opacity":"","overlay-gradient":""},"tablet":{"background-color":"var(--ast-global-color-5)","background-image":"","background-repeat":"repeat","background-position":"center center","background-size":"auto","background-attachment":"scroll","background-type":"","background-media":"","overlay-type":"","overlay-color":"","overlay-opacity":"","overlay-gradient":""},"mobile":{"background-color":"var(--ast-global-color-5)","background-image":"","background-repeat":"repeat","background-position":"center center","background-size":"auto","background-attachment":"scroll","background-type":"","background-media":"","overlay-type":"","overlay-color":"","overlay-opacity":"","overlay-gradient":""}},"footnotes":""},"class_list":["post-54","page","type-page","status-publish","hentry"],"post_mailing_queue_ids":[],"_links":{"self":[{"href":"https:\/\/serveiseducatius.xtec.cat\/eda-pujalt\/wp-json\/wp\/v2\/pages\/54","targetHints":{"allow":["GET"]}}],"collection":[{"href":"https:\/\/serveiseducatius.xtec.cat\/eda-pujalt\/wp-json\/wp\/v2\/pages"}],"about":[{"href":"https:\/\/serveiseducatius.xtec.cat\/eda-pujalt\/wp-json\/wp\/v2\/types\/page"}],"author":[{"embeddable":true,"href":"https:\/\/serveiseducatius.xtec.cat\/eda-pujalt\/wp-json\/wp\/v2\/users\/1"}],"replies":[{"embeddable":true,"href":"https:\/\/serveiseducatius.xtec.cat\/eda-pujalt\/wp-json\/wp\/v2\/comments?post=54"}],"version-history":[{"count":4,"href":"https:\/\/serveiseducatius.xtec.cat\/eda-pujalt\/wp-json\/wp\/v2\/pages\/54\/revisions"}],"predecessor-version":[{"id":8569,"href":"https:\/\/serveiseducatius.xtec.cat\/eda-pujalt\/wp-json\/wp\/v2\/pages\/54\/revisions\/8569"}],"up":[{"embeddable":true,"href":"https:\/\/serveiseducatius.xtec.cat\/eda-pujalt\/wp-json\/wp\/v2\/pages\/8225"}],"wp:attachment":[{"href":"https:\/\/serveiseducatius.xtec.cat\/eda-pujalt\/wp-json\/wp\/v2\/media?parent=54"}],"curies":[{"name":"wp","href":"https:\/\/api.w.org\/{rel}","templated":true}]}}

Presentació

<p><strong>El Camp d&#8217;aprenentatge de Pujalt</strong> és un observatori meteorològic i astronòmic on observem el cel de dia i de nit a 750m d’altitud a la Catalunya Central.  En aquest indret privilegiat portem a terme investigació i didàctica de la meteorologia i l’astronomia i a la vegada també didàctica i conscienciació pel medi ambient i les energies renovables.</p>
<p>Des del curs 2023-2024 som “Camp  d’aprenentatge” (CdA) del departament d’Ensenyament de la Generalitat de Catalunya.</p>
<p>Les activitats d&#8217;aquest CdA són adequades als alumnes dels següents nivells educatius:</p>
<ul>
<li>Cicle mitjà i superior de primària</li>
<li>ESO</li>
<li>Batxillerat</li>
<li>Cicles mitjà i superior</li>
</ul>
<h4><strong>Una mica d&#8217;historia</strong></h4>
<p>L’Observatori de Pujalt neix l’any 2003 després de molt treball per part de l’Ernest Guille i Moliné, l’Ajuntament de Pujalt i els membres de la Fundació Ernest Guille i Moliné. Aquest treball comença al desembre de 2001 quan l’Ernest aterra a Pujalt. L’Ernest portava al damunt l’experiència de tota una vida dedicada a la ciència i sobretot la de més de 20 anys al capdavant de l’Observatori situat a la masia familiar de Ben Viure a Veciana.</p>
<p>A principis del 2004 l’Observatori de Pujalt funciona ja a ple rendiment amb la presa de dades meteorològiques, visites d’escoles i de diferents grups, amb observacions astronòmiques, com el trànsit de Venus, investigacions científiques, etc. És, però, el 17 de desembre de 2004 quan es fa la inauguració oficial a càrrec del Molt Honorable Sr. Pasqual Maragall, President de la Generalitat de Catalunya.</p>
<p>En el mateix 2004, la Direcció General d’Energia i Mines de la Generalitat de Catalunya instal•la, a dins de l’Observatori, una Estació de la Xarxa General de Vigilància Radiològica Ambiental de Catalunya. En el 2005, l’Ajuntament de Pujalt, instal•la 12 pannells fotovoltaics (50m2) amb seguidor solar al costat de l’Observatori. Des de llavors l’Observatori fa el seguiment tan de l’Estació de Vigilància Radiològica com de les plaques solars fotovoltaiques.</p>
<p>L’Observatori de Pujalt és gestionat per la Fundació Ernest Guille i Moliné i té el principal suport de l’Ajuntament de Pujalt. Els principals objectius de l’Observatori són fer difusió i didàctica de la ciència i realitzar investigació científica. Això es porta a terme realitzant cursets de meteorologia i astronomia per a escoles i adults, observacions astronòmiques per al públic en general amb explicacions complementàries d’astronomia, xerrades entorn a la ciència i també al voltant de l’energia, visites per ensenyar com es treballa a l’Observatori i moltes coses més. En la part d’investigació, a l’Observatori de Pujalt es recull les diferents variables atmosfèriques per tal d’agafar-les com a punt de partida per realitzar les prediccions meteorològiques per a la Catalunya Central. Aquestes també serveixen per tal de tenir una font de dades per realitzar estudis climàtics. L’Observatori vol ser un lloc on la gent es trobi amb contacte directe amb la ciència i pugui tocar amb els seus dits com treballa aquesta.</p>
<p>L’Ernest va acumular molta experiència al llarg de la seva vida, experiència que no va abandonar fins el darrer dia i que va plasmar en aquest Observatori. Amb la mort de l’Ernest el juny de 2008 la seva llavor ja estava plantada i des de llavors mirem de regar-la per tal que creixi amb força.</p>
<h4>Objectius</h4>
<ul>
<li>Posar a l’abast dels centres els mitjans didàctics necessaris per al coneixement i la comprensió de les restes d’una ciutat que canvia i evoluciona al llarg del temps: època romana, medieval, etc.</li>
<li>Fer conèixer als alumnes la necessitat de les relacions i la interdependència de la ciutat amb el seu territori.</li>
<li>Conèixer i comprendre l’estructura urbana d’una ciutat.</li>
<li>Entendre la ciutat com a ecosistema.</li>
<li>Potenciar el treball de camp com una eina didàctica bàsica per al coneixement de l’entorn.</li>
<li>Sensibilitzar als estudiants vers la necessitat de conèixer, respectar i estimar el medi que ens envolta.</li>
<li>Posar els nois/es en contacte amb el medi físic, econòmic, industrial i social de la ciutat i el seu camp d’influència.</li>
<li>Procurar que els alumnes desenvolupin tècniques d’investigació i de treball científic conforme les indicacions del Departament d’Educació.</li>
</ul>
<p><strong><span style="font-size: large;">Us hi esperem!</span></strong></p>
<hr />
<p><span style="color: #808080;"><span style="font-size: small;"><sup>1</sup></span><span style="font-size: small;">Els camps d&#8217;aprenentatge són serveis educatius del Departament d&#8217;Ensenyament que ofereixen al professorat i als centres docents la possibilitat de desenvolupar projectes de treball per a l&#8217;estudi i l&#8217;experimentació en un medi singular de Catalunya; s&#8217;adrecen principalment a alumnes d&#8217;educació primària, secundària, cicles formatius i batxillerat. Podeu trobar més informació a: <a href="http://xtec.gencat.cat/ca/serveis/cda/queson/" target="_blank" rel="noopener noreferrer">http://xtec.gencat.cat/ca/serveis/cda/queson/</a></span></span></p>

<p>El Camp d&#8217;aprenentatge de Pujalt és un observatori meteorològic i astronòmic on observem el cel de dia i de nit a 750m d’altitud a la Catalunya Central.  En aquest indret privilegiat portem a terme investigació i didàctica de la meteorologia i l’astronomia i a la vegada també didàctica i conscienciació pel medi ambient i les [&hellip;]</p>
