{"id":8225,"date":"2016-06-20T17:21:25","date_gmt":"2016-06-20T16:21:25","guid":{"rendered":"http:\/\/agora.xtec.cat\/eda-cardona\/?page_id=8225"},"modified":"2026-04-22T14:22:07","modified_gmt":"2026-04-22T12:22:07","slug":"el-camp","status":"publish","type":"page","link":"https:\/\/serveiseducatius.xtec.cat\/eda-cardona\/el-camp\/","title":{"rendered":"Informaci\u00f3"},"content":{"rendered":"<p>L&#8217;<strong>Entorn d&#8217;Aprenentatge (EdA) de Cardona<\/strong> \u00e9s un servei educatiu situat a la Catalunya Central, a la comarca del Bages. L&#8217;entorn del municipi de Cardona i tots els recursos que ens ofereix s\u00f3n motiu i font d&#8217;aprenentatge. Les propostes educatives s&#8217;emmarquen al voltant de tres eixos: la Muntanya de Sal, el Castell de Cardona i els h\u00e0bits saludables.<\/p>\n<p>Les nostres propostes parteixen d&#8217;un<strong> enfoc competencial del curr\u00edculum, <\/strong>a partir d&#8217;activitats seq\u00fcenciades segons etapa i cicle educatiu, a Infantil, prim\u00e0ria i secund\u00e0ria.<\/p>\n<h4><strong>Una mica d&#8217;historia<\/strong><\/h4>\n<p>L&#8217;EdA de Cardona \u00e9s un servei educatiu que va iniciar la seva tasca educativa el curs 2017\/18. Cardona \u00e9s un municipi que aposta per la salut, amb el projecte Cardona Integral, per l&#8217;entorn natural de gran riquesa geol\u00f2gica i pel patrimoni hist\u00f2ric del qual disposa.<\/p>\n<h4><strong>Qui som?<\/strong><\/h4>\n<p>L&#8217;EdA de Cardona sorgeix d&#8217;un conveni en el qual hi participen diferents entitats del municipi. Fundaci\u00f3 Cardona Hist\u00f2rica, que \u00e9s qui aporta recursos materials i personal. L&#8217;Ajuntament de Cardona, que ofereix equipaments municipals. La fundaci\u00f3 SHE, que aporta recursos materials i formaci\u00f3. I el Departament d&#8217;Educaci\u00f3 i Formaci\u00f3 Professional que aporta un docent.<\/p>\n<p>La nostra tasca docent amb l&#8217;alumnat es desenvolupa seguint l&#8217;horari escolar, aproximadament les 9 del mat\u00ed fins a les 5 de la tarda.<\/p>\n","protected":false},"excerpt":{"rendered":"<p>L&#8217;Entorn d&#8217;Aprenentatge (EdA) de Cardona \u00e9s un servei educatiu situat a la Catalunya Central, a la comarca del Bages. L&#8217;entorn del municipi de Cardona i tots els recursos que ens ofereix s\u00f3n motiu i font d&#8217;aprenentatge. Les propostes educatives s&#8217;emmarquen al voltant de tres eixos: la Muntanya de Sal, el Castell de Cardona i els [&hellip;]<\/p>\n","protected":false},"author":1,"featured_media":0,"parent":0,"menu_order":0,"comment_status":"closed","ping_status":"closed","template":"","meta":{"_bbp_topic_count":0,"_bbp_reply_count":0,"_bbp_total_topic_count":0,"_bbp_total_reply_count":0,"_bbp_voice_count":0,"_bbp_anonymous_reply_count":0,"_bbp_topic_count_hidden":0,"_bbp_reply_count_hidden":0,"_bbp_forum_subforum_count":0,"site-sidebar-layout":"default","site-content-layout":"","ast-site-content-layout":"default","site-content-style":"default","site-sidebar-style":"default","ast-global-header-display":"","ast-banner-title-visibility":"","ast-main-header-display":"","ast-hfb-above-header-display":"","ast-hfb-below-header-display":"","ast-hfb-mobile-header-display":"","site-post-title":"","ast-breadcrumbs-content":"","ast-featured-img":"","footer-sml-layout":"","theme-transparent-header-meta":"default","adv-header-id-meta":"","stick-header-meta":"","header-above-stick-meta":"","header-main-stick-meta":"","header-below-stick-meta":"","astra-migrate-meta-layouts":"set","ast-page-background-enabled":"default","ast-page-background-meta":{"desktop":{"background-color":"var(--ast-global-color-4)","background-image":"","background-repeat":"repeat","background-position":"center center","background-size":"auto","background-attachment":"scroll","background-type":"","background-media":"","overlay-type":"","overlay-color":"","overlay-opacity":"","overlay-gradient":""},"tablet":{"background-color":"","background-image":"","background-repeat":"repeat","background-position":"center center","background-size":"auto","background-attachment":"scroll","background-type":"","background-media":"","overlay-type":"","overlay-color":"","overlay-opacity":"","overlay-gradient":""},"mobile":{"background-color":"","background-image":"","background-repeat":"repeat","background-position":"center center","background-size":"auto","background-attachment":"scroll","background-type":"","background-media":"","overlay-type":"","overlay-color":"","overlay-opacity":"","overlay-gradient":""}},"ast-content-background-meta":{"desktop":{"background-color":"var(--ast-global-color-5)","background-image":"","background-repeat":"repeat","background-position":"center center","background-size":"auto","background-attachment":"scroll","background-type":"","background-media":"","overlay-type":"","overlay-color":"","overlay-opacity":"","overlay-gradient":""},"tablet":{"background-color":"var(--ast-global-color-5)","background-image":"","background-repeat":"repeat","background-position":"center center","background-size":"auto","background-attachment":"scroll","background-type":"","background-media":"","overlay-type":"","overlay-color":"","overlay-opacity":"","overlay-gradient":""},"mobile":{"background-color":"var(--ast-global-color-5)","background-image":"","background-repeat":"repeat","background-position":"center center","background-size":"auto","background-attachment":"scroll","background-type":"","background-media":"","overlay-type":"","overlay-color":"","overlay-opacity":"","overlay-gradient":""}},"footnotes":""},"class_list":["post-8225","page","type-page","status-publish","hentry"],"post_mailing_queue_ids":[],"_links":{"self":[{"href":"https:\/\/serveiseducatius.xtec.cat\/eda-cardona\/wp-json\/wp\/v2\/pages\/8225","targetHints":{"allow":["GET"]}}],"collection":[{"href":"https:\/\/serveiseducatius.xtec.cat\/eda-cardona\/wp-json\/wp\/v2\/pages"}],"about":[{"href":"https:\/\/serveiseducatius.xtec.cat\/eda-cardona\/wp-json\/wp\/v2\/types\/page"}],"author":[{"embeddable":true,"href":"https:\/\/serveiseducatius.xtec.cat\/eda-cardona\/wp-json\/wp\/v2\/users\/1"}],"replies":[{"embeddable":true,"href":"https:\/\/serveiseducatius.xtec.cat\/eda-cardona\/wp-json\/wp\/v2\/comments?post=8225"}],"version-history":[{"count":4,"href":"https:\/\/serveiseducatius.xtec.cat\/eda-cardona\/wp-json\/wp\/v2\/pages\/8225\/revisions"}],"predecessor-version":[{"id":9052,"href":"https:\/\/serveiseducatius.xtec.cat\/eda-cardona\/wp-json\/wp\/v2\/pages\/8225\/revisions\/9052"}],"wp:attachment":[{"href":"https:\/\/serveiseducatius.xtec.cat\/eda-cardona\/wp-json\/wp\/v2\/media?parent=8225"}],"curies":[{"name":"wp","href":"https:\/\/api.w.org\/{rel}","templated":true}]}}

Informació

<p>L&#8217;<strong>Entorn d&#8217;Aprenentatge (EdA) de Cardona</strong> és un servei educatiu situat a la Catalunya Central, a la comarca del Bages. L&#8217;entorn del municipi de Cardona i tots els recursos que ens ofereix són motiu i font d&#8217;aprenentatge. Les propostes educatives s&#8217;emmarquen al voltant de tres eixos: la Muntanya de Sal, el Castell de Cardona i els hàbits saludables.</p>
<p>Les nostres propostes parteixen d&#8217;un<strong> enfoc competencial del currículum, </strong>a partir d&#8217;activitats seqüenciades segons etapa i cicle educatiu, a Infantil, primària i secundària.</p>
<h4><strong>Una mica d&#8217;historia</strong></h4>
<p>L&#8217;EdA de Cardona és un servei educatiu que va iniciar la seva tasca educativa el curs 2017/18. Cardona és un municipi que aposta per la salut, amb el projecte Cardona Integral, per l&#8217;entorn natural de gran riquesa geològica i pel patrimoni històric del qual disposa.</p>
<h4><strong>Qui som?</strong></h4>
<p>L&#8217;EdA de Cardona sorgeix d&#8217;un conveni en el qual hi participen diferents entitats del municipi. Fundació Cardona Històrica, que és qui aporta recursos materials i personal. L&#8217;Ajuntament de Cardona, que ofereix equipaments municipals. La fundació SHE, que aporta recursos materials i formació. I el Departament d&#8217;Educació i Formació Professional que aporta un docent.</p>
<p>La nostra tasca docent amb l&#8217;alumnat es desenvolupa seguint l&#8217;horari escolar, aproximadament les 9 del matí fins a les 5 de la tarda.</p>

<p>L&#8217;Entorn d&#8217;Aprenentatge (EdA) de Cardona és un servei educatiu situat a la Catalunya Central, a la comarca del Bages. L&#8217;entorn del municipi de Cardona i tots els recursos que ens ofereix són motiu i font d&#8217;aprenentatge. Les propostes educatives s&#8217;emmarquen al voltant de tres eixos: la Muntanya de Sal, el Castell de Cardona i els [&hellip;]</p>
