{"id":155,"date":"2013-11-15T13:21:33","date_gmt":"2013-11-15T12:21:33","guid":{"rendered":"http:\/\/blocs.xtec.cat\/plantillacda\/?page_id=155"},"modified":"2025-11-27T12:18:03","modified_gmt":"2025-11-27T11:18:03","slug":"sortides","status":"publish","type":"page","link":"https:\/\/serveiseducatius.xtec.cat\/eda-cardona\/modalitats\/sortides\/","title":{"rendered":"Sortides"},"content":{"rendered":"<p><a href=\"http:\/\/serveiseducatius.xtec.cat\/eda-cardona\/wp-content\/uploads\/usu1740\/2013\/11\/imatge-a-3-bandes.jpg\"><img loading=\"lazy\" decoding=\"async\" class=\"alignnone size-large wp-image-8483\" src=\"http:\/\/serveiseducatius.xtec.cat\/eda-cardona\/wp-content\/uploads\/usu1740\/2013\/11\/imatge-a-3-bandes-1024x248.jpg\" alt=\"\" width=\"1024\" height=\"248\" srcset=\"https:\/\/serveiseducatius.xtec.cat\/eda-cardona\/wp-content\/uploads\/usu1740\/2013\/11\/imatge-a-3-bandes-1024x248.jpg 1024w, https:\/\/serveiseducatius.xtec.cat\/eda-cardona\/wp-content\/uploads\/usu1740\/2013\/11\/imatge-a-3-bandes-300x73.jpg 300w, https:\/\/serveiseducatius.xtec.cat\/eda-cardona\/wp-content\/uploads\/usu1740\/2013\/11\/imatge-a-3-bandes-768x186.jpg 768w, https:\/\/serveiseducatius.xtec.cat\/eda-cardona\/wp-content\/uploads\/usu1740\/2013\/11\/imatge-a-3-bandes.jpg 1240w\" sizes=\"auto, (max-width: 1024px) 100vw, 1024px\" \/><\/a><\/p>\n<ul>\n<li style=\"text-align: justify;\">Les sortides s\u00f3n activitats d\u2019un dia i s\u2019adrecen principalment\u00a0als centres de la comarca del Bages o de les comarques m\u00e9s properes.<\/li>\n<li style=\"text-align: justify;\">Les activitats es realitzen entre les\u00a0<strong>9:00h<\/strong>\u00a0i les<strong>\u00a017:00h<\/strong> aproximadament.<\/li>\n<li style=\"text-align: justify;\">El\u00a0<strong>cost total de les activitats<\/strong> dep\u00e8n de les opcions seleccionades, podeu consultar les quotes <a href=\"https:\/\/serveiseducatius.xtec.cat\/eda-cardona\/amb-els-centres\/quotes\/\"><span style=\"text-decoration: underline;\"><strong>aqu\u00ed<\/strong><\/span><\/a>.<\/li>\n<li style=\"text-align: justify;\">El centre educatiu \u00e9s el responsable del despla\u00e7ament (anada i tornada) a l&#8217;entorn d\u2019aprenentatge.<\/li>\n<\/ul>\n","protected":false},"excerpt":{"rendered":"<p>Les sortides s\u00f3n activitats d\u2019un dia i s\u2019adrecen principalment\u00a0als centres de la comarca del Bages o de les comarques m\u00e9s properes. Les activitats es realitzen entre les\u00a09:00h\u00a0i les\u00a017:00h aproximadament. El\u00a0cost total de les activitats dep\u00e8n de les opcions seleccionades, podeu consultar les quotes aqu\u00ed. El centre educatiu \u00e9s el responsable del despla\u00e7ament (anada i tornada) [&hellip;]<\/p>\n","protected":false},"author":1,"featured_media":0,"parent":8260,"menu_order":10,"comment_status":"closed","ping_status":"closed","template":"","meta":{"_bbp_topic_count":0,"_bbp_reply_count":0,"_bbp_total_topic_count":0,"_bbp_total_reply_count":0,"_bbp_voice_count":0,"_bbp_anonymous_reply_count":0,"_bbp_topic_count_hidden":0,"_bbp_reply_count_hidden":0,"_bbp_forum_subforum_count":0,"site-sidebar-layout":"default","site-content-layout":"","ast-site-content-layout":"default","site-content-style":"default","site-sidebar-style":"default","ast-global-header-display":"","ast-banner-title-visibility":"","ast-main-header-display":"","ast-hfb-above-header-display":"","ast-hfb-below-header-display":"","ast-hfb-mobile-header-display":"","site-post-title":"","ast-breadcrumbs-content":"","ast-featured-img":"","footer-sml-layout":"","theme-transparent-header-meta":"default","adv-header-id-meta":"","stick-header-meta":"","header-above-stick-meta":"","header-main-stick-meta":"","header-below-stick-meta":"","astra-migrate-meta-layouts":"set","ast-page-background-enabled":"default","ast-page-background-meta":{"desktop":{"background-color":"var(--ast-global-color-4)","background-image":"","background-repeat":"repeat","background-position":"center center","background-size":"auto","background-attachment":"scroll","background-type":"","background-media":"","overlay-type":"","overlay-color":"","overlay-opacity":"","overlay-gradient":""},"tablet":{"background-color":"","background-image":"","background-repeat":"repeat","background-position":"center center","background-size":"auto","background-attachment":"scroll","background-type":"","background-media":"","overlay-type":"","overlay-color":"","overlay-opacity":"","overlay-gradient":""},"mobile":{"background-color":"","background-image":"","background-repeat":"repeat","background-position":"center center","background-size":"auto","background-attachment":"scroll","background-type":"","background-media":"","overlay-type":"","overlay-color":"","overlay-opacity":"","overlay-gradient":""}},"ast-content-background-meta":{"desktop":{"background-color":"var(--ast-global-color-5)","background-image":"","background-repeat":"repeat","background-position":"center center","background-size":"auto","background-attachment":"scroll","background-type":"","background-media":"","overlay-type":"","overlay-color":"","overlay-opacity":"","overlay-gradient":""},"tablet":{"background-color":"var(--ast-global-color-5)","background-image":"","background-repeat":"repeat","background-position":"center center","background-size":"auto","background-attachment":"scroll","background-type":"","background-media":"","overlay-type":"","overlay-color":"","overlay-opacity":"","overlay-gradient":""},"mobile":{"background-color":"var(--ast-global-color-5)","background-image":"","background-repeat":"repeat","background-position":"center center","background-size":"auto","background-attachment":"scroll","background-type":"","background-media":"","overlay-type":"","overlay-color":"","overlay-opacity":"","overlay-gradient":""}},"footnotes":""},"class_list":["post-155","page","type-page","status-publish","hentry"],"post_mailing_queue_ids":[],"_links":{"self":[{"href":"https:\/\/serveiseducatius.xtec.cat\/eda-cardona\/wp-json\/wp\/v2\/pages\/155","targetHints":{"allow":["GET"]}}],"collection":[{"href":"https:\/\/serveiseducatius.xtec.cat\/eda-cardona\/wp-json\/wp\/v2\/pages"}],"about":[{"href":"https:\/\/serveiseducatius.xtec.cat\/eda-cardona\/wp-json\/wp\/v2\/types\/page"}],"author":[{"embeddable":true,"href":"https:\/\/serveiseducatius.xtec.cat\/eda-cardona\/wp-json\/wp\/v2\/users\/1"}],"replies":[{"embeddable":true,"href":"https:\/\/serveiseducatius.xtec.cat\/eda-cardona\/wp-json\/wp\/v2\/comments?post=155"}],"version-history":[{"count":5,"href":"https:\/\/serveiseducatius.xtec.cat\/eda-cardona\/wp-json\/wp\/v2\/pages\/155\/revisions"}],"predecessor-version":[{"id":8482,"href":"https:\/\/serveiseducatius.xtec.cat\/eda-cardona\/wp-json\/wp\/v2\/pages\/155\/revisions\/8482"}],"up":[{"embeddable":true,"href":"https:\/\/serveiseducatius.xtec.cat\/eda-cardona\/wp-json\/wp\/v2\/pages\/8260"}],"wp:attachment":[{"href":"https:\/\/serveiseducatius.xtec.cat\/eda-cardona\/wp-json\/wp\/v2\/media?parent=155"}],"curies":[{"name":"wp","href":"https:\/\/api.w.org\/{rel}","templated":true}]}}

<p><a href="http://serveiseducatius.xtec.cat/eda-cardona/wp-content/uploads/usu1740/2013/11/imatge-a-3-bandes.jpg"><img loading="lazy" decoding="async" class="alignnone size-large wp-image-8483" src="http://serveiseducatius.xtec.cat/eda-cardona/wp-content/uploads/usu1740/2013/11/imatge-a-3-bandes-1024x248.jpg" alt="" width="1024" height="248" srcset="https://serveiseducatius.xtec.cat/eda-cardona/wp-content/uploads/usu1740/2013/11/imatge-a-3-bandes-1024x248.jpg 1024w, https://serveiseducatius.xtec.cat/eda-cardona/wp-content/uploads/usu1740/2013/11/imatge-a-3-bandes-300x73.jpg 300w, https://serveiseducatius.xtec.cat/eda-cardona/wp-content/uploads/usu1740/2013/11/imatge-a-3-bandes-768x186.jpg 768w, https://serveiseducatius.xtec.cat/eda-cardona/wp-content/uploads/usu1740/2013/11/imatge-a-3-bandes.jpg 1240w" sizes="auto, (max-width: 1024px) 100vw, 1024px" /></a></p>
<ul>
<li style="text-align: justify;">Les sortides són activitats d’un dia i s’adrecen principalment als centres de la comarca del Bages o de les comarques més properes.</li>
<li style="text-align: justify;">Les activitats es realitzen entre les <strong>9:00h</strong> i les<strong> 17:00h</strong> aproximadament.</li>
<li style="text-align: justify;">El <strong>cost total de les activitats</strong> depèn de les opcions seleccionades, podeu consultar les quotes <a href="https://serveiseducatius.xtec.cat/eda-cardona/amb-els-centres/quotes/"><span style="text-decoration: underline;"><strong>aquí</strong></span></a>.</li>
<li style="text-align: justify;">El centre educatiu és el responsable del desplaçament (anada i tornada) a l&#8217;entorn d’aprenentatge.</li>
</ul>

<p>Les sortides són activitats d’un dia i s’adrecen principalment als centres de la comarca del Bages o de les comarques més properes. Les activitats es realitzen entre les 9:00h i les 17:00h aproximadament. El cost total de les activitats depèn de les opcions seleccionades, podeu consultar les quotes aquí. El centre educatiu és el responsable del desplaçament (anada i tornada) [&hellip;]</p>
