{"id":8309,"date":"2024-07-01T12:07:26","date_gmt":"2024-07-01T10:07:26","guid":{"rendered":"https:\/\/serveiseducatius.xtec.cat\/cretdic-bll\/?page_id=8309"},"modified":"2024-07-01T12:43:10","modified_gmt":"2024-07-01T10:43:10","slug":"singularitzacio-de-laproximacio-i-de-la-resposta","status":"publish","type":"page","link":"https:\/\/serveiseducatius.xtec.cat\/cretdic-bll\/principisetics\/singularitzacio-de-laproximacio-i-de-la-resposta\/","title":{"rendered":"Singularitzaci\u00f3 de l&#8217;aproximaci\u00f3 i de la resposta"},"content":{"rendered":"<p><span style=\"font-weight: 400;\">L\u2019alumnat amb trastorns de l\u2019espectre autista, trastorns mentals i trastorns de\u00a0<\/span><span style=\"font-weight: 400;\">conducta tenen una <strong>forma particular d\u2019estar en el m\u00f3n que es regeix per una l\u00f2gica subjectiva<\/strong> que, en moltes ocasions, \u00e9s opaca per als altres. Ajudar a comprendre la seva particular manera d&#8217;entendre i percebre el m\u00f3n (escola, fam\u00edlia, comunitat) i les\u00a0<\/span><span style=\"font-weight: 400;\">relacions amb els altres forma part de la tasca dels professionals del CRETDiC. A m\u00e9s cal considerar les particularitats dels processos de desenvolupament dels alumnes com trets que no s\u00f3n est\u00e0tics o fixos, sin\u00f3 din\u00e0mics i subjectes a evoluci\u00f3.<\/span><\/p>\n<p><span style=\"font-weight: 400;\">Una aproximaci\u00f3 acurada i conjunta ha de servir per comprendre les necessitats\u00a0<\/span><span style=\"font-weight: 400;\">espec\u00edfiques de cada alumne i per a singularitzar la resposta que se li ofereix, tot procurant respectar i potenciar la participaci\u00f3 i autonomia del propi alumne i de la seva fam\u00edlia en el proc\u00e9s.<\/span><\/p>\n<p><span style=\"font-weight: 400;\">En les seves actuacions <strong>el CRETDIC promour\u00e0 l\u2019adaptaci\u00f3 dels aspectes organitzatius i metodol\u00f2gics dels centres<\/strong> que facilitin la personalitzaci\u00f3 de les respostes educatives pel que fa als interessos, destreses, relacions, coneixements, ritmes, hist\u00f2ria personal,\u00a0<\/span><span style=\"font-weight: 400;\">necessitats emocionals, de cada alumne\/a en cada moment.<\/span><\/p>\n<p><img loading=\"lazy\" decoding=\"async\" class=\"size-large wp-image-8357 aligncenter\" src=\"https:\/\/serveiseducatius.xtec.cat\/cretdic-bll\/wp-content\/uploads\/usu3026\/2024\/07\/U4C3-Bu0yRMgAKmuOTZX_1082133368-600x400.jpeg\" alt=\"\" width=\"600\" height=\"400\" srcset=\"https:\/\/serveiseducatius.xtec.cat\/cretdic-bll\/wp-content\/uploads\/usu3026\/2024\/07\/U4C3-Bu0yRMgAKmuOTZX_1082133368-600x400.jpeg 600w, https:\/\/serveiseducatius.xtec.cat\/cretdic-bll\/wp-content\/uploads\/usu3026\/2024\/07\/U4C3-Bu0yRMgAKmuOTZX_1082133368-300x200.jpeg 300w, https:\/\/serveiseducatius.xtec.cat\/cretdic-bll\/wp-content\/uploads\/usu3026\/2024\/07\/U4C3-Bu0yRMgAKmuOTZX_1082133368.jpeg 721w\" sizes=\"auto, (max-width: 600px) 100vw, 600px\" \/><\/p>\n","protected":false},"excerpt":{"rendered":"<p>L\u2019alumnat amb trastorns de l\u2019espectre autista, trastorns mentals i trastorns de\u00a0conducta tenen una forma particular d\u2019estar en el m\u00f3n que [&hellip;]<\/p>\n","protected":false},"author":6,"featured_media":0,"parent":416,"menu_order":4,"comment_status":"closed","ping_status":"closed","template":"","meta":{"_bbp_topic_count":0,"_bbp_reply_count":0,"_bbp_total_topic_count":0,"_bbp_total_reply_count":0,"_bbp_voice_count":0,"_bbp_anonymous_reply_count":0,"_bbp_topic_count_hidden":0,"_bbp_reply_count_hidden":0,"_bbp_forum_subforum_count":0,"site-sidebar-layout":"default","site-content-layout":"","ast-site-content-layout":"","site-content-style":"default","site-sidebar-style":"default","ast-global-header-display":"","ast-banner-title-visibility":"","ast-main-header-display":"","ast-hfb-above-header-display":"","ast-hfb-below-header-display":"","ast-hfb-mobile-header-display":"","site-post-title":"","ast-breadcrumbs-content":"","ast-featured-img":"","footer-sml-layout":"","theme-transparent-header-meta":"","adv-header-id-meta":"","stick-header-meta":"","header-above-stick-meta":"","header-main-stick-meta":"","header-below-stick-meta":"","astra-migrate-meta-layouts":"default","ast-page-background-enabled":"default","ast-page-background-meta":{"desktop":{"background-color":"var(--ast-global-color-4)","background-image":"","background-repeat":"repeat","background-position":"center center","background-size":"auto","background-attachment":"scroll","background-type":"","background-media":"","overlay-type":"","overlay-color":"","overlay-opacity":"","overlay-gradient":""},"tablet":{"background-color":"","background-image":"","background-repeat":"repeat","background-position":"center center","background-size":"auto","background-attachment":"scroll","background-type":"","background-media":"","overlay-type":"","overlay-color":"","overlay-opacity":"","overlay-gradient":""},"mobile":{"background-color":"","background-image":"","background-repeat":"repeat","background-position":"center center","background-size":"auto","background-attachment":"scroll","background-type":"","background-media":"","overlay-type":"","overlay-color":"","overlay-opacity":"","overlay-gradient":""}},"ast-content-background-meta":{"desktop":{"background-color":"var(--ast-global-color-5)","background-image":"","background-repeat":"repeat","background-position":"center center","background-size":"auto","background-attachment":"scroll","background-type":"","background-media":"","overlay-type":"","overlay-color":"","overlay-opacity":"","overlay-gradient":""},"tablet":{"background-color":"var(--ast-global-color-5)","background-image":"","background-repeat":"repeat","background-position":"center center","background-size":"auto","background-attachment":"scroll","background-type":"","background-media":"","overlay-type":"","overlay-color":"","overlay-opacity":"","overlay-gradient":""},"mobile":{"background-color":"var(--ast-global-color-5)","background-image":"","background-repeat":"repeat","background-position":"center center","background-size":"auto","background-attachment":"scroll","background-type":"","background-media":"","overlay-type":"","overlay-color":"","overlay-opacity":"","overlay-gradient":""}},"footnotes":""},"class_list":["post-8309","page","type-page","status-publish","hentry"],"post_mailing_queue_ids":[],"_links":{"self":[{"href":"https:\/\/serveiseducatius.xtec.cat\/cretdic-bll\/wp-json\/wp\/v2\/pages\/8309","targetHints":{"allow":["GET"]}}],"collection":[{"href":"https:\/\/serveiseducatius.xtec.cat\/cretdic-bll\/wp-json\/wp\/v2\/pages"}],"about":[{"href":"https:\/\/serveiseducatius.xtec.cat\/cretdic-bll\/wp-json\/wp\/v2\/types\/page"}],"author":[{"embeddable":true,"href":"https:\/\/serveiseducatius.xtec.cat\/cretdic-bll\/wp-json\/wp\/v2\/users\/6"}],"replies":[{"embeddable":true,"href":"https:\/\/serveiseducatius.xtec.cat\/cretdic-bll\/wp-json\/wp\/v2\/comments?post=8309"}],"version-history":[{"count":2,"href":"https:\/\/serveiseducatius.xtec.cat\/cretdic-bll\/wp-json\/wp\/v2\/pages\/8309\/revisions"}],"predecessor-version":[{"id":8358,"href":"https:\/\/serveiseducatius.xtec.cat\/cretdic-bll\/wp-json\/wp\/v2\/pages\/8309\/revisions\/8358"}],"up":[{"embeddable":true,"href":"https:\/\/serveiseducatius.xtec.cat\/cretdic-bll\/wp-json\/wp\/v2\/pages\/416"}],"wp:attachment":[{"href":"https:\/\/serveiseducatius.xtec.cat\/cretdic-bll\/wp-json\/wp\/v2\/media?parent=8309"}],"curies":[{"name":"wp","href":"https:\/\/api.w.org\/{rel}","templated":true}]}}