{"id":8306,"date":"2024-07-01T12:05:36","date_gmt":"2024-07-01T10:05:36","guid":{"rendered":"https:\/\/serveiseducatius.xtec.cat\/cretdic-bll\/?page_id=8306"},"modified":"2024-07-01T12:39:15","modified_gmt":"2024-07-01T10:39:15","slug":"enfocament-contextual","status":"publish","type":"page","link":"https:\/\/serveiseducatius.xtec.cat\/cretdic-bll\/principisetics\/enfocament-contextual\/","title":{"rendered":"Enfocament contextual"},"content":{"rendered":"<p><span style=\"font-weight: 400;\">Els <strong>contextos de desenvolupament i la qualitat de les relacions interpersonals<\/strong> que hi tenen lloc conformen les possibilitats d\u2019evoluci\u00f3 dels infants, per tant hem d&#8217;entendre la\u00a0<\/span><span style=\"font-weight: 400;\">intervenci\u00f3 educativa des d&#8217;un enfocament contextual i sist\u00e8mic que promogui la connexi\u00f3 entre els individus i els seus contextos de desenvolupament, des dels m\u00e9s propers (fam\u00edlia, escola, grup d\u2019iguals,&#8230;), fins als m\u00e9s amplis i gen\u00e8rics (social, cultural,..), que alhora engloben els primers.<\/span><\/p>\n<p><span style=\"font-weight: 400;\">El context escolar \u00e9s un bon escenari per oferir viv\u00e8ncies basades en el reconeixement i l\u2019acceptaci\u00f3 enfocades al desenvolupament global de tot l\u2019alumnat. Des d\u2019aquesta perspectiva, cal entendre el <strong>centre educatiu com un sistema obert, compost d\u2019elements\u00a0<\/strong><\/span><span style=\"font-weight: 400;\"><strong>humans que es relacionen entre s\u00ed i amb altres sistemes<\/strong> (fam\u00edlies, serveis, entorn\u00a0<\/span><span style=\"font-weight: 400;\">social,&#8230;) per afavorir un desenvolupament integral de la persona i facilitar el seu proc\u00e9s d\u2019aprenentatge.<\/span><\/p>\n<p><img loading=\"lazy\" decoding=\"async\" class=\"size-large wp-image-8352 aligncenter\" src=\"https:\/\/serveiseducatius.xtec.cat\/cretdic-bll\/wp-content\/uploads\/usu3026\/2024\/07\/el-titulo-para-el-articulo-podria-ser-inmersion-en-el-contexto-educativo-descubriendo-la-esencia-de-un-centro-escolar-600x600.jpg\" alt=\"\" width=\"600\" height=\"600\" srcset=\"https:\/\/serveiseducatius.xtec.cat\/cretdic-bll\/wp-content\/uploads\/usu3026\/2024\/07\/el-titulo-para-el-articulo-podria-ser-inmersion-en-el-contexto-educativo-descubriendo-la-esencia-de-un-centro-escolar-600x600.jpg 600w, https:\/\/serveiseducatius.xtec.cat\/cretdic-bll\/wp-content\/uploads\/usu3026\/2024\/07\/el-titulo-para-el-articulo-podria-ser-inmersion-en-el-contexto-educativo-descubriendo-la-esencia-de-un-centro-escolar-300x300.jpg 300w, https:\/\/serveiseducatius.xtec.cat\/cretdic-bll\/wp-content\/uploads\/usu3026\/2024\/07\/el-titulo-para-el-articulo-podria-ser-inmersion-en-el-contexto-educativo-descubriendo-la-esencia-de-un-centro-escolar-150x150.jpg 150w, https:\/\/serveiseducatius.xtec.cat\/cretdic-bll\/wp-content\/uploads\/usu3026\/2024\/07\/el-titulo-para-el-articulo-podria-ser-inmersion-en-el-contexto-educativo-descubriendo-la-esencia-de-un-centro-escolar-768x768.jpg 768w, https:\/\/serveiseducatius.xtec.cat\/cretdic-bll\/wp-content\/uploads\/usu3026\/2024\/07\/el-titulo-para-el-articulo-podria-ser-inmersion-en-el-contexto-educativo-descubriendo-la-esencia-de-un-centro-escolar.jpg 921w\" sizes=\"auto, (max-width: 600px) 100vw, 600px\" \/><\/p>\n","protected":false},"excerpt":{"rendered":"<p>Els contextos de desenvolupament i la qualitat de les relacions interpersonals que hi tenen lloc conformen les possibilitats d\u2019evoluci\u00f3 dels [&hellip;]<\/p>\n","protected":false},"author":6,"featured_media":0,"parent":416,"menu_order":3,"comment_status":"closed","ping_status":"closed","template":"","meta":{"_bbp_topic_count":0,"_bbp_reply_count":0,"_bbp_total_topic_count":0,"_bbp_total_reply_count":0,"_bbp_voice_count":0,"_bbp_anonymous_reply_count":0,"_bbp_topic_count_hidden":0,"_bbp_reply_count_hidden":0,"_bbp_forum_subforum_count":0,"site-sidebar-layout":"default","site-content-layout":"","ast-site-content-layout":"","site-content-style":"default","site-sidebar-style":"default","ast-global-header-display":"","ast-banner-title-visibility":"","ast-main-header-display":"","ast-hfb-above-header-display":"","ast-hfb-below-header-display":"","ast-hfb-mobile-header-display":"","site-post-title":"","ast-breadcrumbs-content":"","ast-featured-img":"","footer-sml-layout":"","theme-transparent-header-meta":"","adv-header-id-meta":"","stick-header-meta":"","header-above-stick-meta":"","header-main-stick-meta":"","header-below-stick-meta":"","astra-migrate-meta-layouts":"default","ast-page-background-enabled":"default","ast-page-background-meta":{"desktop":{"background-color":"var(--ast-global-color-4)","background-image":"","background-repeat":"repeat","background-position":"center center","background-size":"auto","background-attachment":"scroll","background-type":"","background-media":"","overlay-type":"","overlay-color":"","overlay-opacity":"","overlay-gradient":""},"tablet":{"background-color":"","background-image":"","background-repeat":"repeat","background-position":"center center","background-size":"auto","background-attachment":"scroll","background-type":"","background-media":"","overlay-type":"","overlay-color":"","overlay-opacity":"","overlay-gradient":""},"mobile":{"background-color":"","background-image":"","background-repeat":"repeat","background-position":"center center","background-size":"auto","background-attachment":"scroll","background-type":"","background-media":"","overlay-type":"","overlay-color":"","overlay-opacity":"","overlay-gradient":""}},"ast-content-background-meta":{"desktop":{"background-color":"var(--ast-global-color-5)","background-image":"","background-repeat":"repeat","background-position":"center center","background-size":"auto","background-attachment":"scroll","background-type":"","background-media":"","overlay-type":"","overlay-color":"","overlay-opacity":"","overlay-gradient":""},"tablet":{"background-color":"var(--ast-global-color-5)","background-image":"","background-repeat":"repeat","background-position":"center center","background-size":"auto","background-attachment":"scroll","background-type":"","background-media":"","overlay-type":"","overlay-color":"","overlay-opacity":"","overlay-gradient":""},"mobile":{"background-color":"var(--ast-global-color-5)","background-image":"","background-repeat":"repeat","background-position":"center center","background-size":"auto","background-attachment":"scroll","background-type":"","background-media":"","overlay-type":"","overlay-color":"","overlay-opacity":"","overlay-gradient":""}},"footnotes":""},"class_list":["post-8306","page","type-page","status-publish","hentry"],"post_mailing_queue_ids":[],"_links":{"self":[{"href":"https:\/\/serveiseducatius.xtec.cat\/cretdic-bll\/wp-json\/wp\/v2\/pages\/8306","targetHints":{"allow":["GET"]}}],"collection":[{"href":"https:\/\/serveiseducatius.xtec.cat\/cretdic-bll\/wp-json\/wp\/v2\/pages"}],"about":[{"href":"https:\/\/serveiseducatius.xtec.cat\/cretdic-bll\/wp-json\/wp\/v2\/types\/page"}],"author":[{"embeddable":true,"href":"https:\/\/serveiseducatius.xtec.cat\/cretdic-bll\/wp-json\/wp\/v2\/users\/6"}],"replies":[{"embeddable":true,"href":"https:\/\/serveiseducatius.xtec.cat\/cretdic-bll\/wp-json\/wp\/v2\/comments?post=8306"}],"version-history":[{"count":2,"href":"https:\/\/serveiseducatius.xtec.cat\/cretdic-bll\/wp-json\/wp\/v2\/pages\/8306\/revisions"}],"predecessor-version":[{"id":8353,"href":"https:\/\/serveiseducatius.xtec.cat\/cretdic-bll\/wp-json\/wp\/v2\/pages\/8306\/revisions\/8353"}],"up":[{"embeddable":true,"href":"https:\/\/serveiseducatius.xtec.cat\/cretdic-bll\/wp-json\/wp\/v2\/pages\/416"}],"wp:attachment":[{"href":"https:\/\/serveiseducatius.xtec.cat\/cretdic-bll\/wp-json\/wp\/v2\/media?parent=8306"}],"curies":[{"name":"wp","href":"https:\/\/api.w.org\/{rel}","templated":true}]}}