{"id":8303,"date":"2024-07-01T12:01:09","date_gmt":"2024-07-01T10:01:09","guid":{"rendered":"https:\/\/serveiseducatius.xtec.cat\/cretdic-bll\/?page_id=8303"},"modified":"2024-07-01T12:25:58","modified_gmt":"2024-07-01T10:25:58","slug":"enfocament-inclusiu","status":"publish","type":"page","link":"https:\/\/serveiseducatius.xtec.cat\/cretdic-bll\/principisetics\/enfocament-inclusiu\/","title":{"rendered":"Enfocament inclusiu"},"content":{"rendered":"<p><span style=\"font-weight: 400;\">El DECRET 150\/2017 marca el <strong>rol dels serveis educatius<\/strong> dins el sistema inclusiu:<\/span><\/p>\n<blockquote><p><span style=\"font-weight: 400;\">\u201cEls serveis educatius s\u00f3n una pe\u00e7a clau en el funcionament coordinat i cohesionat de la xarxa de suports a l&#8217;educaci\u00f3 inclusiva: generen sinergies entre els centres educatius perqu\u00e8 comparteixin formacions, projectes i activitats, garanteixen la relaci\u00f3\u00a0<\/span><span style=\"font-weight: 400;\">d&#8217;aquests amb serveis diversos dels \u00e0mbits de salut i afers socials del territori, i contribueixen amb les seves actuacions a la millora de l&#8217;atenci\u00f3 educativa inclusiva.\u201d\u00a0<\/span><\/p><\/blockquote>\n<p><span style=\"font-weight: 400;\">El <strong>CRETDIC<\/strong>, com a servei educatiu, fo<\/span><span style=\"font-family: inherit; font-size: 1em;\">rma part de la <strong>xarxa de suports a la inclusi\u00f3 dels alumnes<\/strong> en els centres educatius. La seva intervenci\u00f3 assumeix els principis de la inclusi\u00f3 educativa, fonamentant estrat\u00e8gies d\u2019intervenci\u00f3 de car\u00e0cter principalment pedag\u00f2gic i psicosocial, per promoure la participaci\u00f3 positiva de l\u2019alumne en el seu proc\u00e9s d\u2019aprenentatge.<\/span><\/p>\n<p>Decret 150\/17:\u00a0<a href=\"https:\/\/portaljuridic.gencat.cat\/eli\/es-ct\/d\/2017\/10\/17\/150\">https:\/\/portaljuridic.gencat.cat\/eli\/es-ct\/d\/2017\/10\/17\/150<\/a><\/p>\n<p><img loading=\"lazy\" decoding=\"async\" class=\"size-large wp-image-8335 aligncenter\" src=\"https:\/\/serveiseducatius.xtec.cat\/cretdic-bll\/wp-content\/uploads\/usu3026\/2024\/07\/infografia-Decret-2017-inclusio_page-0004-1-1084x1536-1-423x600.jpg\" alt=\"\" width=\"423\" height=\"600\" srcset=\"https:\/\/serveiseducatius.xtec.cat\/cretdic-bll\/wp-content\/uploads\/usu3026\/2024\/07\/infografia-Decret-2017-inclusio_page-0004-1-1084x1536-1-423x600.jpg 423w, https:\/\/serveiseducatius.xtec.cat\/cretdic-bll\/wp-content\/uploads\/usu3026\/2024\/07\/infografia-Decret-2017-inclusio_page-0004-1-1084x1536-1-212x300.jpg 212w, https:\/\/serveiseducatius.xtec.cat\/cretdic-bll\/wp-content\/uploads\/usu3026\/2024\/07\/infografia-Decret-2017-inclusio_page-0004-1-1084x1536-1-768x1088.jpg 768w, https:\/\/serveiseducatius.xtec.cat\/cretdic-bll\/wp-content\/uploads\/usu3026\/2024\/07\/infografia-Decret-2017-inclusio_page-0004-1-1084x1536-1.jpg 1084w\" sizes=\"auto, (max-width: 423px) 100vw, 423px\" \/><\/p>\n","protected":false},"excerpt":{"rendered":"<p>El DECRET 150\/2017 marca el rol dels serveis educatius dins el sistema inclusiu: \u201cEls serveis educatius s\u00f3n una pe\u00e7a clau [&hellip;]<\/p>\n","protected":false},"author":6,"featured_media":0,"parent":416,"menu_order":1,"comment_status":"closed","ping_status":"closed","template":"","meta":{"_bbp_topic_count":0,"_bbp_reply_count":0,"_bbp_total_topic_count":0,"_bbp_total_reply_count":0,"_bbp_voice_count":0,"_bbp_anonymous_reply_count":0,"_bbp_topic_count_hidden":0,"_bbp_reply_count_hidden":0,"_bbp_forum_subforum_count":0,"site-sidebar-layout":"default","site-content-layout":"","ast-site-content-layout":"","site-content-style":"default","site-sidebar-style":"default","ast-global-header-display":"","ast-banner-title-visibility":"","ast-main-header-display":"","ast-hfb-above-header-display":"","ast-hfb-below-header-display":"","ast-hfb-mobile-header-display":"","site-post-title":"","ast-breadcrumbs-content":"","ast-featured-img":"","footer-sml-layout":"","theme-transparent-header-meta":"","adv-header-id-meta":"","stick-header-meta":"","header-above-stick-meta":"","header-main-stick-meta":"","header-below-stick-meta":"","astra-migrate-meta-layouts":"default","ast-page-background-enabled":"default","ast-page-background-meta":{"desktop":{"background-color":"var(--ast-global-color-4)","background-image":"","background-repeat":"repeat","background-position":"center center","background-size":"auto","background-attachment":"scroll","background-type":"","background-media":"","overlay-type":"","overlay-color":"","overlay-opacity":"","overlay-gradient":""},"tablet":{"background-color":"","background-image":"","background-repeat":"repeat","background-position":"center center","background-size":"auto","background-attachment":"scroll","background-type":"","background-media":"","overlay-type":"","overlay-color":"","overlay-opacity":"","overlay-gradient":""},"mobile":{"background-color":"","background-image":"","background-repeat":"repeat","background-position":"center center","background-size":"auto","background-attachment":"scroll","background-type":"","background-media":"","overlay-type":"","overlay-color":"","overlay-opacity":"","overlay-gradient":""}},"ast-content-background-meta":{"desktop":{"background-color":"var(--ast-global-color-5)","background-image":"","background-repeat":"repeat","background-position":"center center","background-size":"auto","background-attachment":"scroll","background-type":"","background-media":"","overlay-type":"","overlay-color":"","overlay-opacity":"","overlay-gradient":""},"tablet":{"background-color":"var(--ast-global-color-5)","background-image":"","background-repeat":"repeat","background-position":"center center","background-size":"auto","background-attachment":"scroll","background-type":"","background-media":"","overlay-type":"","overlay-color":"","overlay-opacity":"","overlay-gradient":""},"mobile":{"background-color":"var(--ast-global-color-5)","background-image":"","background-repeat":"repeat","background-position":"center center","background-size":"auto","background-attachment":"scroll","background-type":"","background-media":"","overlay-type":"","overlay-color":"","overlay-opacity":"","overlay-gradient":""}},"footnotes":""},"class_list":["post-8303","page","type-page","status-publish","hentry"],"post_mailing_queue_ids":[],"_links":{"self":[{"href":"https:\/\/serveiseducatius.xtec.cat\/cretdic-bll\/wp-json\/wp\/v2\/pages\/8303","targetHints":{"allow":["GET"]}}],"collection":[{"href":"https:\/\/serveiseducatius.xtec.cat\/cretdic-bll\/wp-json\/wp\/v2\/pages"}],"about":[{"href":"https:\/\/serveiseducatius.xtec.cat\/cretdic-bll\/wp-json\/wp\/v2\/types\/page"}],"author":[{"embeddable":true,"href":"https:\/\/serveiseducatius.xtec.cat\/cretdic-bll\/wp-json\/wp\/v2\/users\/6"}],"replies":[{"embeddable":true,"href":"https:\/\/serveiseducatius.xtec.cat\/cretdic-bll\/wp-json\/wp\/v2\/comments?post=8303"}],"version-history":[{"count":6,"href":"https:\/\/serveiseducatius.xtec.cat\/cretdic-bll\/wp-json\/wp\/v2\/pages\/8303\/revisions"}],"predecessor-version":[{"id":8339,"href":"https:\/\/serveiseducatius.xtec.cat\/cretdic-bll\/wp-json\/wp\/v2\/pages\/8303\/revisions\/8339"}],"up":[{"embeddable":true,"href":"https:\/\/serveiseducatius.xtec.cat\/cretdic-bll\/wp-json\/wp\/v2\/pages\/416"}],"wp:attachment":[{"href":"https:\/\/serveiseducatius.xtec.cat\/cretdic-bll\/wp-json\/wp\/v2\/media?parent=8303"}],"curies":[{"name":"wp","href":"https:\/\/api.w.org\/{rel}","templated":true}]}}