{"id":338,"date":"2015-11-24T18:40:49","date_gmt":"2015-11-24T17:40:49","guid":{"rendered":"http:\/\/serveiseducatius.xtec.cat\/cretdic-bll\/?page_id=338"},"modified":"2024-06-28T10:17:51","modified_gmt":"2024-06-28T08:17:51","slug":"ambit_actuacio","status":"publish","type":"page","link":"https:\/\/serveiseducatius.xtec.cat\/cretdic-bll\/ambit_actuacio\/","title":{"rendered":"\u00c0mbit d&#8217;actuaci\u00f3"},"content":{"rendered":"<p style=\"text-align: justify;\">L&#8217;actuaci\u00f3 del CRETDiC BLL est\u00e0 orientada envers els centres d&#8217;educaci\u00f3 infantil, prim\u00e0ria i secund\u00e0ria de la comarca destacant tres \u00e0mbits d&#8217;actuaci\u00f3 per zones geogr\u00e0fiques denominades Zona Nord, centre i Marina.\u00a0 Cada zona est\u00e0 organitzada a partir del treball en col\u00b7laboraci\u00f3 amb els diferents EAPs de refer\u00e8ncia.<\/p>\n<ul style=\"list-style-type: square;\">\n<li>Zona Marina<\/li>\n<\/ul>\n<p>EAP Castelldefels<\/p>\n<p>EAP Gav\u00e0-Viladecans<\/p>\n<p>EAP El Prat de Llobregat<\/p>\n<ul style=\"list-style-type: square;\">\n<li>Zona Centre.<\/li>\n<\/ul>\n<p>EAP Esplugues<\/p>\n<p>EAP Cornell\u00e0<\/p>\n<p>EAP Sant feliu<\/p>\n<ul style=\"list-style-type: square;\">\n<li>Zona Nord<\/li>\n<\/ul>\n<p>EAP Sant Boi<\/p>\n<p>EAP Sant Vicen\u00e7 dels Horts<\/p>\n<p>EAP Martorell<\/p>\n<p>&nbsp;<\/p>\n<p>&nbsp;<\/p>\n<p style=\"text-align: justify;\">\n","protected":false},"excerpt":{"rendered":"<p>L&#8217;actuaci\u00f3 del CRETDiC BLL est\u00e0 orientada envers els centres d&#8217;educaci\u00f3 infantil, prim\u00e0ria i secund\u00e0ria de la comarca destacant tres \u00e0mbits [&hellip;]<\/p>\n","protected":false},"author":1,"featured_media":0,"parent":0,"menu_order":10,"comment_status":"closed","ping_status":"closed","template":"page-templates\/side-menu.php","meta":{"_bbp_topic_count":0,"_bbp_reply_count":0,"_bbp_total_topic_count":0,"_bbp_total_reply_count":0,"_bbp_voice_count":0,"_bbp_anonymous_reply_count":0,"_bbp_topic_count_hidden":0,"_bbp_reply_count_hidden":0,"_bbp_forum_subforum_count":0,"site-sidebar-layout":"default","site-content-layout":"","ast-site-content-layout":"","site-content-style":"default","site-sidebar-style":"default","ast-global-header-display":"","ast-banner-title-visibility":"","ast-main-header-display":"","ast-hfb-above-header-display":"","ast-hfb-below-header-display":"","ast-hfb-mobile-header-display":"","site-post-title":"","ast-breadcrumbs-content":"","ast-featured-img":"","footer-sml-layout":"","theme-transparent-header-meta":"","adv-header-id-meta":"","stick-header-meta":"","header-above-stick-meta":"","header-main-stick-meta":"","header-below-stick-meta":"","astra-migrate-meta-layouts":"default","ast-page-background-enabled":"default","ast-page-background-meta":{"desktop":{"background-color":"var(--ast-global-color-4)","background-image":"","background-repeat":"repeat","background-position":"center center","background-size":"auto","background-attachment":"scroll","background-type":"","background-media":"","overlay-type":"","overlay-color":"","overlay-opacity":"","overlay-gradient":""},"tablet":{"background-color":"","background-image":"","background-repeat":"repeat","background-position":"center center","background-size":"auto","background-attachment":"scroll","background-type":"","background-media":"","overlay-type":"","overlay-color":"","overlay-opacity":"","overlay-gradient":""},"mobile":{"background-color":"","background-image":"","background-repeat":"repeat","background-position":"center center","background-size":"auto","background-attachment":"scroll","background-type":"","background-media":"","overlay-type":"","overlay-color":"","overlay-opacity":"","overlay-gradient":""}},"ast-content-background-meta":{"desktop":{"background-color":"var(--ast-global-color-5)","background-image":"","background-repeat":"repeat","background-position":"center center","background-size":"auto","background-attachment":"scroll","background-type":"","background-media":"","overlay-type":"","overlay-color":"","overlay-opacity":"","overlay-gradient":""},"tablet":{"background-color":"var(--ast-global-color-5)","background-image":"","background-repeat":"repeat","background-position":"center center","background-size":"auto","background-attachment":"scroll","background-type":"","background-media":"","overlay-type":"","overlay-color":"","overlay-opacity":"","overlay-gradient":""},"mobile":{"background-color":"var(--ast-global-color-5)","background-image":"","background-repeat":"repeat","background-position":"center center","background-size":"auto","background-attachment":"scroll","background-type":"","background-media":"","overlay-type":"","overlay-color":"","overlay-opacity":"","overlay-gradient":""}},"footnotes":""},"class_list":["post-338","page","type-page","status-publish","hentry"],"post_mailing_queue_ids":[],"_links":{"self":[{"href":"https:\/\/serveiseducatius.xtec.cat\/cretdic-bll\/wp-json\/wp\/v2\/pages\/338","targetHints":{"allow":["GET"]}}],"collection":[{"href":"https:\/\/serveiseducatius.xtec.cat\/cretdic-bll\/wp-json\/wp\/v2\/pages"}],"about":[{"href":"https:\/\/serveiseducatius.xtec.cat\/cretdic-bll\/wp-json\/wp\/v2\/types\/page"}],"author":[{"embeddable":true,"href":"https:\/\/serveiseducatius.xtec.cat\/cretdic-bll\/wp-json\/wp\/v2\/users\/1"}],"replies":[{"embeddable":true,"href":"https:\/\/serveiseducatius.xtec.cat\/cretdic-bll\/wp-json\/wp\/v2\/comments?post=338"}],"version-history":[{"count":5,"href":"https:\/\/serveiseducatius.xtec.cat\/cretdic-bll\/wp-json\/wp\/v2\/pages\/338\/revisions"}],"predecessor-version":[{"id":8259,"href":"https:\/\/serveiseducatius.xtec.cat\/cretdic-bll\/wp-json\/wp\/v2\/pages\/338\/revisions\/8259"}],"wp:attachment":[{"href":"https:\/\/serveiseducatius.xtec.cat\/cretdic-bll\/wp-json\/wp\/v2\/media?parent=338"}],"curies":[{"name":"wp","href":"https:\/\/api.w.org\/{rel}","templated":true}]}}