{"id":8173,"date":"2016-04-04T12:18:41","date_gmt":"2016-04-04T11:18:41","guid":{"rendered":"http:\/\/serveiseducatius.xtec.cat\/credac-perebarnils\/?page_id=8173"},"modified":"2018-03-08T11:08:39","modified_gmt":"2018-03-08T10:08:39","slug":"orientacions","status":"publish","type":"page","link":"https:\/\/serveiseducatius.xtec.cat\/credac-perebarnils\/families\/orientacions\/","title":{"rendered":"Orientacions i informaci\u00f3"},"content":{"rendered":"<p><strong>Com se seleccionen els alumnes que s&#8217;atenen al CREDA?<\/strong><\/p>\n<p>Els EAP dels Serveis Educatius de cada zona deriven els alumnes a trav\u00e9s d&#8217;un protocol que inclou:<\/p>\n<ul>\n<li>una mostra escrita del llenguatge oral de l&#8217;alumne<\/li>\n<li>un recull de dades sobre l&#8217;escolaritzaci\u00f3 i les capacitats de l&#8217;alumne.<\/li>\n<\/ul>\n<p>Els psicopedagogs del CREDA i de l&#8217;EAP prioritzen, de totes les demandes rebudes, els alumnes que s&#8217;atendran el curs vinent, segons la gravetat del cas i la disponibilitat del servei.<\/p>\n<p>Al llarg del curs la detecci\u00f3 d&#8217;alumnes amb sordesa pregona pot fer variar el pla d&#8217;actuaci\u00f3 d&#8217;alguna logopeda. Aquests alumnes es prioritzen per sobre de tots els altres i s&#8217;atenen des del mateix moment de la seva detecci\u00f3.<\/p>\n<p>El infants de 0 a 3 anys amb diagn\u00f2stic de p\u00e8rdua auditiva (ORL) la fam\u00edlia, el CDIAP o l\u2019EAP poden accedir directament al CREDA.<\/p>\n<p>&nbsp;<\/p>\n<p><strong>Quines opcions d&#8217;escolaritzaci\u00f3 poden escollir les fam\u00edlies?<\/strong><\/p>\n<p>Les fam\u00edlies\u00a0dels alumnes amb sordesa poden\u00a0triar\u00a0entre dues opcions d\u2019escolaritzaci\u00f3 que fan refer\u00e8ncia a l\u2019aprenentatge de la llengua i l\u2019acc\u00e9s a l\u2019aprenentatge en modalitat oral o biling\u00fce. Veieu la p\u00e0gina <a href=\"http:\/\/serveiseducatius.xtec.cat\/credac-perebarnils\/families\/orientacions\/opcions-descolaritzacio\/\">opcions\u00a0d&#8217;escolaritzaci\u00f3<\/a>.<\/p>\n<p>&nbsp;<\/p>\n<p><strong>Orientacions per al treball a casa<\/strong><\/p>\n<p>A continuaci\u00f3 hi trobareu informaci\u00f3 sobre possibles actuacions per fer a casa:<\/p>\n<p><a href=\"http:\/\/serveiseducatius.xtec.cat\/credac-perebarnils\/wp-content\/uploads\/usu1333\/2016\/04\/ORIENTACIONS_FAMILIA_1.pdf\">Pautes sobre com ajudar a desenvolupar les habilitats auditives<\/a><\/p>\n<p><a href=\"http:\/\/serveiseducatius.xtec.cat\/credac-perebarnils\/wp-content\/uploads\/usu1333\/2016\/04\/aprendre_respirar_bufar_mocar.pdf\">Aprendre a respirar, bufar i mocar-se<\/a><\/p>\n","protected":false},"excerpt":{"rendered":"<p>Com se seleccionen els alumnes que s&#8217;atenen al CREDA?<br \/>\nEls EAP dels Serveis Educatius de cada zona deriven els alumnes a trav\u00e9s d&#8217;un protocol que inclou:<\/p>\n<ul>\n<li>una mostra escrita del llenguatge oral de l&#8217;alumne<\/li>\n<li>un recull de dades sobre l&#8217;escolaritzaci\u00f3 i les capacitats de l&#8217;alumne.<\/li>\n<\/ul>\n<p>Els psicopedagogs del CREDA&hellip;  <a href=\"https:\/\/serveiseducatius.xtec.cat\/credac-perebarnils\/families\/orientacions\/\" title=\"Read Orientacions i informaci\u00f3\">Llegeix m\u00e9s\u00bb<\/a><\/p>\n","protected":false},"author":1,"featured_media":0,"parent":8171,"menu_order":0,"comment_status":"closed","ping_status":"closed","template":"","meta":{"_bbp_topic_count":0,"_bbp_reply_count":0,"_bbp_total_topic_count":0,"_bbp_total_reply_count":0,"_bbp_voice_count":0,"_bbp_anonymous_reply_count":0,"_bbp_topic_count_hidden":0,"_bbp_reply_count_hidden":0,"_bbp_forum_subforum_count":0,"footnotes":""},"class_list":["post-8173","page","type-page","status-publish","hentry"],"post_mailing_queue_ids":[],"_links":{"self":[{"href":"https:\/\/serveiseducatius.xtec.cat\/credac-perebarnils\/wp-json\/wp\/v2\/pages\/8173","targetHints":{"allow":["GET"]}}],"collection":[{"href":"https:\/\/serveiseducatius.xtec.cat\/credac-perebarnils\/wp-json\/wp\/v2\/pages"}],"about":[{"href":"https:\/\/serveiseducatius.xtec.cat\/credac-perebarnils\/wp-json\/wp\/v2\/types\/page"}],"author":[{"embeddable":true,"href":"https:\/\/serveiseducatius.xtec.cat\/credac-perebarnils\/wp-json\/wp\/v2\/users\/1"}],"replies":[{"embeddable":true,"href":"https:\/\/serveiseducatius.xtec.cat\/credac-perebarnils\/wp-json\/wp\/v2\/comments?post=8173"}],"version-history":[{"count":4,"href":"https:\/\/serveiseducatius.xtec.cat\/credac-perebarnils\/wp-json\/wp\/v2\/pages\/8173\/revisions"}],"predecessor-version":[{"id":10585,"href":"https:\/\/serveiseducatius.xtec.cat\/credac-perebarnils\/wp-json\/wp\/v2\/pages\/8173\/revisions\/10585"}],"up":[{"embeddable":true,"href":"https:\/\/serveiseducatius.xtec.cat\/credac-perebarnils\/wp-json\/wp\/v2\/pages\/8171"}],"wp:attachment":[{"href":"https:\/\/serveiseducatius.xtec.cat\/credac-perebarnils\/wp-json\/wp\/v2\/media?parent=8173"}],"curies":[{"name":"wp","href":"https:\/\/api.w.org\/{rel}","templated":true}]}}