{"id":8429,"date":"2016-05-03T08:44:33","date_gmt":"2016-05-03T07:44:33","guid":{"rendered":"http:\/\/serveiseducatius.xtec.cat\/creda-penedes\/?page_id=8429"},"modified":"2025-10-06T15:22:51","modified_gmt":"2025-10-06T13:22:51","slug":"historia","status":"publish","type":"page","link":"https:\/\/serveiseducatius.xtec.cat\/creda-penedes\/el-creda\/historia\/","title":{"rendered":"Hist\u00f2ria"},"content":{"rendered":"<p><a href=\"http:\/\/serveiseducatius.xtec.cat\/creda-penedes\/wp-content\/uploads\/usu836\/2016\/05\/Pompeu.bmp\"><img loading=\"lazy\" decoding=\"async\" class=\"wp-image-8639 alignleft\" src=\"http:\/\/serveiseducatius.xtec.cat\/creda-penedes\/wp-content\/uploads\/usu836\/2016\/05\/Pompeu.bmp\" alt=\"pompeu\" width=\"326\" height=\"218\" \/><\/a><\/p>\n<p>El setembre de l\u2019any 2024 \u00e9s crea el CREDA PENED\u00c8S. L\u2019\u00e0mbit territorial d\u2019actuaci\u00f3 del CREDA \u00e9s la comarca del Garraf, l\u2019Alt Pened\u00e8s, Anoia i Baix Pened\u00e8s.<br \/>\n<strong>La seu del CREDA<\/strong>, actualment, est\u00e0 situada al tercer pis de l&#8217;escola Pompeu Fabra de Vilanova i la Geltr\u00fa (carrer Pius X, n\u00ba 6) on tamb\u00e9 s&#8217;ubiquen l&#8217;equip de logopedes de la zona del <strong>Garraf<\/strong> i la psicopedagoga.<\/p>\n<p>La seu de l&#8217;equip de logopedes de <strong>l&#8217;Alt Pened\u00e8s<\/strong> es troba als Serveis Educatius, situats a l&#8217;avinguda Europa s\/n, de Vilafranca del Pened\u00e8s.<\/p>\n<p>La seu de l&#8217;equip de logopedes de <strong>l&#8217;Anoia<\/strong> es troba als Serveis Educatius, situats al carrer Sant Carles 83, Igualada.<\/p>\n<p>La seu de l&#8217;equip de logopedes del <strong>Baix Pened\u00e8s<\/strong> es troba als Serveis Educatius, situats a Avda. de les Escoles, 21 (sota l\u2019Escola Garb\u00ed), El Vendrell.<\/p>\n","protected":false},"excerpt":{"rendered":"<p>El setembre de l\u2019any 2024 \u00e9s crea el CREDA PENED\u00c8S. L\u2019\u00e0mbit territorial d\u2019actuaci\u00f3 del CREDA \u00e9s la comarca del Garraf, l\u2019Alt Pened\u00e8s, Anoia i Baix Pened\u00e8s. La seu del CREDA, actualment, est\u00e0 situada al tercer pis de l&#8217;escola Pompeu Fabra de Vilanova i la Geltr\u00fa (carrer Pius X, n\u00ba 6) on tamb\u00e9 s&#8217;ubiquen l&#8217;equip de [&hellip;]<\/p>\n","protected":false},"author":1,"featured_media":0,"parent":806,"menu_order":25,"comment_status":"closed","ping_status":"closed","template":"","meta":{"_bbp_topic_count":0,"_bbp_reply_count":0,"_bbp_total_topic_count":0,"_bbp_total_reply_count":0,"_bbp_voice_count":0,"_bbp_anonymous_reply_count":0,"_bbp_topic_count_hidden":0,"_bbp_reply_count_hidden":0,"_bbp_forum_subforum_count":0,"site-sidebar-layout":"default","site-content-layout":"","ast-site-content-layout":"default","site-content-style":"default","site-sidebar-style":"default","ast-global-header-display":"","ast-banner-title-visibility":"","ast-main-header-display":"","ast-hfb-above-header-display":"","ast-hfb-below-header-display":"","ast-hfb-mobile-header-display":"","site-post-title":"","ast-breadcrumbs-content":"","ast-featured-img":"","footer-sml-layout":"","theme-transparent-header-meta":"","adv-header-id-meta":"","stick-header-meta":"","header-above-stick-meta":"","header-main-stick-meta":"","header-below-stick-meta":"","astra-migrate-meta-layouts":"set","ast-page-background-enabled":"default","ast-page-background-meta":{"desktop":{"background-color":"var(--ast-global-color-4)","background-image":"","background-repeat":"repeat","background-position":"center center","background-size":"auto","background-attachment":"scroll","background-type":"","background-media":"","overlay-type":"","overlay-color":"","overlay-opacity":"","overlay-gradient":""},"tablet":{"background-color":"","background-image":"","background-repeat":"repeat","background-position":"center center","background-size":"auto","background-attachment":"scroll","background-type":"","background-media":"","overlay-type":"","overlay-color":"","overlay-opacity":"","overlay-gradient":""},"mobile":{"background-color":"","background-image":"","background-repeat":"repeat","background-position":"center center","background-size":"auto","background-attachment":"scroll","background-type":"","background-media":"","overlay-type":"","overlay-color":"","overlay-opacity":"","overlay-gradient":""}},"ast-content-background-meta":{"desktop":{"background-color":"var(--ast-global-color-5)","background-image":"","background-repeat":"repeat","background-position":"center center","background-size":"auto","background-attachment":"scroll","background-type":"","background-media":"","overlay-type":"","overlay-color":"","overlay-opacity":"","overlay-gradient":""},"tablet":{"background-color":"var(--ast-global-color-5)","background-image":"","background-repeat":"repeat","background-position":"center center","background-size":"auto","background-attachment":"scroll","background-type":"","background-media":"","overlay-type":"","overlay-color":"","overlay-opacity":"","overlay-gradient":""},"mobile":{"background-color":"var(--ast-global-color-5)","background-image":"","background-repeat":"repeat","background-position":"center center","background-size":"auto","background-attachment":"scroll","background-type":"","background-media":"","overlay-type":"","overlay-color":"","overlay-opacity":"","overlay-gradient":""}},"footnotes":""},"class_list":["post-8429","page","type-page","status-publish","hentry"],"post_mailing_queue_ids":[],"_links":{"self":[{"href":"https:\/\/serveiseducatius.xtec.cat\/creda-penedes\/wp-json\/wp\/v2\/pages\/8429","targetHints":{"allow":["GET"]}}],"collection":[{"href":"https:\/\/serveiseducatius.xtec.cat\/creda-penedes\/wp-json\/wp\/v2\/pages"}],"about":[{"href":"https:\/\/serveiseducatius.xtec.cat\/creda-penedes\/wp-json\/wp\/v2\/types\/page"}],"author":[{"embeddable":true,"href":"https:\/\/serveiseducatius.xtec.cat\/creda-penedes\/wp-json\/wp\/v2\/users\/1"}],"replies":[{"embeddable":true,"href":"https:\/\/serveiseducatius.xtec.cat\/creda-penedes\/wp-json\/wp\/v2\/comments?post=8429"}],"version-history":[{"count":5,"href":"https:\/\/serveiseducatius.xtec.cat\/creda-penedes\/wp-json\/wp\/v2\/pages\/8429\/revisions"}],"predecessor-version":[{"id":11666,"href":"https:\/\/serveiseducatius.xtec.cat\/creda-penedes\/wp-json\/wp\/v2\/pages\/8429\/revisions\/11666"}],"up":[{"embeddable":true,"href":"https:\/\/serveiseducatius.xtec.cat\/creda-penedes\/wp-json\/wp\/v2\/pages\/806"}],"wp:attachment":[{"href":"https:\/\/serveiseducatius.xtec.cat\/creda-penedes\/wp-json\/wp\/v2\/media?parent=8429"}],"curies":[{"name":"wp","href":"https:\/\/api.w.org\/{rel}","templated":true}]}}