{"id":8527,"date":"2016-05-10T08:52:07","date_gmt":"2016-05-10T07:52:07","guid":{"rendered":"http:\/\/serveiseducatius.xtec.cat\/creda-narcismaso\/?page_id=8527"},"modified":"2025-03-27T13:55:36","modified_gmt":"2025-03-27T12:55:36","slug":"altres-creda","status":"publish","type":"page","link":"https:\/\/serveiseducatius.xtec.cat\/creda-narcismaso\/el-creda\/altres-creda\/","title":{"rendered":"Altres CREDA"},"content":{"rendered":"<p>\u00a0<\/p>\n<table style=\"border-collapse: collapse; width: 100%; height: 92px;\">\n<tbody>\n<tr style=\"height: 23px;\">\n<td style=\"width: 33.3333%; height: 23px;\">\n<p><a href=\"https:\/\/serveiseducatius.xtec.cat\/apa\/creda\/\">CREDA Alt Pirineu i Aran<\/a> (Tremp)<\/p>\n<\/td>\n<td style=\"width: 33.3333%; height: 23px;\"><a href=\"https:\/\/serveiseducatius.xtec.cat\/creda-baixllobregat\/\">CREDA Baix Llobregat<\/a> (St. Feliu de Llobregat)<\/td>\n<\/tr>\n<tr style=\"height: 23px;\">\n<td style=\"width: 33.3333%; height: 23px;\">\n<p><a href=\"https:\/\/serveiseducatius.xtec.cat\/creda-comarques2\/\">CREDA Barcelon\u00e8s<\/a> (St. Adri\u00e0 del Bes\u00f2s)<\/p>\n<\/td>\n<td style=\"width: 33.3333%; height: 23px;\"><a href=\"https:\/\/serveiseducatius.xtec.cat\/creda-catcentral\/\">CREDA Catalunya Central<\/a> (Manresa)<\/td>\n<\/tr>\n<tr>\n<td style=\"width: 33.3333%;\">\n<p><a href=\"https:\/\/serveiseducatius.xtec.cat\/creda-jordiperello\/\">CREDA Jordi Perell\u00f3<\/a> (Sabadell)<\/p>\n<\/td>\n<td style=\"width: 33.3333%;\"><a href=\"https:\/\/serveiseducatius.xtec.cat\/creda-lleida\/\">CREDA Lleida<\/a> (Lleida)<\/td>\n<\/tr>\n<tr>\n<td style=\"width: 33.3333%;\">\n<p><a href=\"https:\/\/serveiseducatius.xtec.cat\/creda-mvo\/\">CREDA Maresme-Vall\u00e8s Oriental<\/a> (Granollers)<\/p>\n<\/td>\n<td style=\"width: 33.3333%;\"><a href=\"https:\/\/serveiseducatius.xtec.cat\/creda-penedes\/\">CREDA Pened\u00e8s<\/a> (Vilanova i la Geltr\u00fa)<\/td>\n<\/tr>\n<tr>\n<td style=\"width: 33.3333%;\">\n<p><a href=\"https:\/\/serveiseducatius.xtec.cat\/credac-perebarnils\/\">CREDA Pere Barnils<\/a> (Barcelona)<\/p>\n<\/td>\n<td style=\"width: 33.3333%;\"><a href=\"https:\/\/serveiseducatius.xtec.cat\/creda-tarragona\/\">CREDA Tarragona i Terres de l&#8217;Ebre<\/a> (Tarragona)<\/td>\n<\/tr>\n<\/tbody>\n<\/table>\n\n","protected":false},"excerpt":{"rendered":"<p>\u00a0 CREDA Alt Pirineu i Aran (Tremp) CREDA Baix Llobregat (St. Feliu de Llobregat) CREDA Barcelon\u00e8s (St. Adri\u00e0 del Bes\u00f2s) [&hellip;]<\/p>\n","protected":false},"author":1,"featured_media":0,"parent":806,"menu_order":80,"comment_status":"closed","ping_status":"closed","template":"","meta":{"_bbp_topic_count":0,"_bbp_reply_count":0,"_bbp_total_topic_count":0,"_bbp_total_reply_count":0,"_bbp_voice_count":0,"_bbp_anonymous_reply_count":0,"_bbp_topic_count_hidden":0,"_bbp_reply_count_hidden":0,"_bbp_forum_subforum_count":0,"site-sidebar-layout":"default","site-content-layout":"","ast-site-content-layout":"default","site-content-style":"default","site-sidebar-style":"default","ast-global-header-display":"","ast-banner-title-visibility":"","ast-main-header-display":"","ast-hfb-above-header-display":"","ast-hfb-below-header-display":"","ast-hfb-mobile-header-display":"","site-post-title":"","ast-breadcrumbs-content":"","ast-featured-img":"","footer-sml-layout":"","theme-transparent-header-meta":"","adv-header-id-meta":"","stick-header-meta":"","header-above-stick-meta":"","header-main-stick-meta":"","header-below-stick-meta":"","astra-migrate-meta-layouts":"set","ast-page-background-enabled":"default","ast-page-background-meta":{"desktop":{"background-color":"var(--ast-global-color-4)","background-image":"","background-repeat":"repeat","background-position":"center center","background-size":"auto","background-attachment":"scroll","background-type":"","background-media":"","overlay-type":"","overlay-color":"","overlay-opacity":"","overlay-gradient":""},"tablet":{"background-color":"","background-image":"","background-repeat":"repeat","background-position":"center center","background-size":"auto","background-attachment":"scroll","background-type":"","background-media":"","overlay-type":"","overlay-color":"","overlay-opacity":"","overlay-gradient":""},"mobile":{"background-color":"","background-image":"","background-repeat":"repeat","background-position":"center center","background-size":"auto","background-attachment":"scroll","background-type":"","background-media":"","overlay-type":"","overlay-color":"","overlay-opacity":"","overlay-gradient":""}},"ast-content-background-meta":{"desktop":{"background-color":"var(--ast-global-color-5)","background-image":"","background-repeat":"repeat","background-position":"center center","background-size":"auto","background-attachment":"scroll","background-type":"","background-media":"","overlay-type":"","overlay-color":"","overlay-opacity":"","overlay-gradient":""},"tablet":{"background-color":"var(--ast-global-color-5)","background-image":"","background-repeat":"repeat","background-position":"center center","background-size":"auto","background-attachment":"scroll","background-type":"","background-media":"","overlay-type":"","overlay-color":"","overlay-opacity":"","overlay-gradient":""},"mobile":{"background-color":"var(--ast-global-color-5)","background-image":"","background-repeat":"repeat","background-position":"center center","background-size":"auto","background-attachment":"scroll","background-type":"","background-media":"","overlay-type":"","overlay-color":"","overlay-opacity":"","overlay-gradient":""}},"footnotes":""},"class_list":["post-8527","page","type-page","status-publish","hentry"],"post_mailing_queue_ids":[],"_links":{"self":[{"href":"https:\/\/serveiseducatius.xtec.cat\/creda-narcismaso\/wp-json\/wp\/v2\/pages\/8527","targetHints":{"allow":["GET"]}}],"collection":[{"href":"https:\/\/serveiseducatius.xtec.cat\/creda-narcismaso\/wp-json\/wp\/v2\/pages"}],"about":[{"href":"https:\/\/serveiseducatius.xtec.cat\/creda-narcismaso\/wp-json\/wp\/v2\/types\/page"}],"author":[{"embeddable":true,"href":"https:\/\/serveiseducatius.xtec.cat\/creda-narcismaso\/wp-json\/wp\/v2\/users\/1"}],"replies":[{"embeddable":true,"href":"https:\/\/serveiseducatius.xtec.cat\/creda-narcismaso\/wp-json\/wp\/v2\/comments?post=8527"}],"version-history":[{"count":6,"href":"https:\/\/serveiseducatius.xtec.cat\/creda-narcismaso\/wp-json\/wp\/v2\/pages\/8527\/revisions"}],"predecessor-version":[{"id":9908,"href":"https:\/\/serveiseducatius.xtec.cat\/creda-narcismaso\/wp-json\/wp\/v2\/pages\/8527\/revisions\/9908"}],"up":[{"embeddable":true,"href":"https:\/\/serveiseducatius.xtec.cat\/creda-narcismaso\/wp-json\/wp\/v2\/pages\/806"}],"wp:attachment":[{"href":"https:\/\/serveiseducatius.xtec.cat\/creda-narcismaso\/wp-json\/wp\/v2\/media?parent=8527"}],"curies":[{"name":"wp","href":"https:\/\/api.w.org\/{rel}","templated":true}]}}