{"id":8661,"date":"2016-11-14T11:53:30","date_gmt":"2016-11-14T10:53:30","guid":{"rendered":"http:\/\/serveiseducatius.xtec.cat\/creda-baixllobregat\/?page_id=8661"},"modified":"2019-05-17T09:54:24","modified_gmt":"2019-05-17T07:54:24","slug":"sobre-la-perdua-auditiva","status":"publish","type":"page","link":"https:\/\/serveiseducatius.xtec.cat\/creda-baixllobregat\/families\/orientacions\/sobre-la-perdua-auditiva\/","title":{"rendered":"Sobre la p\u00e9rdua auditiva"},"content":{"rendered":"<p>La sordesa \u00e9s una discapacitat que pot afectar de manera significativa el desenvolupament d\u2019un nombre important de nens i nenes de Catalunya. \u00c9s important que les fam\u00edlies tinguin una informaci\u00f3 b\u00e0sica sobre la sordesa, els\u00a0suports t\u00e8cnics i les modalitats d\u2019escolaritzaci\u00f3, per tal que al m\u00e9s aviat possible puguin iniciar una comunicaci\u00f3 efectiva amb el seu fill o filla, sol\u00b7licitar la intervenci\u00f3 professional especialitzada i preveure la seva escolaritzaci\u00f3<\/p>\n<p><strong>Modalitats d&#8217;escolaritzaci\u00f3<\/strong><\/p>\n<p>Els pares dels alumnes amb sordesa poden optar per dos models d\u2019escolaritzaci\u00f3 que fan refer\u00e8ncia a l\u2019aprenentatge de la llengua i l\u2019acc\u00e9s a l\u2019aprenentatge en modalitat oral o biling\u00fce. <a href=\"http:\/\/serveiseducatius.xtec.cat\/creda-baixllobregat\/families\/orientacions\/sobre-la-perdua-auditiva\/modalitats-descolaritzacio\/\">Veieu la p\u00e0gina\u00a0modalitats d\u2019escolaritzaci\u00f3.<\/a><\/p>\n<p><strong>Associacions<\/strong><\/p>\n<p>A Catalunya hi ha diferents associacions que ofereixen informaci\u00f3 i suport a les families i persones sordes:<\/p>\n<table class=\" aligncenter\" style=\"border-color: #FFFFFF;\">\n<tbody>\n<tr>\n<td><a href=\"http:\/\/www.acapps.org\/web\/\"><img loading=\"lazy\" decoding=\"async\" class=\"size-full wp-image-8797 alignleft\" src=\"http:\/\/serveiseducatius.xtec.cat\/creda-baixllobregat\/wp-content\/uploads\/usu1334\/2016\/11\/acapps.jpg\" alt=\"acapps\" width=\"100\" height=\"100\" \/><\/a><a href=\"http:\/\/www.acapps.org\/web\/\">Federaci\u00f3 d&#8217;Associacions Catalanes<\/a><\/p>\n<p><a href=\"http:\/\/www.acapps.org\/web\/\">de Pare<\/a><a href=\"http:\/\/www.acapps.org\/web\/\"><br \/>\ns i Persones Sordes\u00a0<\/a><\/p>\n<p><a href=\"http:\/\/www.acapps.org\/web\/\">ACAPPS<\/a><\/td>\n<td><\/td>\n<td><a href=\"http:\/\/implantecoclear.org\/\"><img loading=\"lazy\" decoding=\"async\" class=\"size-full wp-image-8799 alignleft\" src=\"http:\/\/serveiseducatius.xtec.cat\/creda-baixllobregat\/wp-content\/uploads\/usu1334\/2016\/11\/aice.jpg\" alt=\"aice\" width=\"139\" height=\"73\" \/><\/a><a href=\"http:\/\/implantecoclear.org\/\">Asociaci\u00f3n de Implantados Cocleares de Espa\u00f1a<\/a><\/p>\n<p><a href=\"http:\/\/implantecoclear.org\/\">AICE<\/a><\/td>\n<td><\/td>\n<\/tr>\n<tr>\n<td><a href=\"http:\/\/www.apansce.org\/\"><img loading=\"lazy\" decoding=\"async\" class=\"size-full wp-image-8800 alignleft\" src=\"http:\/\/serveiseducatius.xtec.cat\/creda-baixllobregat\/wp-content\/uploads\/usu1334\/2016\/11\/apansce.jpg\" alt=\"apansce\" width=\"113\" height=\"75\" \/><\/a><a href=\"http:\/\/www.apansce.org\/\">Associaci\u00f3 de Pares de Nens sords de Catalunya<\/a><\/p>\n<p><a href=\"http:\/\/www.apansce.org\/\">APANSCE<\/a><\/td>\n<td><\/td>\n<td><a href=\"http:\/\/www.apansce.org\/\"><img loading=\"lazy\" decoding=\"async\" class=\"size-full wp-image-8802 alignleft\" src=\"http:\/\/serveiseducatius.xtec.cat\/creda-baixllobregat\/wp-content\/uploads\/usu1334\/2016\/11\/fesoca-1.jpg\" alt=\"fesoca\" width=\"91\" height=\"119\" \/><\/a><a href=\"http:\/\/www.apansce.org\/\">Federaci\u00f3 de Persones Sordes de Catalunya<\/a><\/p>\n<p><a href=\"http:\/\/www.apansce.org\/\">FESOCA<\/a><\/td>\n<td><\/td>\n<\/tr>\n<\/tbody>\n<\/table>\n<p>Altres associacions o entitats fora de Catalunya:<\/p>\n<table style=\"border-color: #FFFFFF;\">\n<tbody>\n<tr>\n<td><a href=\"http:\/\/www.fiapas.es\/FIAPAS\/index.html\"><img loading=\"lazy\" decoding=\"async\" class=\"size-full wp-image-8803 alignleft\" src=\"http:\/\/serveiseducatius.xtec.cat\/creda-baixllobregat\/wp-content\/uploads\/usu1334\/2016\/11\/fiapas.jpg\" alt=\"fiapas\" width=\"100\" height=\"67\" \/><\/a><a href=\"http:\/\/www.fiapas.es\/FIAPAS\/index.html\">Confederaci\u00f3n Espa\u00f1ola<\/a><\/p>\n<p><a href=\"http:\/\/www.fiapas.es\/FIAPAS\/index.html\">de familias de personas sordas<\/a><\/p>\n<p><a href=\"http:\/\/www.fiapas.es\/FIAPAS\/index.html\">FIAPAS<\/a><\/td>\n<td><a href=\"http:\/\/www.cnse.es\/\"><img loading=\"lazy\" decoding=\"async\" class=\"size-full wp-image-8804 alignleft\" src=\"http:\/\/serveiseducatius.xtec.cat\/creda-baixllobregat\/wp-content\/uploads\/usu1334\/2016\/11\/CNSE.jpg\" alt=\"cnse\" width=\"87\" height=\"83\" \/><\/a><a href=\"http:\/\/www.cnse.es\/\">Confederaci\u00f3n estatal de Personas Sordas<\/a><\/p>\n<p><a href=\"http:\/\/www.cnse.es\/\">CNSE<\/a><\/td>\n<\/tr>\n<tr>\n<td><a href=\"http:\/\/www.apascide.org\/\"><img loading=\"lazy\" decoding=\"async\" class=\"size-full wp-image-8805 alignleft\" src=\"http:\/\/serveiseducatius.xtec.cat\/creda-baixllobregat\/wp-content\/uploads\/usu1334\/2016\/11\/apascide.jpg\" alt=\"apascide\" width=\"100\" height=\"31\" \/><\/a><a href=\"http:\/\/www.apascide.org\/\">Asociaci\u00f3n Espa\u00f1ola de familias <\/a><\/p>\n<p><a href=\"http:\/\/www.apascide.org\/\">de Personas con Sordoceguera<\/a><\/p>\n<p><a href=\"http:\/\/www.apascide.org\/\">APASCIDE<\/a><\/td>\n<td><a href=\"http:\/\/www.jtc.org\/es\/\"><img loading=\"lazy\" decoding=\"async\" class=\"size-full wp-image-8806 alignleft\" src=\"http:\/\/serveiseducatius.xtec.cat\/creda-baixllobregat\/wp-content\/uploads\/usu1334\/2016\/11\/JTC.jpg\" alt=\"jtc\" width=\"187\" height=\"95\" \/><\/a><a href=\"http:\/\/www.jtc.org\/es\/\">Cl\u00ednica John Tracy<\/a><\/p>\n<p><a href=\"http:\/\/www.jtc.org\/es\/\">JTC<\/a><\/p>\n<p>&nbsp;<\/td>\n<\/tr>\n<tr>\n<td><a href=\"http:\/\/www.mihijosordo.org\/\">\u00a0<\/a><a href=\"http:\/\/www.mihijosordo.org\/\"><img loading=\"lazy\" decoding=\"async\" class=\" wp-image-8807 alignleft\" src=\"http:\/\/serveiseducatius.xtec.cat\/creda-baixllobregat\/wp-content\/uploads\/usu1334\/2016\/11\/mi-hijo-sordo.jpg\" alt=\"mi-hijo-sordo\" width=\"167\" height=\"30\" \/><\/a><a href=\"http:\/\/www.mihijosordo.org\/\">Mi hijo sordo<\/a><\/p>\n<p>Un mundo de respuestas. Famisor<\/td>\n<td><a href=\"http:\/\/www.t-oigo.com\/main.lasso?-session=_TOC:55C05D191b5f41DAD2Rvy1199420\"><img loading=\"lazy\" decoding=\"async\" class=\"size-full wp-image-8808 alignleft\" src=\"http:\/\/serveiseducatius.xtec.cat\/creda-baixllobregat\/wp-content\/uploads\/usu1334\/2016\/11\/t-oigo.jpg\" alt=\"t-oigo\" width=\"116\" height=\"61\" \/><\/a><a href=\"http:\/\/www.t-oigo.com\/main.lasso?-session=_TOC:55C05D191b5f41DAD2Rvy1199420\">T-oigo<\/a><\/td>\n<\/tr>\n<tr>\n<td><a href=\"http:\/\/www.hanen.org\/special-pages\/page-not-found.aspx\"><img loading=\"lazy\" decoding=\"async\" class=\"size-full wp-image-8809 alignleft\" src=\"http:\/\/serveiseducatius.xtec.cat\/creda-baixllobregat\/wp-content\/uploads\/usu1334\/2016\/11\/hanen.jpg\" alt=\"hanen\" width=\"100\" height=\"51\" \/><\/a><a href=\"http:\/\/www.hanen.org\/special-pages\/page-not-found.aspx\">The Hanen Centre<\/a><\/p>\n<p>Helping you Help Children Communnicate<\/td>\n<td><a href=\"http:\/\/www.oiresclave.org\/\"><img loading=\"lazy\" decoding=\"async\" class=\" wp-image-8810 alignleft\" src=\"http:\/\/serveiseducatius.xtec.cat\/creda-baixllobregat\/wp-content\/uploads\/usu1334\/2016\/11\/clave.jpg\" alt=\"clave\" width=\"130\" height=\"70\" \/><\/a><a href=\"http:\/\/www.oiresclave.org\/\">Clave<\/a><\/p>\n<p>Atenci\u00f3n a la deficiencia auditiva<\/td>\n<\/tr>\n<\/tbody>\n<\/table>\n","protected":false},"excerpt":{"rendered":"<p>La sordesa \u00e9s una discapacitat que pot afectar de manera significativa el desenvolupament d\u2019un nombre important de nens i nenes de Catalunya. \u00c9s important que les fam\u00edlies tinguin una informaci\u00f3 b\u00e0sica sobre la sordesa, els\u00a0suports t\u00e8cnics i les modalitats d\u2019escolaritzaci\u00f3, per tal que al m\u00e9s aviat possible puguin iniciar una comunicaci\u00f3 efectiva amb el seu [&hellip;]<\/p>\n","protected":false},"author":8,"featured_media":0,"parent":8173,"menu_order":0,"comment_status":"closed","ping_status":"closed","template":"","meta":{"_bbp_topic_count":0,"_bbp_reply_count":0,"_bbp_total_topic_count":0,"_bbp_total_reply_count":0,"_bbp_voice_count":0,"_bbp_anonymous_reply_count":0,"_bbp_topic_count_hidden":0,"_bbp_reply_count_hidden":0,"_bbp_forum_subforum_count":0,"site-sidebar-layout":"default","site-content-layout":"","ast-site-content-layout":"","site-content-style":"default","site-sidebar-style":"default","ast-global-header-display":"","ast-banner-title-visibility":"","ast-main-header-display":"","ast-hfb-above-header-display":"","ast-hfb-below-header-display":"","ast-hfb-mobile-header-display":"","site-post-title":"","ast-breadcrumbs-content":"","ast-featured-img":"","footer-sml-layout":"","theme-transparent-header-meta":"","adv-header-id-meta":"","stick-header-meta":"","header-above-stick-meta":"","header-main-stick-meta":"","header-below-stick-meta":"","astra-migrate-meta-layouts":"default","ast-page-background-enabled":"default","ast-page-background-meta":{"desktop":{"background-color":"var(--ast-global-color-4)","background-image":"","background-repeat":"repeat","background-position":"center center","background-size":"auto","background-attachment":"scroll","background-type":"","background-media":"","overlay-type":"","overlay-color":"","overlay-opacity":"","overlay-gradient":""},"tablet":{"background-color":"","background-image":"","background-repeat":"repeat","background-position":"center center","background-size":"auto","background-attachment":"scroll","background-type":"","background-media":"","overlay-type":"","overlay-color":"","overlay-opacity":"","overlay-gradient":""},"mobile":{"background-color":"","background-image":"","background-repeat":"repeat","background-position":"center center","background-size":"auto","background-attachment":"scroll","background-type":"","background-media":"","overlay-type":"","overlay-color":"","overlay-opacity":"","overlay-gradient":""}},"ast-content-background-meta":{"desktop":{"background-color":"var(--ast-global-color-5)","background-image":"","background-repeat":"repeat","background-position":"center center","background-size":"auto","background-attachment":"scroll","background-type":"","background-media":"","overlay-type":"","overlay-color":"","overlay-opacity":"","overlay-gradient":""},"tablet":{"background-color":"var(--ast-global-color-5)","background-image":"","background-repeat":"repeat","background-position":"center center","background-size":"auto","background-attachment":"scroll","background-type":"","background-media":"","overlay-type":"","overlay-color":"","overlay-opacity":"","overlay-gradient":""},"mobile":{"background-color":"var(--ast-global-color-5)","background-image":"","background-repeat":"repeat","background-position":"center center","background-size":"auto","background-attachment":"scroll","background-type":"","background-media":"","overlay-type":"","overlay-color":"","overlay-opacity":"","overlay-gradient":""}},"footnotes":""},"class_list":["post-8661","page","type-page","status-publish","hentry"],"post_mailing_queue_ids":[],"_links":{"self":[{"href":"https:\/\/serveiseducatius.xtec.cat\/creda-baixllobregat\/wp-json\/wp\/v2\/pages\/8661","targetHints":{"allow":["GET"]}}],"collection":[{"href":"https:\/\/serveiseducatius.xtec.cat\/creda-baixllobregat\/wp-json\/wp\/v2\/pages"}],"about":[{"href":"https:\/\/serveiseducatius.xtec.cat\/creda-baixllobregat\/wp-json\/wp\/v2\/types\/page"}],"author":[{"embeddable":true,"href":"https:\/\/serveiseducatius.xtec.cat\/creda-baixllobregat\/wp-json\/wp\/v2\/users\/8"}],"replies":[{"embeddable":true,"href":"https:\/\/serveiseducatius.xtec.cat\/creda-baixllobregat\/wp-json\/wp\/v2\/comments?post=8661"}],"version-history":[{"count":3,"href":"https:\/\/serveiseducatius.xtec.cat\/creda-baixllobregat\/wp-json\/wp\/v2\/pages\/8661\/revisions"}],"predecessor-version":[{"id":9062,"href":"https:\/\/serveiseducatius.xtec.cat\/creda-baixllobregat\/wp-json\/wp\/v2\/pages\/8661\/revisions\/9062"}],"up":[{"embeddable":true,"href":"https:\/\/serveiseducatius.xtec.cat\/creda-baixllobregat\/wp-json\/wp\/v2\/pages\/8173"}],"wp:attachment":[{"href":"https:\/\/serveiseducatius.xtec.cat\/creda-baixllobregat\/wp-json\/wp\/v2\/media?parent=8661"}],"curies":[{"name":"wp","href":"https:\/\/api.w.org\/{rel}","templated":true}]}}