{"id":8173,"date":"2016-04-04T12:18:41","date_gmt":"2016-04-04T11:18:41","guid":{"rendered":"http:\/\/serveiseducatius.xtec.cat\/creda-baixllobregat\/?page_id=8173"},"modified":"2017-03-20T13:41:09","modified_gmt":"2017-03-20T12:41:09","slug":"orientacions","status":"publish","type":"page","link":"https:\/\/serveiseducatius.xtec.cat\/creda-baixllobregat\/families\/orientacions\/","title":{"rendered":"Informaci\u00f3"},"content":{"rendered":"<p><a href=\"http:\/\/serveiseducatius.xtec.cat\/creda-baixllobregat\/wp-content\/uploads\/usu1334\/2016\/06\/seu.jpg\"><img loading=\"lazy\" decoding=\"async\" class=\" wp-image-8578 alignright\" src=\"http:\/\/serveiseducatius.xtec.cat\/creda-baixllobregat\/wp-content\/uploads\/usu1334\/2016\/06\/seu-150x150.jpg\" alt=\"seu\" width=\"218\" height=\"218\" \/><\/a>EL CREDA \u00e9s un servei educatiu espec\u00edfic del Departament d&#8217;Ensenyament de la Generalitat de Catalunya. Proporciona suport i assessorament t\u00e8cnic als professionals dels centres per l&#8217;adequaci\u00f3 de la seva tasca a les necessitats educatives especials de l&#8217;alumnat amb greus dificultats d&#8217;audici\u00f3 i\/o llenguatge, per tal d&#8217;afavorir el seu desenvolupament personal, social i curricular.<\/p>\n<p>La seva intervenci\u00f3, en col\u00b7laboraci\u00f3 amb l&#8217;EAP a la zona, es concreta en tres \u00e0mbits: alumnes i fam\u00edlies; centres i professorat; i zona.<\/p>\n<p><strong>Destinataris:<\/strong><\/p>\n<ul>\n<li>Infants i joves amb p\u00e8rdua auditiva (0-18a), i llurs fam\u00edlies.<\/li>\n<li>Alumnat amb greus trastorns del llenguatge i\/o la comunicaci\u00f3 (3-12a), i llurs fam\u00edlies.<\/li>\n<li>Centres i professorat de l\u2019alumnat amb greus dificultats d\u2019audici\u00f3, llenguatge i\/o comunicaci\u00f3.<\/li>\n<li>Professorat especialitzat (MALL) de la zona educativa de l\u2019alumnat amb greus dificultats d\u2019audici\u00f3 i\/o llenguatge.<\/li>\n<\/ul>\n<p>En relaci\u00f3 a l&#8217;alumnat amb dificultats d&#8217;audici\u00f3 i\/o llenguatge, i als infants de 0-3 anys amb p\u00e8rdua auditiva, el CREDA realitza diverses tasques:<\/p>\n<ul>\n<li>Valoraci\u00f3 i seguiment de la compet\u00e8ncia comunicativa i ling\u00fc\u00edstica de l&#8217;alumne, en col\u00b7laboraci\u00f3 amb el psicopedagog de l\u2019EAP.<\/li>\n<li>Valoraci\u00f3 i seguiment auditiu i audioprot\u00e8tic.<\/li>\n<li>Atenci\u00f3 logop\u00e8dica, si escau.<\/li>\n<li>Col\u00b7laboraci\u00f3 amb els professionals de l\u2019EAP implicats, informant, orientant i assessorant el professorat per facilitar la seva adequaci\u00f3 a les necessitats educatives espec\u00edfiques d\u2019aquests alumnes.<\/li>\n<li>Orientaci\u00f3 i assessorament a les fam\u00edlies.<\/li>\n<li>Informaci\u00f3 en relaci\u00f3 a materials did\u00e0ctics i recursos espec\u00edfics.<a href=\"http:\/\/serveiseducatius.xtec.cat\/creda-baixllobregat\/wp-content\/uploads\/usu1334\/2016\/04\/2-entrada2.jpg\"><img loading=\"lazy\" decoding=\"async\" class=\" wp-image-8842 alignright\" src=\"http:\/\/serveiseducatius.xtec.cat\/creda-baixllobregat\/wp-content\/uploads\/usu1334\/2016\/04\/2-entrada2-150x150.jpg\" alt=\"2-entrada2\" width=\"211\" height=\"211\" \/><\/a><\/li>\n<li>El CREDA, si es creu necessari, pot fer assessorament al centre sense atenci\u00f3 directa<\/li>\n<\/ul>\n<p><strong>A la <a href=\"http:\/\/serveiseducatius.xtec.cat\/creda-baixllobregat\/el-creda\/on-som\/\">seu del CREDA<\/a><\/strong> es realitza la valoraci\u00f3 i el seguiment auditiu i audioprot\u00e8tic, i comunicativoling\u00fc\u00edstic dels alumnes.<\/p>\n<p><strong>En els centres escolars<\/strong> es realitza l&#8217;atenci\u00f3 logop\u00e8dica als alumnes i la col\u00b7laboraci\u00f3 amb el professorat<\/p>\n<p><a href=\"https:\/\/serveiseducatius.xtec.cat\/creda-baixllobregat\/el-creda\/que-es\/\">M\u00e9s informaci\u00f3<\/a><\/p>\n<p><a href=\"http:\/\/serveiseducatius.xtec.cat\/creda-baixllobregat\/el-creda\/horari-i-calendari\/\">Horari i calendari<\/a><\/p>\n<p><a href=\"http:\/\/serveiseducatius.xtec.cat\/creda-baixllobregat\/el-creda\/on-som\/\">On som<\/a><\/p>\n","protected":false},"excerpt":{"rendered":"<p>EL CREDA \u00e9s un servei educatiu espec\u00edfic del Departament d&#8217;Ensenyament de la Generalitat de Catalunya. Proporciona suport i assessorament t\u00e8cnic als professionals dels centres per l&#8217;adequaci\u00f3 de la seva tasca a les necessitats educatives especials de l&#8217;alumnat amb greus dificultats d&#8217;audici\u00f3 i\/o llenguatge, per tal d&#8217;afavorir el seu desenvolupament personal, social i curricular. La seva [&hellip;]<\/p>\n","protected":false},"author":1,"featured_media":0,"parent":8171,"menu_order":0,"comment_status":"closed","ping_status":"closed","template":"","meta":{"_bbp_topic_count":0,"_bbp_reply_count":0,"_bbp_total_topic_count":0,"_bbp_total_reply_count":0,"_bbp_voice_count":0,"_bbp_anonymous_reply_count":0,"_bbp_topic_count_hidden":0,"_bbp_reply_count_hidden":0,"_bbp_forum_subforum_count":0,"site-sidebar-layout":"default","site-content-layout":"","ast-site-content-layout":"","site-content-style":"default","site-sidebar-style":"default","ast-global-header-display":"","ast-banner-title-visibility":"","ast-main-header-display":"","ast-hfb-above-header-display":"","ast-hfb-below-header-display":"","ast-hfb-mobile-header-display":"","site-post-title":"","ast-breadcrumbs-content":"","ast-featured-img":"","footer-sml-layout":"","theme-transparent-header-meta":"","adv-header-id-meta":"","stick-header-meta":"","header-above-stick-meta":"","header-main-stick-meta":"","header-below-stick-meta":"","astra-migrate-meta-layouts":"default","ast-page-background-enabled":"default","ast-page-background-meta":{"desktop":{"background-color":"var(--ast-global-color-4)","background-image":"","background-repeat":"repeat","background-position":"center center","background-size":"auto","background-attachment":"scroll","background-type":"","background-media":"","overlay-type":"","overlay-color":"","overlay-opacity":"","overlay-gradient":""},"tablet":{"background-color":"","background-image":"","background-repeat":"repeat","background-position":"center center","background-size":"auto","background-attachment":"scroll","background-type":"","background-media":"","overlay-type":"","overlay-color":"","overlay-opacity":"","overlay-gradient":""},"mobile":{"background-color":"","background-image":"","background-repeat":"repeat","background-position":"center center","background-size":"auto","background-attachment":"scroll","background-type":"","background-media":"","overlay-type":"","overlay-color":"","overlay-opacity":"","overlay-gradient":""}},"ast-content-background-meta":{"desktop":{"background-color":"var(--ast-global-color-5)","background-image":"","background-repeat":"repeat","background-position":"center center","background-size":"auto","background-attachment":"scroll","background-type":"","background-media":"","overlay-type":"","overlay-color":"","overlay-opacity":"","overlay-gradient":""},"tablet":{"background-color":"var(--ast-global-color-5)","background-image":"","background-repeat":"repeat","background-position":"center center","background-size":"auto","background-attachment":"scroll","background-type":"","background-media":"","overlay-type":"","overlay-color":"","overlay-opacity":"","overlay-gradient":""},"mobile":{"background-color":"var(--ast-global-color-5)","background-image":"","background-repeat":"repeat","background-position":"center center","background-size":"auto","background-attachment":"scroll","background-type":"","background-media":"","overlay-type":"","overlay-color":"","overlay-opacity":"","overlay-gradient":""}},"footnotes":""},"class_list":["post-8173","page","type-page","status-publish","hentry"],"post_mailing_queue_ids":[],"_links":{"self":[{"href":"https:\/\/serveiseducatius.xtec.cat\/creda-baixllobregat\/wp-json\/wp\/v2\/pages\/8173","targetHints":{"allow":["GET"]}}],"collection":[{"href":"https:\/\/serveiseducatius.xtec.cat\/creda-baixllobregat\/wp-json\/wp\/v2\/pages"}],"about":[{"href":"https:\/\/serveiseducatius.xtec.cat\/creda-baixllobregat\/wp-json\/wp\/v2\/types\/page"}],"author":[{"embeddable":true,"href":"https:\/\/serveiseducatius.xtec.cat\/creda-baixllobregat\/wp-json\/wp\/v2\/users\/1"}],"replies":[{"embeddable":true,"href":"https:\/\/serveiseducatius.xtec.cat\/creda-baixllobregat\/wp-json\/wp\/v2\/comments?post=8173"}],"version-history":[{"count":4,"href":"https:\/\/serveiseducatius.xtec.cat\/creda-baixllobregat\/wp-json\/wp\/v2\/pages\/8173\/revisions"}],"predecessor-version":[{"id":8843,"href":"https:\/\/serveiseducatius.xtec.cat\/creda-baixllobregat\/wp-json\/wp\/v2\/pages\/8173\/revisions\/8843"}],"up":[{"embeddable":true,"href":"https:\/\/serveiseducatius.xtec.cat\/creda-baixllobregat\/wp-json\/wp\/v2\/pages\/8171"}],"wp:attachment":[{"href":"https:\/\/serveiseducatius.xtec.cat\/creda-baixllobregat\/wp-json\/wp\/v2\/media?parent=8173"}],"curies":[{"name":"wp","href":"https:\/\/api.w.org\/{rel}","templated":true}]}}