{"id":889,"date":"2015-11-29T15:07:18","date_gmt":"2015-11-29T14:07:18","guid":{"rendered":"http:\/\/serveiseducatius.xtec.cat\/conca\/?page_id=889"},"modified":"2017-06-01T16:20:00","modified_gmt":"2017-06-01T14:20:00","slug":"revistes","status":"publish","type":"page","link":"https:\/\/serveiseducatius.xtec.cat\/conca\/recursos\/revistes\/","title":{"rendered":"Revistes"},"content":{"rendered":"<p><a href=\"http:\/\/serveiseducatius.xtec.cat\/conca\/wp-content\/uploads\/usu1131\/2015\/11\/20170525_181701-copia.jpg\"><img loading=\"lazy\" decoding=\"async\" class=\"alignnone size-large wp-image-8530\" src=\"http:\/\/serveiseducatius.xtec.cat\/conca\/wp-content\/uploads\/usu1131\/2015\/11\/20170525_181701-copia-1024x329.jpg\" alt=\"20170525_181701 - copia\" width=\"1024\" height=\"329\" srcset=\"https:\/\/serveiseducatius.xtec.cat\/conca\/wp-content\/uploads\/usu1131\/2015\/11\/20170525_181701-copia-1024x329.jpg 1024w, https:\/\/serveiseducatius.xtec.cat\/conca\/wp-content\/uploads\/usu1131\/2015\/11\/20170525_181701-copia-300x97.jpg 300w, https:\/\/serveiseducatius.xtec.cat\/conca\/wp-content\/uploads\/usu1131\/2015\/11\/20170525_181701-copia-768x247.jpg 768w, https:\/\/serveiseducatius.xtec.cat\/conca\/wp-content\/uploads\/usu1131\/2015\/11\/20170525_181701-copia.jpg 1032w\" sizes=\"auto, (max-width: 1024px) 100vw, 1024px\" \/><\/a><\/p>\n<p><strong><a href=\"https:\/\/www.google.es\/url?sa=t&amp;rct=j&amp;q=&amp;esrc=s&amp;source=web&amp;cd=1&amp;cad=rja&amp;uact=8&amp;ved=0ahUKEwic45bT_7XJAhUHVRQKHWpqCNYQFgghMAA&amp;url=http%3A%2F%2Fauladesecundaria.grao.com%2F&amp;usg=AFQjCNFrjn4VaZXCLq7IXni-9RAMCmbMwg&amp;sig2=iJUEj1rWq3Wht_RAWKwVoQ\">Aula de secundaria<\/a><br \/>\n<\/strong>Revista bimestral dirigida especialment al professorat de l&#8217;etapa de secund\u00e0ria. Aporta eines de tutoria i orientaci\u00f3, aix\u00ed com reflexions i recursos de did\u00e0ctica.<\/p>\n<p><strong>Guix<br \/>\n<\/strong>Des de 1997, Guix es mant\u00e9 fidel a la tradici\u00f3 educativa i donant suport a la renovaci\u00f3 educativa pedag\u00f2gica a trav\u00e9s de la reflexi\u00f3 i la pr\u00e0ctica.<\/p>\n<p>&#8211;<a href=\"http:\/\/www.grao.com\/revistes\/guix-infantil\">Guix Infantil<\/a><\/p>\n<p>Revista bimestral adre\u00e7ada a l&#8217;etapa d&#8217;educaci\u00f3 infantil<\/p>\n<p>&#8211;<a href=\"http:\/\/guix.grao.com\/\">Guix. Elements d&#8217;acci\u00f3 educativa<\/a>.<\/p>\n<p>Revista mensual (9 exemplars m\u00e9s d&#8217;un especial a l&#8217;abril) que proporciona informaci\u00f3 \u00fatil per a la pr\u00e0ctica docent sobre la did\u00e0ctica general i fomenta una actitud investigadora sobre la pr\u00e0ctica educativa.<\/p>\n<div><\/div>\n<p><strong>Perspectiva escolar<\/strong><br \/>\nRevista adre\u00e7ada als professionals dels sistema educatiu que s&#8217;ocupa de difondre accions educatives d&#8217;innovaci\u00f3 i promoure reflexions sobre els reptes de l&#8217;ensenyament obligatori.<\/p>\n<p><strong>Viure en fam\u00edlia<\/strong><br \/>\nAdre\u00e7ada a pares i mares de nens i nenes de 0 a 8 anys. T\u00e9 un punt de vista innovador, i para atenci\u00f3 a les opcions m\u00e9s naturals.<\/p>\n<p>COMARCALS<\/p>\n<p><a href=\"http:\/\/www.raco.cat\/index.php\/Aplec\/issue\/archive\"><strong>Aplec de Treballs<\/strong><\/a><\/p>\n<p>\u00c9s una revista miscel\u00b7l\u00e0nia que edita el Centre d&#8217;Estudis de la Conca de Barber\u00e0 des de l&#8217;any 1978. el seu objectiu \u00e9s la divulgaci\u00f3 d&#8217;articles de recerca realitzats a la Conca de Barber\u00e0 i Muntanyes de Prades en l&#8217;\u00e0mbit de les humanitats i ci\u00e8ncies socials.<\/p>\n<p><a href=\"http:\/\/www.raco.cat\/index.php\/RecullACBSegarra\/issue\/archive\"><strong>Recull<\/strong><\/a><\/p>\n<p>\u00c9s una miscel\u00b7l\u00e0nia que es publica des del 1995 per l&#8217;Associaci\u00f3 Cultural Baixa Segarra de Santa Coloma de Queralt i que surt aproximadament cada dos anys. La seva tem\u00e0tica \u00e9s d&#8217;hist\u00f2ria local, si b\u00e9 tamb\u00e9 inclou treballs sobre etnografia, ling\u00fc\u00edstica, etc.<\/p>\n<p><a href=\"http:\/\/www.raco.cat\/index.php\/Reboll\"><strong>Reboll<\/strong><\/a><\/p>\n<p>Butllet\u00ed del Centre d&#8217;Hist\u00f2ria Natural de la Conca de Barber\u00e0.<\/p>\n<div><\/div>\n","protected":false},"excerpt":{"rendered":"<p>Aula de secundaria Revista bimestral dirigida especialment al professorat de l&#8217;etapa de secund\u00e0ria. Aporta eines de tutoria i orientaci\u00f3, aix\u00ed com reflexions i recursos de did\u00e0ctica. Guix Des de 1997, Guix es mant\u00e9 fidel a la tradici\u00f3 educativa i donant suport a la renovaci\u00f3 educativa pedag\u00f2gica a trav\u00e9s de la reflexi\u00f3 i la pr\u00e0ctica. &#8211;Guix [&hellip;]<\/p>\n","protected":false},"author":1,"featured_media":0,"parent":906,"menu_order":0,"comment_status":"open","ping_status":"closed","template":"","meta":{"_bbp_topic_count":0,"_bbp_reply_count":0,"_bbp_total_topic_count":0,"_bbp_total_reply_count":0,"_bbp_voice_count":0,"_bbp_anonymous_reply_count":0,"_bbp_topic_count_hidden":0,"_bbp_reply_count_hidden":0,"_bbp_forum_subforum_count":0,"site-sidebar-layout":"default","site-content-layout":"","ast-site-content-layout":"","site-content-style":"default","site-sidebar-style":"default","ast-global-header-display":"","ast-banner-title-visibility":"","ast-main-header-display":"","ast-hfb-above-header-display":"","ast-hfb-below-header-display":"","ast-hfb-mobile-header-display":"","site-post-title":"","ast-breadcrumbs-content":"","ast-featured-img":"","footer-sml-layout":"","theme-transparent-header-meta":"","adv-header-id-meta":"","stick-header-meta":"","header-above-stick-meta":"","header-main-stick-meta":"","header-below-stick-meta":"","astra-migrate-meta-layouts":"default","ast-page-background-enabled":"default","ast-page-background-meta":{"desktop":{"background-color":"var(--ast-global-color-4)","background-image":"","background-repeat":"repeat","background-position":"center center","background-size":"auto","background-attachment":"scroll","background-type":"","background-media":"","overlay-type":"","overlay-color":"","overlay-opacity":"","overlay-gradient":""},"tablet":{"background-color":"","background-image":"","background-repeat":"repeat","background-position":"center center","background-size":"auto","background-attachment":"scroll","background-type":"","background-media":"","overlay-type":"","overlay-color":"","overlay-opacity":"","overlay-gradient":""},"mobile":{"background-color":"","background-image":"","background-repeat":"repeat","background-position":"center center","background-size":"auto","background-attachment":"scroll","background-type":"","background-media":"","overlay-type":"","overlay-color":"","overlay-opacity":"","overlay-gradient":""}},"ast-content-background-meta":{"desktop":{"background-color":"var(--ast-global-color-5)","background-image":"","background-repeat":"repeat","background-position":"center center","background-size":"auto","background-attachment":"scroll","background-type":"","background-media":"","overlay-type":"","overlay-color":"","overlay-opacity":"","overlay-gradient":""},"tablet":{"background-color":"var(--ast-global-color-5)","background-image":"","background-repeat":"repeat","background-position":"center center","background-size":"auto","background-attachment":"scroll","background-type":"","background-media":"","overlay-type":"","overlay-color":"","overlay-opacity":"","overlay-gradient":""},"mobile":{"background-color":"var(--ast-global-color-5)","background-image":"","background-repeat":"repeat","background-position":"center center","background-size":"auto","background-attachment":"scroll","background-type":"","background-media":"","overlay-type":"","overlay-color":"","overlay-opacity":"","overlay-gradient":""}},"footnotes":""},"class_list":["post-889","page","type-page","status-publish","hentry"],"post_mailing_queue_ids":[],"_links":{"self":[{"href":"https:\/\/serveiseducatius.xtec.cat\/conca\/wp-json\/wp\/v2\/pages\/889","targetHints":{"allow":["GET"]}}],"collection":[{"href":"https:\/\/serveiseducatius.xtec.cat\/conca\/wp-json\/wp\/v2\/pages"}],"about":[{"href":"https:\/\/serveiseducatius.xtec.cat\/conca\/wp-json\/wp\/v2\/types\/page"}],"author":[{"embeddable":true,"href":"https:\/\/serveiseducatius.xtec.cat\/conca\/wp-json\/wp\/v2\/users\/1"}],"replies":[{"embeddable":true,"href":"https:\/\/serveiseducatius.xtec.cat\/conca\/wp-json\/wp\/v2\/comments?post=889"}],"version-history":[{"count":3,"href":"https:\/\/serveiseducatius.xtec.cat\/conca\/wp-json\/wp\/v2\/pages\/889\/revisions"}],"predecessor-version":[{"id":8531,"href":"https:\/\/serveiseducatius.xtec.cat\/conca\/wp-json\/wp\/v2\/pages\/889\/revisions\/8531"}],"up":[{"embeddable":true,"href":"https:\/\/serveiseducatius.xtec.cat\/conca\/wp-json\/wp\/v2\/pages\/906"}],"wp:attachment":[{"href":"https:\/\/serveiseducatius.xtec.cat\/conca\/wp-json\/wp\/v2\/media?parent=889"}],"curies":[{"name":"wp","href":"https:\/\/api.w.org\/{rel}","templated":true}]}}