{"id":385,"date":"2015-11-25T14:26:15","date_gmt":"2015-11-25T13:26:15","guid":{"rendered":"http:\/\/serveiseducatius.xtec.cat\/conca\/?page_id=385"},"modified":"2021-04-06T11:49:36","modified_gmt":"2021-04-06T09:49:36","slug":"ensenyament-secundari-batxillerat-i-formacio-professional","status":"publish","type":"page","link":"https:\/\/serveiseducatius.xtec.cat\/conca\/comunitat\/centres-educatius\/ensenyament-secundari-batxillerat-i-formacio-professional\/","title":{"rendered":"Ensenyament secundari, batxillerat i formaci\u00f3 professional"},"content":{"rendered":"<ul>\n<li><strong>L&#8217;Espluga de Francol\u00ed<\/strong><\/li>\n<\/ul>\n<p><strong>Institut Joan Amig\u00f3 i Callau<br \/>\n<\/strong> C. del Ser\u00e8, 10. 43440 -L&#8217;Espluga de Francol\u00ed-<br \/>\nTel. 977 87 01 54<br \/>\nCorreu electr\u00f2nic: e3006617@xtec.cat<br \/>\nWeb:\u00a0<a href=\"http:\/\/agora.xtec.cat\/iesjoanamigo\/\" target=\"_blank\" rel=\"noopener noreferrer\">http:\/\/agora.xtec.cat\/iesjoanamigo\/<\/a><br \/>\nXarxes socials:<a href=\"https:\/\/www.instagram.com\/insjoanamigoicallau\" target=\"_blank\" rel=\"noopener noreferrer\"><img loading=\"lazy\" decoding=\"async\" class=\"alignnone size-full wp-image-11176\" src=\"https:\/\/serveiseducatius.xtec.cat\/conca\/wp-content\/uploads\/usu1131\/2021\/02\/icons8-instagram-48.png\" alt=\"\" width=\"48\" height=\"48\" \/><\/a><\/p>\n<ul>\n<li><strong>Montblanc<\/strong><\/li>\n<\/ul>\n<p><strong>Col\u00b7legi Mare de D\u00e9u de la Serra<br \/>\n<\/strong>C. d&#8217;Artesa, 4. 43400 -Montblanc-<br \/>\nTel. 977 86 01 22<br \/>\nCorreu electr\u00f2nic: <a href=\"mailto:mdserra@mdserra.cat\">mdserra@mdserra.cat<\/a><br \/>\nWeb:\u00a0<a href=\"http:\/\/www.mdserra.cat\/ca\" target=\"_blank\" rel=\"noopener noreferrer\">http:\/\/www.mdserra.cat\/ca<\/a><br \/>\nXarxes socials: <a href=\"https:\/\/twitter.com\/Colmdserra\" target=\"_blank\" rel=\"noopener noreferrer\"><img loading=\"lazy\" decoding=\"async\" class=\"alignnone size-full wp-image-11177\" src=\"https:\/\/serveiseducatius.xtec.cat\/conca\/wp-content\/uploads\/usu1131\/2021\/02\/icons8-twitter-squared-48.png\" alt=\"\" width=\"48\" height=\"48\" \/><\/a><a href=\"https:\/\/www.facebook.com\/colmarededeudelaserra\" target=\"_blank\" rel=\"noopener noreferrer\"><img loading=\"lazy\" decoding=\"async\" class=\"alignnone size-full wp-image-11175\" src=\"https:\/\/serveiseducatius.xtec.cat\/conca\/wp-content\/uploads\/usu1131\/2021\/02\/icons8-facebook-48.png\" alt=\"\" width=\"48\" height=\"48\" \/><\/a><a href=\"https:\/\/www.instagram.com\/colmdserra\/\" target=\"_blank\" rel=\"noopener noreferrer\"><img loading=\"lazy\" decoding=\"async\" class=\"alignnone size-full wp-image-11176\" src=\"https:\/\/serveiseducatius.xtec.cat\/conca\/wp-content\/uploads\/usu1131\/2021\/02\/icons8-instagram-48.png\" alt=\"\" width=\"48\" height=\"48\" \/><\/a><\/p>\n<p><strong>Institut Mart\u00ed l&#8217;Hum\u00e0<br \/>\n<\/strong>Av. del Doctor Folch, s\/n 43400 -Montblanc-<br \/>\nTel. 977 86 25 39<br \/>\nCorreu electr\u00f2nic: e3009187@xtec.cat<br \/>\nWeb:\u00a0<a href=\"http:\/\/agora.xtec.cat\/iesmartilhuma\/\" target=\"_blank\" rel=\"noopener noreferrer\">http:\/\/agora.xtec.cat\/iesmartilhuma\/<\/a><br \/>\nXarxes socials: <a href=\"https:\/\/twitter.com\/Martilhuma\" target=\"_blank\" rel=\"noopener noreferrer\"><img loading=\"lazy\" decoding=\"async\" class=\"alignnone size-full wp-image-11177\" src=\"https:\/\/serveiseducatius.xtec.cat\/conca\/wp-content\/uploads\/usu1131\/2021\/02\/icons8-twitter-squared-48.png\" alt=\"\" width=\"48\" height=\"48\" \/><\/a><a href=\"https:\/\/www.facebook.com\/profile.php?id=100000133572855\" target=\"_blank\" rel=\"noopener noreferrer\"><img loading=\"lazy\" decoding=\"async\" class=\"alignnone size-full wp-image-11175\" src=\"https:\/\/serveiseducatius.xtec.cat\/conca\/wp-content\/uploads\/usu1131\/2021\/02\/icons8-facebook-48.png\" alt=\"\" width=\"48\" height=\"48\" \/><\/a><a href=\"https:\/\/www.instagram.com\/institutmartilhuma\/\" target=\"_blank\" rel=\"noopener noreferrer\"><img loading=\"lazy\" decoding=\"async\" class=\"alignnone size-full wp-image-11176\" src=\"https:\/\/serveiseducatius.xtec.cat\/conca\/wp-content\/uploads\/usu1131\/2021\/02\/icons8-instagram-48.png\" alt=\"\" width=\"48\" height=\"48\" \/><\/a><a href=\"https:\/\/www.youtube.com\/channel\/UCvwWCPlYDYVGdOEhS5lepew\" target=\"_blank\" rel=\"noopener noreferrer\"><img loading=\"lazy\" decoding=\"async\" class=\"alignnone size-full wp-image-11181\" src=\"https:\/\/serveiseducatius.xtec.cat\/conca\/wp-content\/uploads\/usu1131\/2021\/02\/icons8-youtube-48.png\" alt=\"\" width=\"48\" height=\"48\" \/><\/a><a href=\"https:\/\/t.me\/iesmartilhuma\" target=\"_blank\" rel=\"noopener noreferrer\"><img loading=\"lazy\" decoding=\"async\" class=\"alignnone size-full wp-image-11180\" src=\"https:\/\/serveiseducatius.xtec.cat\/conca\/wp-content\/uploads\/usu1131\/2021\/02\/icons8-telegram-app-48.png\" alt=\"\" width=\"48\" height=\"48\" \/><\/a><\/p>\n<ul>\n<li><strong>Santa Coloma de Queralt<\/strong><\/li>\n<\/ul>\n<p><strong>Institut Joan Segura i Valls<br \/>\n<\/strong>C. Progr\u00e9s, 7. 43420 -Santa Coloma de Queralt-<br \/>\nTel. 977 88 00 09<br \/>\nCorreu electr\u00f2nic: e3006708@xtec.cat<br \/>\nWeb:\u00a0<a href=\"http:\/\/agora.xtec.cat\/insjoanseguraivalls\/\" target=\"_blank\" rel=\"noopener noreferrer\">http:\/\/agora.xtec.cat\/insjoanseguraivalls\/<\/a><br \/>\nXarxes socials: <a href=\"https:\/\/twitter.com\/InsJoanSegura\" target=\"_blank\" rel=\"noopener noreferrer\"><img loading=\"lazy\" decoding=\"async\" class=\"alignnone size-full wp-image-11177\" src=\"https:\/\/serveiseducatius.xtec.cat\/conca\/wp-content\/uploads\/usu1131\/2021\/02\/icons8-twitter-squared-48.png\" alt=\"\" width=\"48\" height=\"48\" \/><\/a><a href=\"https:\/\/www.facebook.com\/joan.seguravalls.5\" target=\"_blank\" rel=\"noopener noreferrer\"><img loading=\"lazy\" decoding=\"async\" class=\"alignnone size-full wp-image-11175\" src=\"https:\/\/serveiseducatius.xtec.cat\/conca\/wp-content\/uploads\/usu1131\/2021\/02\/icons8-facebook-48.png\" alt=\"\" width=\"48\" height=\"48\" \/><\/a><a href=\"https:\/\/www.instagram.com\/insjoanseguraivalls\/\" target=\"_blank\" rel=\"noopener noreferrer\"><img loading=\"lazy\" decoding=\"async\" class=\"alignnone size-full wp-image-11176\" src=\"https:\/\/serveiseducatius.xtec.cat\/conca\/wp-content\/uploads\/usu1131\/2021\/02\/icons8-instagram-48.png\" alt=\"\" width=\"48\" height=\"48\" \/><\/a><a href=\"https:\/\/t.me\/institutjoanseguraivalls\" target=\"_blank\" rel=\"noopener noreferrer\"><img loading=\"lazy\" decoding=\"async\" class=\"alignnone size-full wp-image-11180\" src=\"https:\/\/serveiseducatius.xtec.cat\/conca\/wp-content\/uploads\/usu1131\/2021\/02\/icons8-telegram-app-48.png\" alt=\"\" width=\"48\" height=\"48\" \/><\/a><\/p>\n<h5><\/h5>\n<h5><\/h5>\n<h5><\/h5>\n<h5><\/h5>\n<p>&nbsp;<\/p>\n","protected":false},"excerpt":{"rendered":"<p>L&#8217;Espluga de Francol\u00ed Institut Joan Amig\u00f3 i Callau C. del Ser\u00e8, 10. 43440 -L&#8217;Espluga de Francol\u00ed- Tel. 977 87 01 54 Correu electr\u00f2nic: e3006617@xtec.cat Web:\u00a0http:\/\/agora.xtec.cat\/iesjoanamigo\/ Xarxes socials: Montblanc Col\u00b7legi Mare de D\u00e9u de la Serra C. d&#8217;Artesa, 4. 43400 -Montblanc- Tel. 977 86 01 22 Correu electr\u00f2nic: mdserra@mdserra.cat Web:\u00a0http:\/\/www.mdserra.cat\/ca Xarxes socials: Institut Mart\u00ed l&#8217;Hum\u00e0 Av. [&hellip;]<\/p>\n","protected":false},"author":1,"featured_media":0,"parent":338,"menu_order":30,"comment_status":"closed","ping_status":"closed","template":"page-templates\/side-menu.php","meta":{"_bbp_topic_count":0,"_bbp_reply_count":0,"_bbp_total_topic_count":0,"_bbp_total_reply_count":0,"_bbp_voice_count":0,"_bbp_anonymous_reply_count":0,"_bbp_topic_count_hidden":0,"_bbp_reply_count_hidden":0,"_bbp_forum_subforum_count":0,"site-sidebar-layout":"default","site-content-layout":"","ast-site-content-layout":"","site-content-style":"default","site-sidebar-style":"default","ast-global-header-display":"","ast-banner-title-visibility":"","ast-main-header-display":"","ast-hfb-above-header-display":"","ast-hfb-below-header-display":"","ast-hfb-mobile-header-display":"","site-post-title":"","ast-breadcrumbs-content":"","ast-featured-img":"","footer-sml-layout":"","theme-transparent-header-meta":"","adv-header-id-meta":"","stick-header-meta":"","header-above-stick-meta":"","header-main-stick-meta":"","header-below-stick-meta":"","astra-migrate-meta-layouts":"default","ast-page-background-enabled":"default","ast-page-background-meta":{"desktop":{"background-color":"var(--ast-global-color-4)","background-image":"","background-repeat":"repeat","background-position":"center center","background-size":"auto","background-attachment":"scroll","background-type":"","background-media":"","overlay-type":"","overlay-color":"","overlay-opacity":"","overlay-gradient":""},"tablet":{"background-color":"","background-image":"","background-repeat":"repeat","background-position":"center center","background-size":"auto","background-attachment":"scroll","background-type":"","background-media":"","overlay-type":"","overlay-color":"","overlay-opacity":"","overlay-gradient":""},"mobile":{"background-color":"","background-image":"","background-repeat":"repeat","background-position":"center center","background-size":"auto","background-attachment":"scroll","background-type":"","background-media":"","overlay-type":"","overlay-color":"","overlay-opacity":"","overlay-gradient":""}},"ast-content-background-meta":{"desktop":{"background-color":"var(--ast-global-color-5)","background-image":"","background-repeat":"repeat","background-position":"center center","background-size":"auto","background-attachment":"scroll","background-type":"","background-media":"","overlay-type":"","overlay-color":"","overlay-opacity":"","overlay-gradient":""},"tablet":{"background-color":"var(--ast-global-color-5)","background-image":"","background-repeat":"repeat","background-position":"center center","background-size":"auto","background-attachment":"scroll","background-type":"","background-media":"","overlay-type":"","overlay-color":"","overlay-opacity":"","overlay-gradient":""},"mobile":{"background-color":"var(--ast-global-color-5)","background-image":"","background-repeat":"repeat","background-position":"center center","background-size":"auto","background-attachment":"scroll","background-type":"","background-media":"","overlay-type":"","overlay-color":"","overlay-opacity":"","overlay-gradient":""}},"footnotes":""},"class_list":["post-385","page","type-page","status-publish","hentry"],"post_mailing_queue_ids":[],"_links":{"self":[{"href":"https:\/\/serveiseducatius.xtec.cat\/conca\/wp-json\/wp\/v2\/pages\/385","targetHints":{"allow":["GET"]}}],"collection":[{"href":"https:\/\/serveiseducatius.xtec.cat\/conca\/wp-json\/wp\/v2\/pages"}],"about":[{"href":"https:\/\/serveiseducatius.xtec.cat\/conca\/wp-json\/wp\/v2\/types\/page"}],"author":[{"embeddable":true,"href":"https:\/\/serveiseducatius.xtec.cat\/conca\/wp-json\/wp\/v2\/users\/1"}],"replies":[{"embeddable":true,"href":"https:\/\/serveiseducatius.xtec.cat\/conca\/wp-json\/wp\/v2\/comments?post=385"}],"version-history":[{"count":4,"href":"https:\/\/serveiseducatius.xtec.cat\/conca\/wp-json\/wp\/v2\/pages\/385\/revisions"}],"predecessor-version":[{"id":11453,"href":"https:\/\/serveiseducatius.xtec.cat\/conca\/wp-json\/wp\/v2\/pages\/385\/revisions\/11453"}],"up":[{"embeddable":true,"href":"https:\/\/serveiseducatius.xtec.cat\/conca\/wp-json\/wp\/v2\/pages\/338"}],"wp:attachment":[{"href":"https:\/\/serveiseducatius.xtec.cat\/conca\/wp-json\/wp\/v2\/media?parent=385"}],"curies":[{"name":"wp","href":"https:\/\/api.w.org\/{rel}","templated":true}]}}