{"id":9177,"date":"2020-01-10T11:58:57","date_gmt":"2020-01-10T10:58:57","guid":{"rendered":"https:\/\/serveiseducatius.xtec.cat\/ciutatvella\/?page_id=9177"},"modified":"2026-02-12T19:51:19","modified_gmt":"2026-02-12T18:51:19","slug":"rodajocs","status":"publish","type":"page","link":"https:\/\/serveiseducatius.xtec.cat\/ciutatvella\/rodajocs\/","title":{"rendered":"Rodajoc"},"content":{"rendered":"<p data-start=\"111\" data-end=\"206\">Aquest any el Rodajoc celebra 30 anys. Impressiona mirar enrere i veure tot el cam\u00ed recorregut.<\/p>\n<p data-start=\"208\" data-end=\"669\">Tot va comen\u00e7ar gr\u00e0cies a un grup de mestres d\u2019Educaci\u00f3 F\u00edsica del districte de Ciutat Vella que van crear un seminari, amb l\u2019ajut del Centre de Recursos Pedag\u00f2gics, que en aquells anys estava situat al carrer Uni\u00f3. L\u2019objectiu d\u2019aquell seminari era formar-se i compartir experi\u00e8ncies en l\u2019\u00e0rea que tant ens apassiona als especialistes d\u2019Educaci\u00f3 F\u00edsica. D\u2019aquelles trobades, de l\u2019intercanvi d\u2019idees i de la voluntat de construir xarxa, va n\u00e9ixer el Rodajoc.<\/p>\n<p data-start=\"671\" data-end=\"1309\">Les reflexions dels inicis continuen ben presents avui dia a l\u2019hora de definir els objectius de l\u2019activitat. Entenem el joc com una eina poderosa per millorar la conviv\u00e8ncia. L\u2019Educaci\u00f3 F\u00edsica \u00e9s una \u00e0rea que afavoreix la integraci\u00f3 i les relacions entre iguals, tot aprenent i compartint des del gaudi. \u00c9s enriquidor que els nens i nenes del districte coneguin a qu\u00e8 jugaven els seus companys i companyes, o fam\u00edlies, en els seus pa\u00efsos d\u2019origen. Quan juguem, descobrim que no som tan diferents com potser ens pens\u00e0vem. Sovint ens adonem que, a l\u2019altra punta del m\u00f3n, es juga a un joc molt semblant a aquell amb qu\u00e8 nosaltres mateixos hav\u00edem crescut.<\/p>\n<p data-start=\"1311\" data-end=\"1443\">Tenir les aules habitades per infants de proced\u00e8ncies tan diverses \u00e9s un tresor que hem de saber valorar i aprofitar pedag\u00f2gicament.<\/p>\n<p data-start=\"1445\" data-end=\"1933\">D\u2019altra banda, cal recordar que aquesta activitat no t\u00e9 nom\u00e9s com a objectiu barrejar l\u2019alumnat de les diferents escoles per compartir jocs i viv\u00e8ncies, sin\u00f3 tamb\u00e9 donar a con\u00e8ixer espais p\u00fablics del districte on poder practicar activitat f\u00edsica de manera lliure i saludable. El Rodajoc vol transmetre als infants que tots som iguals en dignitat i drets, i alhora diferents en or\u00edgens, cultures i experi\u00e8ncies, i que \u00e9s precisament aquesta diversitat la que ens enriqueix com a comunitat.<\/p>\n<p data-start=\"1935\" data-end=\"2192\">Finalment, cal recon\u00e8ixer i agrair la tasca dels mestres i mestres d\u2019Educaci\u00f3 F\u00edsica que, any rere any, fan possible aquest esdeveniment tan enriquidor en tants sentits. Sense el seu comprom\u00eds, dedicaci\u00f3 i entusiasme, el Rodajoc no hauria arribat fins aqu\u00ed.<\/p>\n<p data-start=\"1935\" data-end=\"2192\">I tamb\u00e9 cal recon\u00e8ixer la feina que fa l&#8217;alumnat de CIATE de l&#8217;Institut Verdaguer i la seva professora, Lourdes Centeno, que any rere any dinamitzen l&#8217;activitat. Per \u00faltim agrair\u00a0 la cessi\u00f3 de l&#8217;espai per part del Camp Municipal de Futbol Parc de la Catalana, a la Barceloneta.<\/p>\n<p data-start=\"2194\" data-end=\"2283\" data-is-last-node=\"\" data-is-only-node=\"\">Trenta anys despr\u00e9s, el Rodajoc continua rodant, fidel als seus or\u00edgens i obert al futur.<\/p>\n<p>&nbsp;<\/p>\n<figure id=\"attachment_9864\" aria-describedby=\"caption-attachment-9864\" style=\"width: 1024px\" class=\"wp-caption alignnone\"><a href=\"https:\/\/serveiseducatius.xtec.cat\/ciutatvella\/wp-content\/uploads\/usu1173\/2021\/11\/IMG_20180307_115049.jpg\"><img loading=\"lazy\" decoding=\"async\" class=\"size-large wp-image-9864\" src=\"https:\/\/serveiseducatius.xtec.cat\/ciutatvella\/wp-content\/uploads\/usu1173\/2021\/11\/IMG_20180307_115049-1024x1024.jpg\" alt=\"\" width=\"1024\" height=\"1024\" srcset=\"https:\/\/serveiseducatius.xtec.cat\/ciutatvella\/wp-content\/uploads\/usu1173\/2021\/11\/IMG_20180307_115049.jpg 1024w, https:\/\/serveiseducatius.xtec.cat\/ciutatvella\/wp-content\/uploads\/usu1173\/2021\/11\/IMG_20180307_115049-300x300.jpg 300w, https:\/\/serveiseducatius.xtec.cat\/ciutatvella\/wp-content\/uploads\/usu1173\/2021\/11\/IMG_20180307_115049-150x150.jpg 150w, https:\/\/serveiseducatius.xtec.cat\/ciutatvella\/wp-content\/uploads\/usu1173\/2021\/11\/IMG_20180307_115049-768x768.jpg 768w\" sizes=\"auto, (max-width: 1024px) 100vw, 1024px\" \/><\/a><figcaption id=\"caption-attachment-9864\" class=\"wp-caption-text\">dav<\/figcaption><\/figure>\n<figure id=\"attachment_9865\" aria-describedby=\"caption-attachment-9865\" style=\"width: 1024px\" class=\"wp-caption alignnone\"><a href=\"https:\/\/serveiseducatius.xtec.cat\/ciutatvella\/wp-content\/uploads\/usu1173\/2021\/11\/IMG_20180307_115045.jpg\"><img loading=\"lazy\" decoding=\"async\" class=\"size-large wp-image-9865\" src=\"https:\/\/serveiseducatius.xtec.cat\/ciutatvella\/wp-content\/uploads\/usu1173\/2021\/11\/IMG_20180307_115045-1024x1024.jpg\" alt=\"\" width=\"1024\" height=\"1024\" srcset=\"https:\/\/serveiseducatius.xtec.cat\/ciutatvella\/wp-content\/uploads\/usu1173\/2021\/11\/IMG_20180307_115045.jpg 1024w, https:\/\/serveiseducatius.xtec.cat\/ciutatvella\/wp-content\/uploads\/usu1173\/2021\/11\/IMG_20180307_115045-300x300.jpg 300w, https:\/\/serveiseducatius.xtec.cat\/ciutatvella\/wp-content\/uploads\/usu1173\/2021\/11\/IMG_20180307_115045-150x150.jpg 150w, https:\/\/serveiseducatius.xtec.cat\/ciutatvella\/wp-content\/uploads\/usu1173\/2021\/11\/IMG_20180307_115045-768x768.jpg 768w\" sizes=\"auto, (max-width: 1024px) 100vw, 1024px\" \/><\/a><figcaption id=\"caption-attachment-9865\" class=\"wp-caption-text\">dav<\/figcaption><\/figure>\n","protected":false},"excerpt":{"rendered":"<p>Aquest any el Rodajoc celebra 30 anys. Impressiona mirar enrere i veure tot el cam\u00ed recorregut. Tot va comen\u00e7ar gr\u00e0cies a un grup de mestres d\u2019Educaci\u00f3 F\u00edsica del districte de Ciutat Vella que van crear un seminari, amb l\u2019ajut del Centre de Recursos Pedag\u00f2gics, que en aquells anys estava situat al carrer Uni\u00f3. L\u2019objectiu d\u2019aquell [&hellip;]<\/p>\n","protected":false},"author":1,"featured_media":0,"parent":0,"menu_order":0,"comment_status":"closed","ping_status":"closed","template":"","meta":{"_bbp_topic_count":0,"_bbp_reply_count":0,"_bbp_total_topic_count":0,"_bbp_total_reply_count":0,"_bbp_voice_count":0,"_bbp_anonymous_reply_count":0,"_bbp_topic_count_hidden":0,"_bbp_reply_count_hidden":0,"_bbp_forum_subforum_count":0,"site-sidebar-layout":"default","site-content-layout":"","ast-site-content-layout":"default","site-content-style":"default","site-sidebar-style":"default","ast-global-header-display":"","ast-banner-title-visibility":"","ast-main-header-display":"","ast-hfb-above-header-display":"","ast-hfb-below-header-display":"","ast-hfb-mobile-header-display":"","site-post-title":"","ast-breadcrumbs-content":"","ast-featured-img":"","footer-sml-layout":"","theme-transparent-header-meta":"default","adv-header-id-meta":"","stick-header-meta":"","header-above-stick-meta":"","header-main-stick-meta":"","header-below-stick-meta":"","astra-migrate-meta-layouts":"set","ast-page-background-enabled":"default","ast-page-background-meta":{"desktop":{"background-color":"var(--ast-global-color-4)","background-image":"","background-repeat":"repeat","background-position":"center center","background-size":"auto","background-attachment":"scroll","background-type":"","background-media":"","overlay-type":"","overlay-color":"","overlay-opacity":"","overlay-gradient":""},"tablet":{"background-color":"","background-image":"","background-repeat":"repeat","background-position":"center center","background-size":"auto","background-attachment":"scroll","background-type":"","background-media":"","overlay-type":"","overlay-color":"","overlay-opacity":"","overlay-gradient":""},"mobile":{"background-color":"","background-image":"","background-repeat":"repeat","background-position":"center center","background-size":"auto","background-attachment":"scroll","background-type":"","background-media":"","overlay-type":"","overlay-color":"","overlay-opacity":"","overlay-gradient":""}},"ast-content-background-meta":{"desktop":{"background-color":"var(--ast-global-color-5)","background-image":"","background-repeat":"repeat","background-position":"center center","background-size":"auto","background-attachment":"scroll","background-type":"","background-media":"","overlay-type":"","overlay-color":"","overlay-opacity":"","overlay-gradient":""},"tablet":{"background-color":"var(--ast-global-color-5)","background-image":"","background-repeat":"repeat","background-position":"center center","background-size":"auto","background-attachment":"scroll","background-type":"","background-media":"","overlay-type":"","overlay-color":"","overlay-opacity":"","overlay-gradient":""},"mobile":{"background-color":"var(--ast-global-color-5)","background-image":"","background-repeat":"repeat","background-position":"center center","background-size":"auto","background-attachment":"scroll","background-type":"","background-media":"","overlay-type":"","overlay-color":"","overlay-opacity":"","overlay-gradient":""}},"footnotes":""},"class_list":["post-9177","page","type-page","status-publish","hentry"],"post_mailing_queue_ids":[],"_links":{"self":[{"href":"https:\/\/serveiseducatius.xtec.cat\/ciutatvella\/wp-json\/wp\/v2\/pages\/9177","targetHints":{"allow":["GET"]}}],"collection":[{"href":"https:\/\/serveiseducatius.xtec.cat\/ciutatvella\/wp-json\/wp\/v2\/pages"}],"about":[{"href":"https:\/\/serveiseducatius.xtec.cat\/ciutatvella\/wp-json\/wp\/v2\/types\/page"}],"author":[{"embeddable":true,"href":"https:\/\/serveiseducatius.xtec.cat\/ciutatvella\/wp-json\/wp\/v2\/users\/1"}],"replies":[{"embeddable":true,"href":"https:\/\/serveiseducatius.xtec.cat\/ciutatvella\/wp-json\/wp\/v2\/comments?post=9177"}],"version-history":[{"count":5,"href":"https:\/\/serveiseducatius.xtec.cat\/ciutatvella\/wp-json\/wp\/v2\/pages\/9177\/revisions"}],"predecessor-version":[{"id":12051,"href":"https:\/\/serveiseducatius.xtec.cat\/ciutatvella\/wp-json\/wp\/v2\/pages\/9177\/revisions\/12051"}],"wp:attachment":[{"href":"https:\/\/serveiseducatius.xtec.cat\/ciutatvella\/wp-json\/wp\/v2\/media?parent=9177"}],"curies":[{"name":"wp","href":"https:\/\/api.w.org\/{rel}","templated":true}]}}