{"id":8240,"date":"2018-12-05T10:36:32","date_gmt":"2018-12-05T09:36:32","guid":{"rendered":"https:\/\/serveiseducatius.xtec.cat\/ciutatvella\/?page_id=8240"},"modified":"2026-02-05T16:28:18","modified_gmt":"2026-02-05T15:28:18","slug":"eap","status":"publish","type":"page","link":"https:\/\/serveiseducatius.xtec.cat\/ciutatvella\/el-servei-educatiu\/equip\/eap\/","title":{"rendered":"EAP"},"content":{"rendered":"<p style=\"text-align: justify;\">Els equips d\u2019assessorament i orientaci\u00f3 psicopedag\u00f2gica (EAP) s\u00f3n un servei de suport i assessorament psicopedag\u00f2gic i social als centres educatius i a la comunitat educativa. Desenvolupen les seves actuacions en els centres educatius i en el seu entorn amb estreta col\u00b7laboraci\u00f3 amb els altres serveis i professionals del sector.<\/p>\n<p style=\"text-align: justify;\"><strong>Destinataris<\/strong><\/p>\n<p style=\"text-align: justify;\">Els destinataris s\u00f3n els centres educatius, els equips directius, el professorat i altres professionals implicats en l\u2019atenci\u00f3 a l\u2019alumnat amb dificultats o amb necessitats educatives especials, l\u2019alumnat i les seves fam\u00edlies.<\/p>\n<p style=\"text-align: justify;\"><strong>Objectius<\/strong><\/p>\n<ul>\n<li style=\"text-align: justify;\">Identificar i avaluar les necessitats educatives especials de l\u2019alumnat i fer la proposta d\u2019escolaritzaci\u00f3, en col\u00b7laboraci\u00f3 amb els serveis educatius espec\u00edfics quan s\u2019escaigui.<\/li>\n<li style=\"text-align: justify;\">Assessorar el professorat i les fam\u00edlies en la resposta educativa a l\u2019alumnat amb necessitats educatives especials, en col\u00b7laboraci\u00f3 amb els docents especialitzats i els serveis educatius espec\u00edfics.<\/li>\n<li style=\"text-align: justify;\">Assessorar els equips docents, l\u2019alumnat i les fam\u00edlies sobre aspectes d\u2019orientaci\u00f3 personal, educativa i professional.<\/li>\n<li style=\"text-align: justify;\">Donar suport als centres educatius en la millora de l\u2019atenci\u00f3 a la diversitat i la inclusi\u00f3.<\/li>\n<li style=\"text-align: justify;\">Col\u00b7laborar conjuntament amb els altres equips del servei educatiu de zona i els espec\u00edfics per tal de promoure activitats d\u2019intercanvi i de formaci\u00f3 del professorat.<\/li>\n<li style=\"text-align: justify;\">\u00a0Col\u00b7laborar amb els serveis socials i sanitaris de l\u2019\u00e0mbit territorial d\u2019actuaci\u00f3, per tal d\u2019oferir una atenci\u00f3 coordinada als alumnes i fam\u00edlies que ho necessitin.<\/li>\n<\/ul>\n<p>Mail: <a href=\"https:\/\/aplicacions.gestioeducativa.gencat.cat\/pls\/e13_formacio_gaf\/correu.correu_elec?p_to=a8900247@xtec.cat\" target=\"correu\" rel=\"noopener\">a8900247@xtec.cat<\/a><\/p>\n<p><b>Equip<\/b><\/p>\n<table style=\"height: 679px; width: 67.8519%;\" border=\"1\" width=\"47.4155%\" cellspacing=\"0\" cellpadding=\"0\" align=\"\">\n<tbody>\n<tr style=\"height: 54px;\">\n<td style=\"width: 48.6499%; height: 54px;\" valign=\"top\">Andrea Hern\u00e1ndez (direcci\u00f3)<\/td>\n<td style=\"width: 51.0849%; height: 54px;\" valign=\"top\"><a title=\"aherna58@xtec.cat\" href=\"mailto:aherna58@xtec.cat\">aherna58<span class=\"atwho-query\">@xtec.cat<\/span><\/a><\/td>\n<\/tr>\n<tr style=\"height: 36px;\">\n<td style=\"width: 48.6499%; height: 36px;\" valign=\"top\">Gala Almuedo<\/td>\n<td style=\"width: 51.0849%; height: 36px;\" valign=\"top\"><a title=\"galmuedo@xtec.cat\" href=\"mailto:galmuedo@xtec.cat\">galmuedo@xtec.cat<\/a><\/td>\n<\/tr>\n<tr style=\"height: 36px;\">\n<td style=\"width: 48.6499%; height: 36px;\" valign=\"top\">Joan Coromina<\/td>\n<td style=\"width: 51.0849%; height: 36px;\" valign=\"top\"><a href=\"mailto:jcorom27@xtec.cat\">jcorom27@xtec.cat<\/a><\/td>\n<\/tr>\n<tr style=\"height: 36px;\">\n<td style=\"width: 48.6499%; height: 36px;\" valign=\"top\">Mar Cast\u00e1n<\/td>\n<td style=\"width: 51.0849%; height: 36px;\" valign=\"top\"><a href=\"mailto:mcasta47@xtec.cat\">mcasta47@xtec.cat<\/a><\/td>\n<\/tr>\n<tr style=\"height: 36px;\">\n<td style=\"width: 48.6499%; height: 36px;\" valign=\"top\">M\u00aa \u00c0ngels Armengol<\/td>\n<td style=\"width: 51.0849%; height: 36px;\" valign=\"top\"><a href=\"mailto:marmen57@xtec.cat\">marmen57@xtec.cat<\/a><\/td>\n<\/tr>\n<tr style=\"height: 36px;\">\n<td style=\"width: 48.6499%; height: 36px;\" valign=\"top\">Judith Roca<\/td>\n<td style=\"width: 51.0849%; height: 36px;\" valign=\"top\"><a title=\"jroca244@xtec.cat\" href=\"mailto:jroca244@xtec.cat\">jroca244@xtec.cat<\/a><\/td>\n<\/tr>\n<tr style=\"height: 10px;\">\n<td style=\"width: 48.6499%; height: 18px;\" valign=\"top\">Vanessa L\u00f3pez (treballadora social)<\/td>\n<td style=\"width: 51.0849%; height: 18px;\" valign=\"top\"><a href=\"mailto:vlopez18@xtec.cat\">vlopez18@xtec.cat<\/a><\/td>\n<\/tr>\n<tr style=\"height: 36px;\">\n<td style=\"width: 48.6499%; height: 36px;\" valign=\"top\">Mariona Capeta (treballadora social)<\/p>\n<p>Marina Subirana<\/p>\n<p>J\u00falia Motje<\/td>\n<td style=\"width: 51.0849%; height: 36px;\" valign=\"top\"><a href=\"mailto:mcapeta@xtec.cat\">mcapeta@xtec.cat<\/a><\/p>\n<p><a href=\"mailto:msubir64@xtec.cat\">msubir64@xtec.cat<\/a><\/p>\n<p><a href=\"mailto:jmotje@xtec.cat\">jmotje@xtec.cat<\/a><\/td>\n<\/tr>\n<tr style=\"height: 36px;\">\n<td style=\"width: 48.6499%; height: 36px;\" valign=\"top\">\u00c0lex Mateos (fisio)<\/td>\n<td style=\"width: 51.0849%; height: 36px;\" valign=\"top\"><a href=\"mailto:amateos9@xtec.cat\">amateos9@xtec.cat<\/a><\/td>\n<\/tr>\n<tr style=\"height: 36px;\">\n<td style=\"width: 48.6499%; height: 36px;\" valign=\"top\">Mireia Alonso (fisio)<\/td>\n<td style=\"width: 51.0849%; height: 36px;\" valign=\"top\"><a href=\"mailto:malon102@xtec.cat\">malon102@xtec.cat<\/a><\/td>\n<\/tr>\n<tr style=\"height: 36px;\">\n<td style=\"width: 48.6499%; height: 36px;\" valign=\"top\">Cristina Alonso (logopeda)<\/td>\n<td style=\"width: 51.0849%; height: 36px;\" valign=\"top\"><a href=\"mailto:calons3@xtec.cat\">calons3@xtec.cat<\/a><\/td>\n<\/tr>\n<\/tbody>\n<\/table>\n<p>&nbsp;<\/p>\n","protected":false},"excerpt":{"rendered":"<p>Els equips d\u2019assessorament i orientaci\u00f3 psicopedag\u00f2gica (EAP) s\u00f3n un servei de suport i assessorament psicopedag\u00f2gic i social als centres educatius i a la comunitat educativa. Desenvolupen les seves actuacions en els centres educatius i en el seu entorn amb estreta col\u00b7laboraci\u00f3 amb els altres serveis i professionals del sector. Destinataris Els destinataris s\u00f3n els centres [&hellip;]<\/p>\n","protected":false},"author":1,"featured_media":0,"parent":306,"menu_order":2,"comment_status":"closed","ping_status":"closed","template":"","meta":{"_bbp_topic_count":0,"_bbp_reply_count":0,"_bbp_total_topic_count":0,"_bbp_total_reply_count":0,"_bbp_voice_count":0,"_bbp_anonymous_reply_count":0,"_bbp_topic_count_hidden":0,"_bbp_reply_count_hidden":0,"_bbp_forum_subforum_count":0,"site-sidebar-layout":"default","site-content-layout":"","ast-site-content-layout":"default","site-content-style":"default","site-sidebar-style":"default","ast-global-header-display":"","ast-banner-title-visibility":"","ast-main-header-display":"","ast-hfb-above-header-display":"","ast-hfb-below-header-display":"","ast-hfb-mobile-header-display":"","site-post-title":"","ast-breadcrumbs-content":"","ast-featured-img":"","footer-sml-layout":"","theme-transparent-header-meta":"default","adv-header-id-meta":"","stick-header-meta":"","header-above-stick-meta":"","header-main-stick-meta":"","header-below-stick-meta":"","astra-migrate-meta-layouts":"set","ast-page-background-enabled":"default","ast-page-background-meta":{"desktop":{"background-color":"var(--ast-global-color-4)","background-image":"","background-repeat":"repeat","background-position":"center center","background-size":"auto","background-attachment":"scroll","background-type":"","background-media":"","overlay-type":"","overlay-color":"","overlay-opacity":"","overlay-gradient":""},"tablet":{"background-color":"","background-image":"","background-repeat":"repeat","background-position":"center center","background-size":"auto","background-attachment":"scroll","background-type":"","background-media":"","overlay-type":"","overlay-color":"","overlay-opacity":"","overlay-gradient":""},"mobile":{"background-color":"","background-image":"","background-repeat":"repeat","background-position":"center center","background-size":"auto","background-attachment":"scroll","background-type":"","background-media":"","overlay-type":"","overlay-color":"","overlay-opacity":"","overlay-gradient":""}},"ast-content-background-meta":{"desktop":{"background-color":"var(--ast-global-color-5)","background-image":"","background-repeat":"repeat","background-position":"center center","background-size":"auto","background-attachment":"scroll","background-type":"","background-media":"","overlay-type":"","overlay-color":"","overlay-opacity":"","overlay-gradient":""},"tablet":{"background-color":"var(--ast-global-color-5)","background-image":"","background-repeat":"repeat","background-position":"center center","background-size":"auto","background-attachment":"scroll","background-type":"","background-media":"","overlay-type":"","overlay-color":"","overlay-opacity":"","overlay-gradient":""},"mobile":{"background-color":"var(--ast-global-color-5)","background-image":"","background-repeat":"repeat","background-position":"center center","background-size":"auto","background-attachment":"scroll","background-type":"","background-media":"","overlay-type":"","overlay-color":"","overlay-opacity":"","overlay-gradient":""}},"footnotes":""},"class_list":["post-8240","page","type-page","status-publish","hentry"],"post_mailing_queue_ids":[],"_links":{"self":[{"href":"https:\/\/serveiseducatius.xtec.cat\/ciutatvella\/wp-json\/wp\/v2\/pages\/8240","targetHints":{"allow":["GET"]}}],"collection":[{"href":"https:\/\/serveiseducatius.xtec.cat\/ciutatvella\/wp-json\/wp\/v2\/pages"}],"about":[{"href":"https:\/\/serveiseducatius.xtec.cat\/ciutatvella\/wp-json\/wp\/v2\/types\/page"}],"author":[{"embeddable":true,"href":"https:\/\/serveiseducatius.xtec.cat\/ciutatvella\/wp-json\/wp\/v2\/users\/1"}],"replies":[{"embeddable":true,"href":"https:\/\/serveiseducatius.xtec.cat\/ciutatvella\/wp-json\/wp\/v2\/comments?post=8240"}],"version-history":[{"count":9,"href":"https:\/\/serveiseducatius.xtec.cat\/ciutatvella\/wp-json\/wp\/v2\/pages\/8240\/revisions"}],"predecessor-version":[{"id":12005,"href":"https:\/\/serveiseducatius.xtec.cat\/ciutatvella\/wp-json\/wp\/v2\/pages\/8240\/revisions\/12005"}],"up":[{"embeddable":true,"href":"https:\/\/serveiseducatius.xtec.cat\/ciutatvella\/wp-json\/wp\/v2\/pages\/306"}],"wp:attachment":[{"href":"https:\/\/serveiseducatius.xtec.cat\/ciutatvella\/wp-json\/wp\/v2\/media?parent=8240"}],"curies":[{"name":"wp","href":"https:\/\/api.w.org\/{rel}","templated":true}]}}