{"id":8162,"date":"2018-11-19T12:47:49","date_gmt":"2018-11-19T11:47:49","guid":{"rendered":"https:\/\/serveiseducatius.xtec.cat\/ciutatvella\/?page_id=8162"},"modified":"2018-12-05T08:38:04","modified_gmt":"2018-12-05T07:38:04","slug":"centres-deducacio-dadults","status":"publish","type":"page","link":"https:\/\/serveiseducatius.xtec.cat\/ciutatvella\/centres-educatius\/centres-deducacio-dadults\/","title":{"rendered":"Centres d&#8217;educaci\u00f3 d&#8217;adults"},"content":{"rendered":"<p>&nbsp;<\/p>\n<p>&nbsp;<\/p>\n<p><strong>Escola d&#8217;adults Barceloneta<\/strong><\/p>\n<p>Adre\u00e7a: <a href=\"https:\/\/www.google.es\/maps\/place\/Carrer+de+Balboa,+11,+08003+Barcelona\/data=!4m2!3m1!1s0x12a4a300c3701dd9:0xa94e6f7f30936fca?ved=2ahUKEwicm47xuoPfAhURGuwKHb65DFMQ8gEwAHoECAQQAQ\">Balboa 11, Barcelona, 08003<\/a><br \/>\nTel\u00e8fon: 932684542<br \/>\nAdre\u00e7a electr\u00f2nica:\u00a0<a href=\"mailto:cfabarceloneta@xtec.cat\">cfabarceloneta@xtec.cat<\/a><br \/>\n<a href=\"https:\/\/agora.xtec.cat\/cfabarceloneta\/\">Web<\/a><\/p>\n<p><strong>Escola d&#8217;adults Barri G\u00f2tic<\/strong><\/p>\n<p>Adre\u00e7a: <a href=\"https:\/\/www.google.es\/maps\/place\/Passatge+de+Gutenberg,+6,+08001+Barcelona\/data=!4m2!3m1!1s0x12a4a2575fea250d:0x3f7c312d7864ae7?ved=2ahUKEwiquOSKu4PfAhVHjqQKHSYeAegQ8gEwAHoECAAQAQ\">Ptge Gutenberg 6, Barcelona, 08001<\/a><br \/>\nTel\u00e8fon: 934125741<br \/>\nAdre\u00e7a electr\u00f2nica: <a href=\"mailto:a8055002@xtec.cat\">a8055002@xtec.cat<\/a><br \/>\n<a href=\"https:\/\/agora.xtec.cat\/cfabarrigotic\/\">Web<\/a><\/p>\n<p><strong>Escola d&#8217;adults Francesc Layret<\/strong><\/p>\n<p>Adre\u00e7a: <a href=\"https:\/\/www.google.es\/maps\/place\/Carrer+de+Sant+Pere+M%C3%A9s+Baix,+55,+08003+Barcelona\/data=!4m2!3m1!1s0x12a4a2fb76055e37:0x318657df743193?ved=2ahUKEwi1uMCsu4PfAhUH_qQKHaFYCckQ8gEwAHoECAUQAQ\">C\/Sant Pere M\u00e9s Baix 55, Barcelona, 08003<\/a><br \/>\nTel\u00e8fon: 933170044<br \/>\nAdre\u00e7a electr\u00f2nica: <a href=\"mailto:a8065202@xtec.cat\">a8065202@xtec.cat<\/a><br \/>\n<a href=\"http:\/\/www.cfalayret.cat\/\">Web<\/a><\/p>\n<p><strong>Escola d&#8217;adults Manuel Sacristan<\/strong><\/p>\n<p>Adre\u00e7a: <a href=\"https:\/\/www.google.es\/maps\/place\/Via+Laietana,+16,+18,+08003+Barcelona\/data=!4m2!3m1!1s0x12a4a2fed36ddcef:0x3bea4e6182c47555?ved=2ahUKEwj7h_vuu4PfAhVL66QKHbXsBuMQ8gEwAHoECAAQAQ\">Via Laietana 16*18, 08003, Barcelona<\/a><br \/>\nTel\u00e8fon: 934812767<br \/>\nAdre\u00e7a electr\u00f2nica: <a href=\"mailto:cfa-manuel-sacristan@xtec.cat\">cfa-manuel-sacristan@xtec.cat<\/a><br \/>\n<a href=\"http:\/\/www.ccoo.cat\/escolaadults\/\">Web<\/a><\/p>\n<p><strong>Escola d&#8217;Adults Maria Rubies<\/strong><\/p>\n<p>Adre\u00e7a: <a href=\"https:\/\/www.google.es\/maps\/place\/Rambla+del+Raval,+29,+08001+Barcelona\/data=!4m2!3m1!1s0x12a4a258da705315:0x2ddd191087d1a9c9?ved=2ahUKEwiR3vysvYPfAhXPbVAKHc33BD8Q8gEwAHoECAAQAQ\">Raval 29*35, Barcelona, 08001<\/a><br \/>\nTel\u00e8fon: 933103094<br \/>\nAdre\u00e7a electr\u00f2nica: <a href=\"mailto:cfamariarubies@xtec.cat\">cfamariarubies@xtec.cat<\/a><br \/>\n<a href=\"https:\/\/agora.xtec.cat\/cfamariarubies\/\">Web<\/a><\/p>\n<p><strong>Centre d&#8217;Estudis Polit\u00e8cnics<\/strong><\/p>\n<p>Adre\u00e7a: <a href=\"https:\/\/www.google.es\/maps\/place\/Plaza+Urquinaona,+10,+08010+Barcelona\/data=!4m2!3m1!1s0x12a4a2f05d87e503:0xab731bbefe4caef5?ved=2ahUKEwjupeiIvoPfAhVRb1AKHSLaBAcQ8gEwAHoECAAQAQ\">Pla\u00e7a Urquinaona 10, Barcelona, 08010<\/a><br \/>\nTel\u00e8fon: 933020224<br \/>\nAdre\u00e7a electr\u00f2nica: <a href=\"mailto:cep@cepnet.net\">cep@cepnet.net<\/a><br \/>\n<a href=\"http:\/\/www.cepnet.net\/\">Web<\/a><\/p>\n<p><strong>Centre Stucom<\/strong><\/p>\n<p>Adre\u00e7a:\u00a0<a href=\"https:\/\/www.google.es\/maps\/place\/Calle+de+Pelayo,+8,+08001+Barcelona\/data=!4m2!3m1!1s0x12a4a2f4a7d68089:0x8d9872d2ebdc4387?ved=2ahUKEwjKtcyapoPfAhVbRhUIHQElCtcQ8gEwAHoECAAQAQ\">Pelai 8, Barcelona, 08001<\/a><br \/>\nTel\u00e8fon: 933015696<br \/>\nAdre\u00e7a electr\u00f2nica:\u00a0<a href=\"mailto:info@stucom.com\">info@stucom.com\u00a0<\/a><br \/>\n<a href=\"https:\/\/www.stucom.com\/\">Web<\/a><\/p>\n<p><strong>Escola Pia Sant Antoni<\/strong><\/p>\n<p>Adre\u00e7a:\u00a0<a href=\"https:\/\/www.google.es\/maps\/place\/Ronda+de+Sant+Pau,+72,+08001+Barcelona\/data=!4m2!3m1!1s0x12a4a260847a8ea3:0xbd0c984842240359?ved=2ahUKEwjrgK_OoIPfAhXOJFAKHWbECtAQ8gEwAHoECAAQAQ\">Ronda Sant Pau 72, 08001, Barcelona <\/a><br \/>\nTel\u00e8fon: 934410605<br \/>\nAdre\u00e7a electr\u00f2nica:\u00a0<a href=\"mailto:santantoni@escolapia.ca\">santantoni@escolapia.ca<\/a>t<br \/>\n<a href=\"http:\/\/santantoni.escolapia.cat\/home\">Web<\/a><\/p>\n","protected":false},"excerpt":{"rendered":"<p>&nbsp; &nbsp; Escola d&#8217;adults Barceloneta Adre\u00e7a: Balboa 11, Barcelona, 08003 Tel\u00e8fon: 932684542 Adre\u00e7a electr\u00f2nica:\u00a0cfabarceloneta@xtec.cat Web Escola d&#8217;adults Barri G\u00f2tic Adre\u00e7a: Ptge Gutenberg 6, Barcelona, 08001 Tel\u00e8fon: 934125741 Adre\u00e7a electr\u00f2nica: a8055002@xtec.cat Web Escola d&#8217;adults Francesc Layret Adre\u00e7a: C\/Sant Pere M\u00e9s Baix 55, Barcelona, 08003 Tel\u00e8fon: 933170044 Adre\u00e7a electr\u00f2nica: a8065202@xtec.cat Web Escola d&#8217;adults Manuel Sacristan Adre\u00e7a: Via [&hellip;]<\/p>\n","protected":false},"author":1,"featured_media":0,"parent":338,"menu_order":4,"comment_status":"closed","ping_status":"closed","template":"page-templates\/side-menu.php","meta":{"_bbp_topic_count":0,"_bbp_reply_count":0,"_bbp_total_topic_count":0,"_bbp_total_reply_count":0,"_bbp_voice_count":0,"_bbp_anonymous_reply_count":0,"_bbp_topic_count_hidden":0,"_bbp_reply_count_hidden":0,"_bbp_forum_subforum_count":0,"site-sidebar-layout":"default","site-content-layout":"","ast-site-content-layout":"","site-content-style":"default","site-sidebar-style":"default","ast-global-header-display":"","ast-banner-title-visibility":"","ast-main-header-display":"","ast-hfb-above-header-display":"","ast-hfb-below-header-display":"","ast-hfb-mobile-header-display":"","site-post-title":"","ast-breadcrumbs-content":"","ast-featured-img":"","footer-sml-layout":"","theme-transparent-header-meta":"","adv-header-id-meta":"","stick-header-meta":"","header-above-stick-meta":"","header-main-stick-meta":"","header-below-stick-meta":"","astra-migrate-meta-layouts":"default","ast-page-background-enabled":"default","ast-page-background-meta":{"desktop":{"background-color":"var(--ast-global-color-4)","background-image":"","background-repeat":"repeat","background-position":"center center","background-size":"auto","background-attachment":"scroll","background-type":"","background-media":"","overlay-type":"","overlay-color":"","overlay-opacity":"","overlay-gradient":""},"tablet":{"background-color":"","background-image":"","background-repeat":"repeat","background-position":"center center","background-size":"auto","background-attachment":"scroll","background-type":"","background-media":"","overlay-type":"","overlay-color":"","overlay-opacity":"","overlay-gradient":""},"mobile":{"background-color":"","background-image":"","background-repeat":"repeat","background-position":"center center","background-size":"auto","background-attachment":"scroll","background-type":"","background-media":"","overlay-type":"","overlay-color":"","overlay-opacity":"","overlay-gradient":""}},"ast-content-background-meta":{"desktop":{"background-color":"var(--ast-global-color-5)","background-image":"","background-repeat":"repeat","background-position":"center center","background-size":"auto","background-attachment":"scroll","background-type":"","background-media":"","overlay-type":"","overlay-color":"","overlay-opacity":"","overlay-gradient":""},"tablet":{"background-color":"var(--ast-global-color-5)","background-image":"","background-repeat":"repeat","background-position":"center center","background-size":"auto","background-attachment":"scroll","background-type":"","background-media":"","overlay-type":"","overlay-color":"","overlay-opacity":"","overlay-gradient":""},"mobile":{"background-color":"var(--ast-global-color-5)","background-image":"","background-repeat":"repeat","background-position":"center center","background-size":"auto","background-attachment":"scroll","background-type":"","background-media":"","overlay-type":"","overlay-color":"","overlay-opacity":"","overlay-gradient":""}},"footnotes":""},"class_list":["post-8162","page","type-page","status-publish","hentry"],"post_mailing_queue_ids":[],"_links":{"self":[{"href":"https:\/\/serveiseducatius.xtec.cat\/ciutatvella\/wp-json\/wp\/v2\/pages\/8162","targetHints":{"allow":["GET"]}}],"collection":[{"href":"https:\/\/serveiseducatius.xtec.cat\/ciutatvella\/wp-json\/wp\/v2\/pages"}],"about":[{"href":"https:\/\/serveiseducatius.xtec.cat\/ciutatvella\/wp-json\/wp\/v2\/types\/page"}],"author":[{"embeddable":true,"href":"https:\/\/serveiseducatius.xtec.cat\/ciutatvella\/wp-json\/wp\/v2\/users\/1"}],"replies":[{"embeddable":true,"href":"https:\/\/serveiseducatius.xtec.cat\/ciutatvella\/wp-json\/wp\/v2\/comments?post=8162"}],"version-history":[{"count":3,"href":"https:\/\/serveiseducatius.xtec.cat\/ciutatvella\/wp-json\/wp\/v2\/pages\/8162\/revisions"}],"predecessor-version":[{"id":8211,"href":"https:\/\/serveiseducatius.xtec.cat\/ciutatvella\/wp-json\/wp\/v2\/pages\/8162\/revisions\/8211"}],"up":[{"embeddable":true,"href":"https:\/\/serveiseducatius.xtec.cat\/ciutatvella\/wp-json\/wp\/v2\/pages\/338"}],"wp:attachment":[{"href":"https:\/\/serveiseducatius.xtec.cat\/ciutatvella\/wp-json\/wp\/v2\/media?parent=8162"}],"curies":[{"name":"wp","href":"https:\/\/api.w.org\/{rel}","templated":true}]}}