{"id":385,"date":"2015-11-25T14:26:15","date_gmt":"2015-11-25T13:26:15","guid":{"rendered":"http:\/\/serveiseducatius.xtec.cat\/ciutatvella\/?page_id=385"},"modified":"2026-02-13T12:52:34","modified_gmt":"2026-02-13T11:52:34","slug":"ensenyament-secundari-batxillerat-i-formacio-professional","status":"publish","type":"page","link":"https:\/\/serveiseducatius.xtec.cat\/ciutatvella\/centres-educatius\/ensenyament-secundari-batxillerat-i-formacio-professional\/","title":{"rendered":"Ensenyament secundari"},"content":{"rendered":"<p><a href=\"https:\/\/www.edubcn.cat\/ca\/centres_serveis_educatius\/centres_educatius\/cercador#\/centres\/\/1.2.3.4\/\/\/\/1\/\/-32761\/-2147483610\/-2147482900\/\">Mapa dels centres d&#8217;educaci\u00f3 secund\u00e0ria<\/a><\/p>\n<p><strong><span style=\"text-decoration: underline;\">EDUCACI\u00d3 SECUND\u00c0RIA TITULARITAT P\u00daBLICA<\/span><\/strong><\/p>\n<p><strong>IE Elisabets<\/strong><\/p>\n<p>Adre\u00e7a: <a href=\"https:\/\/www.google.es\/maps\/place\/Carrer+d'Elisabets,+8,+08001+Barcelona\/data=!4m2!3m1!1s0x12a4a2f434d1796f:0x3a7a890cabc8ae42?ved=2ahUKEwjNv7vFooPfAhVSLVAKHUdDDtUQ8gEwAHoECAAQAQ\">Elisabets 8-10, Barcelona, 08001<\/a><br \/>\nTel\u00e8fon: 934127120<br \/>\nAdre\u00e7a electr\u00f2nica: a8077484@xtec.cat<br \/>\n<a href=\"https:\/\/agora.xtec.cat\/ieelisabets\/\">Web<\/a><\/p>\n<p><strong>IE Sant Felip Neri<\/strong><\/p>\n<p>Adre\u00e7a: <a href=\"https:\/\/www.google.es\/maps\/place\/Plaza+de+San+Felipe+Neri,+6,+08002+Barcelona\/data=!4m2!3m1!1s0x12a4a2f9d2db63e3:0xa6302643caa7518f?ved=2ahUKEwjA8df9ooPfAhUQY1AKHbf2AE0Q8gEwAHoECAAQAQ\">Pla\u00e7a Sant Felip Neri 6, Barcelona, 08002 <\/a><br \/>\nTel\u00e8fon: 933011296<br \/>\nAdre\u00e7a electr\u00f2nica: <a href=\"mailto:a8003294@xtec.cat\">a8003294@xtec.cat<\/a><br \/>\n<a href=\"http:\/\/www.santfelipneri.cat\/\">Web<\/a><\/p>\n<p><strong>Joan Salvat Papasseit<\/strong><\/p>\n<p>Adre\u00e7a: <a href=\"https:\/\/www.google.es\/maps\/place\/Passeig+de+Salvat+Papasseit,+08003+Barcelona\/@41.3822107,2.189178,17z\/data=!3m1!4b1!4m5!3m4!1s0x12a4a3070f4f2e63:0x8ae60435b30ea40c!8m2!3d41.3822107!4d2.1913667\">Ps. S. Papasseit, s\/n\/, 08003<\/a><br \/>\nTel\u00e8fon: 93 315 02 03<br \/>\nAdre\u00e7a electr\u00f2nica: <a href=\"mailto:a8034576@xtec.cat\">a8034576@xtec.cat<\/a><br \/>\n<a href=\"https:\/\/www.institutsalvatpapasseit.net\/adre%C3%A7a-i-contacte\/\">Web<\/a><\/p>\n<p><strong>Mil\u00e0 Fontanals<\/strong><\/p>\n<p>Adre\u00e7a: <a href=\"https:\/\/www.google.es\/maps\/place\/Pla%C3%A7a+de+Josep+M%C2%AA+Folch+i+Torres,+1,+08001+Barcelona\/@41.3765626,2.1646684,17z\/data=!3m1!4b1!4m5!3m4!1s0x12a4a25e7d4515af:0x383a3dc06a803e75!8m2!3d41.3765626!4d2.1668571\">Pl. Josep M. Folch i Torres 1, Barcelona, 08001<\/a><br \/>\nTel\u00e8fon: 93 441 79 58<br \/>\nAdre\u00e7a electr\u00f2nica: <a href=\"mailto:a8013196@xtec.cat\">a8013196@xtec.cat<\/a><br \/>\n<a href=\"https:\/\/agora.xtec.cat\/ins-mila-bcn\/\">Web<\/a><\/p>\n<p><strong>Miquel Tarradell<\/strong><\/p>\n<p>Adre\u00e7a: <a href=\"https:\/\/www.google.es\/maps\/place\/Miquel+Tarradell\/@41.3817596,2.1661802,17z\/data=!3m1!4b1!4m5!3m4!1s0x12a4a2f5c0061031:0x6b4bf786ab4884e!8m2!3d41.3817596!4d2.1683689\">Carrer dels \u00c0ngels 1 bis, Barcelona, 08001<\/a><br \/>\nTel\u00e8fon: 934412380<br \/>\nAdre\u00e7a electr\u00f2nica: <a href=\"mailto:a8052581@xtec.cat\">a8052581@xtec.cat<\/a><br \/>\n<a href=\"http:\/\/www.instarradell.cat\/\">Web<\/a><\/p>\n<p><strong>Pau Claris<\/strong><\/p>\n<p>Adre\u00e7a: <a href=\"https:\/\/www.google.es\/maps\/place\/Passeig+de+Llu%C3%ADs+Companys,+18,+08018+Barcelona\/@41.3913349,2.1797551,17z\/data=!3m1!4b1!4m5!3m4!1s0x12a4a2e3255bcc2b:0xf5c3790e42ea5328!8m2!3d41.3913349!4d2.1819438\">Pg. Llu\u00eds Companys 18, Barcelona, 08018<\/a><br \/>\nTel\u00e8fon: 933208078<br \/>\nAdre\u00e7a electr\u00f2nica: <a href=\"mailto:a8052608@xtec.cat\">a8052608@xtec.cat<\/a><br \/>\n<a href=\"http:\/\/www.iespauclaris.org\/\">Web<\/a><\/p>\n<p><strong>Verdaguer<\/strong><\/p>\n<p>Adre\u00e7a: <a href=\"https:\/\/agora.xtec.cat\/iesverdaguer\/contacte\/on-som\/\">Parc de la Ciutadella S\/N, 08003, Barcelona<\/a><br \/>\nTel\u00e8fon: 933195733<br \/>\nAdre\u00e7a electr\u00f2nica: <a href=\"mailto:iesverdaguer@xtec.cat\">iesverdaguer@xtec.cat<\/a><br \/>\n<a href=\"https:\/\/agora.xtec.cat\/iesverdaguer\/\">Web<\/a><\/p>\n<p><span style=\"text-decoration: underline;\"><strong>EDUCACI\u00d3 SECUND\u00c0RIA TITULARITAT PRIVADA O CONCERTADA<\/strong><\/span><\/p>\n<p><strong>Escola Pia Sant Antoni<\/strong><\/p>\n<p>Adre\u00e7a: <a href=\"https:\/\/www.google.es\/maps\/place\/Ronda+de+Sant+Pau,+72,+08001+Barcelona\/data=!4m2!3m1!1s0x12a4a260847a8ea3:0xbd0c984842240359?ved=2ahUKEwjrgK_OoIPfAhXOJFAKHWbECtAQ8gEwAHoECAAQAQ\">Ronda Sant Pau 72, 08001, BARCELONA <\/a><br \/>\nTel\u00e8fon: 934410605<br \/>\nAdre\u00e7a electr\u00f2nica: <a href=\"mailto:santantoni@escolapia.ca\">santantoni@escolapia.ca<\/a>t<br \/>\n<a href=\"http:\/\/santantoni.escolapia.cat\/home\">Web<\/a><\/p>\n<p><strong>La Salle Comtal<\/strong><\/p>\n<p>Adre\u00e7a: <a href=\"https:\/\/www.google.es\/maps\/place\/Carrer+d'Amadeu+Vives,+6,+08003+Barcelona\/data=!4m2!3m1!1s0x12a4a2fa636c1d1b:0xd9a0733869d1ef4e?ved=2ahUKEwj7uOjmoYPfAhWBI1AKHbcFDqIQ8gEwAHoECAAQAQ\">Amadeu Vives 6, Barcelona, 08003<\/a><br \/>\nTel\u00e8fon: 932682033<br \/>\nAdre\u00e7a electr\u00f2nica: <a href=\"mailto:lasallecomtal@lasalle.cat\">lasallecomtal@lasalle.cat<\/a><br \/>\n<a href=\"https:\/\/comtal.lasalle.cat\/\">Web<\/a><\/p>\n<p><strong>Escola Vedruna \u00c0ngels<\/strong><\/p>\n<p>Adre\u00e7a: <a href=\"https:\/\/www.google.es\/maps\/place\/Pla%C3%A7a+dels+%C3%80ngels,+3,+08001+Barcelona\/data=!4m2!3m1!1s0x12a4a2f5a9a43b25:0x5b168546f5fd1921?ved=2ahUKEwjil6KTpIPfAhWdQxUIHeX1BI0Q8gEwAHoECAAQAQ\">Pla\u00e7a dels \u00c0ngels 3, 08001, Barcelona<\/a><br \/>\nTel\u00e8fon: 933186298<br \/>\nAdre\u00e7a electr\u00f2nica: <a href=\"mailto:escola@vedrunaangels.cat\">escola@vedrunaangels.cat<\/a><br \/>\n<a href=\"http:\/\/www.vedruna-angels.org\/\">Web<\/a><\/p>\n<p>&nbsp;<\/p>\n<p>&nbsp;<\/p>\n","protected":false},"excerpt":{"rendered":"<p>Mapa dels centres d&#8217;educaci\u00f3 secund\u00e0ria EDUCACI\u00d3 SECUND\u00c0RIA TITULARITAT P\u00daBLICA IE Elisabets Adre\u00e7a: Elisabets 8-10, Barcelona, 08001 Tel\u00e8fon: 934127120 Adre\u00e7a electr\u00f2nica: a8077484@xtec.cat Web IE Sant Felip Neri Adre\u00e7a: Pla\u00e7a Sant Felip Neri 6, Barcelona, 08002 Tel\u00e8fon: 933011296 Adre\u00e7a electr\u00f2nica: a8003294@xtec.cat Web Joan Salvat Papasseit Adre\u00e7a: Ps. S. Papasseit, s\/n\/, 08003 Tel\u00e8fon: 93 315 02 03 Adre\u00e7a [&hellip;]<\/p>\n","protected":false},"author":1,"featured_media":0,"parent":338,"menu_order":3,"comment_status":"closed","ping_status":"closed","template":"","meta":{"_bbp_topic_count":0,"_bbp_reply_count":0,"_bbp_total_topic_count":0,"_bbp_total_reply_count":0,"_bbp_voice_count":0,"_bbp_anonymous_reply_count":0,"_bbp_topic_count_hidden":0,"_bbp_reply_count_hidden":0,"_bbp_forum_subforum_count":0,"site-sidebar-layout":"default","site-content-layout":"","ast-site-content-layout":"default","site-content-style":"default","site-sidebar-style":"default","ast-global-header-display":"","ast-banner-title-visibility":"","ast-main-header-display":"","ast-hfb-above-header-display":"","ast-hfb-below-header-display":"","ast-hfb-mobile-header-display":"","site-post-title":"","ast-breadcrumbs-content":"","ast-featured-img":"","footer-sml-layout":"","theme-transparent-header-meta":"default","adv-header-id-meta":"","stick-header-meta":"","header-above-stick-meta":"","header-main-stick-meta":"","header-below-stick-meta":"","astra-migrate-meta-layouts":"set","ast-page-background-enabled":"default","ast-page-background-meta":{"desktop":{"background-color":"var(--ast-global-color-4)","background-image":"","background-repeat":"repeat","background-position":"center center","background-size":"auto","background-attachment":"scroll","background-type":"","background-media":"","overlay-type":"","overlay-color":"","overlay-opacity":"","overlay-gradient":""},"tablet":{"background-color":"","background-image":"","background-repeat":"repeat","background-position":"center center","background-size":"auto","background-attachment":"scroll","background-type":"","background-media":"","overlay-type":"","overlay-color":"","overlay-opacity":"","overlay-gradient":""},"mobile":{"background-color":"","background-image":"","background-repeat":"repeat","background-position":"center center","background-size":"auto","background-attachment":"scroll","background-type":"","background-media":"","overlay-type":"","overlay-color":"","overlay-opacity":"","overlay-gradient":""}},"ast-content-background-meta":{"desktop":{"background-color":"var(--ast-global-color-5)","background-image":"","background-repeat":"repeat","background-position":"center center","background-size":"auto","background-attachment":"scroll","background-type":"","background-media":"","overlay-type":"","overlay-color":"","overlay-opacity":"","overlay-gradient":""},"tablet":{"background-color":"var(--ast-global-color-5)","background-image":"","background-repeat":"repeat","background-position":"center center","background-size":"auto","background-attachment":"scroll","background-type":"","background-media":"","overlay-type":"","overlay-color":"","overlay-opacity":"","overlay-gradient":""},"mobile":{"background-color":"var(--ast-global-color-5)","background-image":"","background-repeat":"repeat","background-position":"center center","background-size":"auto","background-attachment":"scroll","background-type":"","background-media":"","overlay-type":"","overlay-color":"","overlay-opacity":"","overlay-gradient":""}},"footnotes":""},"class_list":["post-385","page","type-page","status-publish","hentry"],"post_mailing_queue_ids":[],"_links":{"self":[{"href":"https:\/\/serveiseducatius.xtec.cat\/ciutatvella\/wp-json\/wp\/v2\/pages\/385","targetHints":{"allow":["GET"]}}],"collection":[{"href":"https:\/\/serveiseducatius.xtec.cat\/ciutatvella\/wp-json\/wp\/v2\/pages"}],"about":[{"href":"https:\/\/serveiseducatius.xtec.cat\/ciutatvella\/wp-json\/wp\/v2\/types\/page"}],"author":[{"embeddable":true,"href":"https:\/\/serveiseducatius.xtec.cat\/ciutatvella\/wp-json\/wp\/v2\/users\/1"}],"replies":[{"embeddable":true,"href":"https:\/\/serveiseducatius.xtec.cat\/ciutatvella\/wp-json\/wp\/v2\/comments?post=385"}],"version-history":[{"count":6,"href":"https:\/\/serveiseducatius.xtec.cat\/ciutatvella\/wp-json\/wp\/v2\/pages\/385\/revisions"}],"predecessor-version":[{"id":12061,"href":"https:\/\/serveiseducatius.xtec.cat\/ciutatvella\/wp-json\/wp\/v2\/pages\/385\/revisions\/12061"}],"up":[{"embeddable":true,"href":"https:\/\/serveiseducatius.xtec.cat\/ciutatvella\/wp-json\/wp\/v2\/pages\/338"}],"wp:attachment":[{"href":"https:\/\/serveiseducatius.xtec.cat\/ciutatvella\/wp-json\/wp\/v2\/media?parent=385"}],"curies":[{"name":"wp","href":"https:\/\/api.w.org\/{rel}","templated":true}]}}