{"id":379,"date":"2015-11-25T14:19:13","date_gmt":"2015-11-25T13:19:13","guid":{"rendered":"http:\/\/serveiseducatius.xtec.cat\/ciutatvella\/?page_id=379"},"modified":"2026-02-13T12:00:55","modified_gmt":"2026-02-13T11:00:55","slug":"educacio-infantil-i-primaria","status":"publish","type":"page","link":"https:\/\/serveiseducatius.xtec.cat\/ciutatvella\/centres-educatius\/educacio-infantil-i-primaria\/","title":{"rendered":"Educaci\u00f3 infantil i prim\u00e0ria"},"content":{"rendered":"<p><strong><a href=\"https:\/\/www.edubcn.cat\/ca\/centres_serveis_educatius\/centres_educatius\/cercador#\/centres\/\/1.2.3.4\/\/\/\/1\/\/-32763\/-2147483612\/-2147482928\/\" target=\"_blank\" rel=\"noopener\">Mapa dels centres d\u2019educaci\u00f3 infantil<\/a><\/strong><\/p>\n<p><strong><a href=\"https:\/\/www.edubcn.cat\/ca\/centres_serveis_educatius\/centres_educatius\/cercador#\/centres\/\/1.2.3.4\/\/\/\/1\/\/-32762\/-2147483611\/-2147482919\/\" target=\"_blank\" rel=\"noopener\">Mapa dels centres d&#8217;educaci\u00f3 prim\u00e0ria<\/a><\/strong><\/p>\n<p><span style=\"text-decoration: underline;\"><strong>EDUCACI\u00d3 INFANTIL I PRIM\u00c0RIA TITULARITAT P\u00daBLICA<\/strong><\/span><\/p>\n<p><strong>Escola Alexandre Gal\u00ed<\/strong><\/p>\n<p>Adre\u00e7a: <a href=\"https:\/\/www.google.es\/maps\/place\/Passeig+Mar%C3%ADtim+de+la+Barceloneta,+11,+08003+Barcelona\/data=!4m2!3m1!1s0x12a4a307eec36d81:0xf904b7ad430affae?ved=2ahUKEwjIvL-wt-DeAhUktosKHSK5AsAQ8gEwAHoECAIQAQ\">Passeig Mar\u00edtim Barceloneta 11, Barcelona, 08003<\/a><br \/>\nTel\u00e8fon: 933106444<br \/>\nAdre\u00e7a electr\u00f2nica: <a href=\"mailto:a8037814@xtec.cat\">a8037814@xtec.cat<\/a><br \/>\n<a href=\"http:\/\/www.alexandregali.cat\">Web<\/a><\/p>\n<p><strong>Escola Baixeras<\/strong><\/p>\n<p>Adre\u00e7a: <a href=\"https:\/\/www.google.es\/maps\/place\/Carrer+de+Salvador+Aulet,+1,+08002+Barcelona\/data=!4m2!3m1!1s0x12a4a2ff294822f7:0x634d8d6844ccee2d?ved=2ahUKEwiVxvLut-DeAhWC-ioKHUGqDacQ8gEwAHoECAEQAQ\">Salvador Aulet 1, Barcelona, 08002<\/a><br \/>\nTel\u00e8fon: 933105295<br \/>\nAdre\u00e7a electr\u00f2nica: a8001595@xtec.cat<br \/>\n<a href=\"http:\/\/www.escolaangelbaixeras.cat\">Web<\/a><\/p>\n<p><strong>Escola Castella<\/strong><\/p>\n<p>Adre\u00e7a: <a href=\"https:\/\/www.google.es\/maps\/place\/Plaza+de+Castilla,+8,+08001+Barcelona\/data=!4m2!3m1!1s0x12a4a28b4b5dc267:0x3f8a6c4ac5338362?ved=2ahUKEwin0uOkuODeAhWKmIsKHTH1DUMQ8gEwAHoECAAQAQ\">Pl Castella 8, Barcelona, 08001<\/a><br \/>\nTel\u00e8fon: 933020835<br \/>\nAdre\u00e7a electr\u00f2nica: <a href=\"mailto:a8001832@xtec.cat\">a8001832@xtec.cat<\/a><br \/>\n<a href=\"http:\/\/www.escolacastella.cat\">Web<\/a><\/p>\n<p><strong>Escola Cervantes<\/strong><\/p>\n<p>Adre\u00e7a: <a href=\"https:\/\/www.google.es\/maps\/place\/Carrer+de+Sant+Pere+M%C3%A9s+Baix,+31,+08003+Barcelona\/data=!4m2!3m1!1s0x12a4a2fbb72a0f19:0x29d94aa3840df0ea?ved=2ahUKEwi_1o_yuODeAhVPpYsKHfP-BkIQ8gEwAHoECAAQAQ\">Sant Pere M\u00e9s Baix 31, Barcelona, 08003<\/a><br \/>\nTel\u00e8fon: 932682050<br \/>\nAdre\u00e7a electr\u00f2nica: <a href=\"mailto:escolacervantes@xtec.cat\">escolacervantes@xtec.cat<\/a><br \/>\n<a href=\"http:\/\/www.xtec.cat\/escolacervantes\">Web<\/a><\/p>\n<p><strong>Escola Collaso i Gil<\/strong><\/p>\n<p>Adre\u00e7a: <a href=\"https:\/\/www.google.es\/maps\/place\/Carrer+de+Sant+Pau,+101,+08001+Barcelona\/@41.3759322,2.1669745,17z\/data=!3m1!4b1!4m5!3m4!1s0x12a4a25ea5f5d019:0x4df0a3fbc21db0c1!8m2!3d41.3759322!4d2.1691632\">Sant Pau 101, Barcelona, 08001<\/a><br \/>\nTel\u00e8fon: 934410098<br \/>\nAdre\u00e7a electr\u00f2nica: <a href=\"mailto:a8001819@xtec.cat\">a8001819@xtec.cat<\/a><br \/>\n<a href=\"http:\/\/www.xtec.cat\/ceip-collaso\">Web<\/a><\/p>\n<p><strong>Escola Drassanes<\/strong><\/p>\n<p>Adre\u00e7a: <a href=\"https:\/\/www.google.es\/maps\/place\/Carrer+Nou+de+Sant+Francesc,+11,+08002+Barcelona\/data=!4m2!3m1!1s0x12a4a2564ebb7527:0xd3890e78770671bb?ved=2ahUKEwi24_ffueDeAhVlsosKHUmqCrIQ8gEwAHoECAAQAQ\">Nou Sant Francesc 11, Barcelona, 08002<\/a><br \/>\nTel\u00e8fon: 933189733<br \/>\nAdre\u00e7a electr\u00f2nica: a8001856@xtec.cat<br \/>\n<a href=\"http:\/\/www.escoladrassanes.cat\">Web<\/a><\/p>\n<p><strong>IE Elisabets<\/strong><\/p>\n<p>Adre\u00e7a: <a href=\"https:\/\/www.google.es\/maps\/place\/Carrer+d'Elisabets,+8,+08001+Barcelona\/data=!4m2!3m1!1s0x12a4a2f434d1796f:0x3a7a890cabc8ae42?ved=2ahUKEwjNv7vFooPfAhVSLVAKHUdDDtUQ8gEwAHoECAAQAQ\">Elisabets 8-10, Barcelona, 08001<\/a><br \/>\nTel\u00e8fon: 934127120<br \/>\nAdre\u00e7a electr\u00f2nica: <a href=\"https:\/\/aplicacions.gestioeducativa.gencat.cat\/pls\/e13_formacio_gaf\/correu.correu_elec?p_to=a8077484@xtec.cat\" target=\"correu\" rel=\"noopener\">a8077484@xtec.cat<\/a><br \/>\n<a href=\"http:\/\/escola-laboure.cat\/\">Web<\/a><\/p>\n<p><strong>Escola Mediterr\u00e0nia<\/strong><\/p>\n<p>Adre\u00e7a: <a href=\"https:\/\/www.google.es\/maps\/place\/Passeig+Mar%C3%ADtim+de+la+Barceloneta,+5,+08003+Barcelona\/data=!4m2!3m1!1s0x12a4a3a83729d23f:0x95195e177bca725c?ved=2ahUKEwiMmbTZuuDeAhUvqIsKHUgdB-oQ8gEwAHoECAAQAQ\">Passeig Mar\u00edtim 5-7, Barcelona, 08003<\/a><br \/>\nTel\u00e8fon: 932502576<br \/>\nAdre\u00e7a electr\u00f2nica: <a href=\"mailto:a8054903@xtec.cat\">a8054903@xtec.cat<\/a><br \/>\n<a href=\"http:\/\/www.escolamediterrania.cat\">Web<\/a><\/p>\n<p><strong>Escola Mil\u00e0 i Fontanals<\/strong><\/p>\n<p>Adre\u00e7a: <a href=\"https:\/\/www.google.es\/maps\/place\/Carrer+dels+%C3%80ngels,+1,+08001+Barcelona\/@41.3817728,2.1662292,17z\/data=!3m1!4b1!4m5!3m4!1s0x12a4a2f5be2ceb5f:0xe53308c09c4f66f6!8m2!3d41.3817728!4d2.1684179\">\u00c0ngels 1, Barcelona, 08001<\/a><br \/>\nTel\u00e8fon: 934427038<br \/>\nAdre\u00e7a electr\u00f2nica: <a href=\"mailto:a8001820@xtec.cat\">a8001820@xtec.cat<\/a><br \/>\n<a href=\"http:\/\/agora.xtec.cat\/escmilaifontanals\/intranet\/\">Web<\/a><\/p>\n<p><strong>Escola Parc de la Ciutadella<\/strong><\/p>\n<p>Adre\u00e7a: <a href=\"https:\/\/www.google.es\/maps\/place\/Passeig+de+Circumva%C5%80laci%C3%B3,+5,+08003+Barcelona\/data=!4m2!3m1!1s0x12a4a30167b3f2ef:0x895b01858c9ab15c?ved=2ahUKEwje4KK4u-DeAhVNqYsKHRbQCKQQ8gEwAHoECAAQAQ\">Pg Circumval.laci\u00f3 5, Barcelona, 08003<\/a><br \/>\nTel\u00e8fon: 933195847<br \/>\nAdre\u00e7a electr\u00f2nica: <a href=\"mailto:a8001601@xtec.cat\">a8001601@xtec.cat<\/a><br \/>\n<a href=\"https:\/\/www.escolaparcdelaciutadella.cat\/\">Web<\/a><\/p>\n<p><strong>Escola Pere Vila<\/strong><\/p>\n<p>Adre\u00e7a: <a href=\"https:\/\/www.google.es\/maps\/place\/Passeig+de+Llu%C3%ADs+Companys,+18,+08018+Barcelona\/@41.3913349,2.1797551,17z\/data=!3m1!4b1!4m5!3m4!1s0x12a4a2e3255bcc2b:0xf5c3790e42ea5328!8m2!3d41.3913349!4d2.1819438\">Pg Llu\u00eds Companys 18, Barcelona, 08018<\/a><br \/>\nTel\u00e8fon: 933099417<br \/>\nAdre\u00e7a electr\u00f2nica: <a href=\"mailto:a8001790@xtec.cat\">a8001790@xtec.cat<\/a><br \/>\n<a href=\"http:\/\/agora.xtec.cat\/escolaperevila\/\">Web<\/a><\/p>\n<p><strong>IE Sant Felip Neri<\/strong><\/p>\n<p>Adre\u00e7a:<a href=\"https:\/\/www.google.es\/maps\/place\/Plaza+de+San+Felipe+Neri,+6,+08002+Barcelona\/@41.383259,2.1727221,17z\/data=!3m1!4b1!4m5!3m4!1s0x12a4a2f9d2db63e3:0xa6302643caa7518f!8m2!3d41.383259!4d2.1749108\"> Pl. Sant Felip Neri 6, Barcelona, 08002<\/a><br \/>\nTel\u00e8fon: 933011296<br \/>\nAdre\u00e7a electr\u00f2nica: <a href=\"mailto:a8003294@xtec.cat\">a8003294@xtec.cat<\/a><br \/>\n<a href=\"https:\/\/www.santfelipneri.cat\/es\/\">Web<\/a><\/p>\n<p><strong>Escola Rub\u00e9n Dar\u00edo<\/strong><\/p>\n<p>Adre\u00e7a: <a href=\"https:\/\/www.google.es\/maps\/place\/Ronda+de+Sant+Pau,+38,+08001+Barcelona\/data=!4m2!3m1!1s0x12a4a25e145ec713:0xa768fa66c8cd0306?ved=2ahUKEwiy6NT6veDeAhXLmLQKHdbPDJAQ8gEwAHoECAAQAQ\">Rda Sant Pau 38, Barcelona, 08001<\/a><br \/>\nTel\u00e8fon: 934 429 203<br \/>\nAdre\u00e7a electr\u00f2nica: <a href=\"mailto:a8001868@xtec.cat\">a8001868@xtec.cat<\/a><br \/>\n<a href=\"http:\/\/www.xtec.cat\/centres\/a8001868\">Web<\/a><\/p>\n<p><span style=\"text-decoration: underline;\"><strong>EDUCACI\u00d3 INFANTIL I PRIM\u00c0RIA TITULARITAT CONCERTADA O PRIVADA<\/strong><\/span><\/p>\n<p><strong>Escola Pia Sant Antoni<\/strong><\/p>\n<p>Adre\u00e7a: <a href=\"https:\/\/www.google.es\/maps\/place\/Ronda+de+Sant+Pau,+72,+08001+Barcelona\/@41.3783635,2.1616171,17z\/data=!3m1!4b1!4m5!3m4!1s0x12a4a260847a8ea3:0xbd0c984842240359!8m2!3d41.3783635!4d2.1638058\">Rda. Sant Pau 72, Barcelona, 08001<\/a><br \/>\nTel\u00e8fon: 934410605<br \/>\nAdre\u00e7a electr\u00f2nica:<a href=\"mailto:santantoni@escolapia.cat\"> santantoni@escolapia.cat<\/a><br \/>\n<a href=\"http:\/\/santantoni.escolapia.cat\/\">Web<\/a><\/p>\n<p><strong>La Salle Comtal<\/strong><\/p>\n<p>Adre\u00e7a: <a href=\"https:\/\/www.google.es\/maps\/place\/Carrer+d'Amadeu+Vives,+6,+08003+Barcelona\/data=!4m2!3m1!1s0x12a4a2fa636c1d1b:0xd9a0733869d1ef4e?ved=2ahUKEwizxa3ev-DeAhXFJVAKHSXZAnAQ8gEwAHoECAAQAQ\">Amadeu Vivies 6, Barcelona, 08003<\/a><br \/>\nTel\u00e8fon: 932682033<br \/>\nAdre\u00e7a electr\u00f2nica: <a href=\"mailto:lasallecomtal@lasalle.cat\">lasallecomtal@lasalle.cat<\/a><br \/>\n<a href=\"https:\/\/comtal.lasalle.cat\/\">Web<\/a><\/p>\n<p><strong>Sagrada fam\u00edlia<\/strong><\/p>\n<p>Adre\u00e7a: <a href=\"https:\/\/www.google.es\/maps\/place\/Carrer+d'Aviny%C3%B3,+20,+08002+Barcelona\/data=!4m2!3m1!1s0x12a4a2f87c466049:0x1efee5dc27182e7f?ved=2ahUKEwiNnOvdwODeAhVFUlAKHe_mA4AQ8gEwAHoECAAQAQ\">Aviny\u00f3 20, Barcelona, 08002<\/a><br \/>\nTel\u00e8fon: 933188716<br \/>\nAdre\u00e7a electr\u00f2nica: a8003041@xtec.cat<\/p>\n<p><a href=\"http:\/\/www.safaavinyo.com\/\">Web<\/a><\/p>\n<p><strong>Vedruna \u00c0ngels <\/strong><\/p>\n<p>Adre\u00e7a: <a tabindex=\"0\" href=\"https:\/\/www.google.com\/maps\/place\/\/data=!4m2!3m1!1s0x12a4a2f5b2707b83:0x9249fecb50c3a69?sa=X&amp;ved=1t:8290&amp;ictx=111\" data-url=\"\/maps\/place\/\/data=!4m2!3m1!1s0x12a4a2f5b2707b83:0x9249fecb50c3a69?sa=X&amp;ved=2ahUKEwjshOmkp9aSAxVARPEDHea7NCEQ4kB6BAgkEAA\">Pla\u00e7a dels \u00c0ngels, 3, Ciutat Vella, 08001 Barcelona<\/a><\/p>\n<p>Tel\u00e8fon: 933186298<\/p>\n<p>Adre\u00e7a electr\u00f2nica: <span data-sheets-root=\"1\" data-sheets-chipruns=\"{&quot;1&quot;:0,&quot;2&quot;:{&quot;1&quot;:{&quot;1&quot;:&quot;escola@vedrunaangels.cat&quot;,&quot;2&quot;:3}}}\"><a class=\"in-cell-link\" href=\"mailto:escola@vedrunaangels.cat\" target=\"_blank\" rel=\"noopener\">escola@vedrunaangels.cat<\/a><\/span><\/p>\n<p><a href=\"http:\/\/Web\">Web<\/a><\/p>\n","protected":false},"excerpt":{"rendered":"<p>Mapa dels centres d\u2019educaci\u00f3 infantil Mapa dels centres d&#8217;educaci\u00f3 prim\u00e0ria EDUCACI\u00d3 INFANTIL I PRIM\u00c0RIA TITULARITAT P\u00daBLICA Escola Alexandre Gal\u00ed Adre\u00e7a: Passeig Mar\u00edtim Barceloneta 11, Barcelona, 08003 Tel\u00e8fon: 933106444 Adre\u00e7a electr\u00f2nica: a8037814@xtec.cat Web Escola Baixeras Adre\u00e7a: Salvador Aulet 1, Barcelona, 08002 Tel\u00e8fon: 933105295 Adre\u00e7a electr\u00f2nica: a8001595@xtec.cat Web Escola Castella Adre\u00e7a: Pl Castella 8, Barcelona, 08001 Tel\u00e8fon: [&hellip;]<\/p>\n","protected":false},"author":1,"featured_media":0,"parent":338,"menu_order":2,"comment_status":"closed","ping_status":"closed","template":"","meta":{"_bbp_topic_count":0,"_bbp_reply_count":0,"_bbp_total_topic_count":0,"_bbp_total_reply_count":0,"_bbp_voice_count":0,"_bbp_anonymous_reply_count":0,"_bbp_topic_count_hidden":0,"_bbp_reply_count_hidden":0,"_bbp_forum_subforum_count":0,"site-sidebar-layout":"default","site-content-layout":"","ast-site-content-layout":"default","site-content-style":"default","site-sidebar-style":"default","ast-global-header-display":"","ast-banner-title-visibility":"","ast-main-header-display":"","ast-hfb-above-header-display":"","ast-hfb-below-header-display":"","ast-hfb-mobile-header-display":"","site-post-title":"","ast-breadcrumbs-content":"","ast-featured-img":"","footer-sml-layout":"","theme-transparent-header-meta":"default","adv-header-id-meta":"","stick-header-meta":"","header-above-stick-meta":"","header-main-stick-meta":"","header-below-stick-meta":"","astra-migrate-meta-layouts":"set","ast-page-background-enabled":"default","ast-page-background-meta":{"desktop":{"background-color":"var(--ast-global-color-4)","background-image":"","background-repeat":"repeat","background-position":"center center","background-size":"auto","background-attachment":"scroll","background-type":"","background-media":"","overlay-type":"","overlay-color":"","overlay-opacity":"","overlay-gradient":""},"tablet":{"background-color":"","background-image":"","background-repeat":"repeat","background-position":"center center","background-size":"auto","background-attachment":"scroll","background-type":"","background-media":"","overlay-type":"","overlay-color":"","overlay-opacity":"","overlay-gradient":""},"mobile":{"background-color":"","background-image":"","background-repeat":"repeat","background-position":"center center","background-size":"auto","background-attachment":"scroll","background-type":"","background-media":"","overlay-type":"","overlay-color":"","overlay-opacity":"","overlay-gradient":""}},"ast-content-background-meta":{"desktop":{"background-color":"var(--ast-global-color-5)","background-image":"","background-repeat":"repeat","background-position":"center center","background-size":"auto","background-attachment":"scroll","background-type":"","background-media":"","overlay-type":"","overlay-color":"","overlay-opacity":"","overlay-gradient":""},"tablet":{"background-color":"var(--ast-global-color-5)","background-image":"","background-repeat":"repeat","background-position":"center center","background-size":"auto","background-attachment":"scroll","background-type":"","background-media":"","overlay-type":"","overlay-color":"","overlay-opacity":"","overlay-gradient":""},"mobile":{"background-color":"var(--ast-global-color-5)","background-image":"","background-repeat":"repeat","background-position":"center center","background-size":"auto","background-attachment":"scroll","background-type":"","background-media":"","overlay-type":"","overlay-color":"","overlay-opacity":"","overlay-gradient":""}},"footnotes":""},"class_list":["post-379","page","type-page","status-publish","hentry"],"post_mailing_queue_ids":[],"_links":{"self":[{"href":"https:\/\/serveiseducatius.xtec.cat\/ciutatvella\/wp-json\/wp\/v2\/pages\/379","targetHints":{"allow":["GET"]}}],"collection":[{"href":"https:\/\/serveiseducatius.xtec.cat\/ciutatvella\/wp-json\/wp\/v2\/pages"}],"about":[{"href":"https:\/\/serveiseducatius.xtec.cat\/ciutatvella\/wp-json\/wp\/v2\/types\/page"}],"author":[{"embeddable":true,"href":"https:\/\/serveiseducatius.xtec.cat\/ciutatvella\/wp-json\/wp\/v2\/users\/1"}],"replies":[{"embeddable":true,"href":"https:\/\/serveiseducatius.xtec.cat\/ciutatvella\/wp-json\/wp\/v2\/comments?post=379"}],"version-history":[{"count":7,"href":"https:\/\/serveiseducatius.xtec.cat\/ciutatvella\/wp-json\/wp\/v2\/pages\/379\/revisions"}],"predecessor-version":[{"id":12054,"href":"https:\/\/serveiseducatius.xtec.cat\/ciutatvella\/wp-json\/wp\/v2\/pages\/379\/revisions\/12054"}],"up":[{"embeddable":true,"href":"https:\/\/serveiseducatius.xtec.cat\/ciutatvella\/wp-json\/wp\/v2\/pages\/338"}],"wp:attachment":[{"href":"https:\/\/serveiseducatius.xtec.cat\/ciutatvella\/wp-json\/wp\/v2\/media?parent=379"}],"curies":[{"name":"wp","href":"https:\/\/api.w.org\/{rel}","templated":true}]}}