{"id":27798,"date":"2026-04-11T01:40:26","date_gmt":"2026-04-10T23:40:26","guid":{"rendered":"https:\/\/serveiseducatius.xtec.cat\/cesire\/?page_id=27798"},"modified":"2026-04-11T01:40:26","modified_gmt":"2026-04-10T23:40:26","slug":"qui-som","status":"publish","type":"page","link":"https:\/\/serveiseducatius.xtec.cat\/cesire\/qui-som\/","title":{"rendered":"Qui som"},"content":{"rendered":"<style>\nheader.entry-header {display:none;}\n#pagina { font-family:'Inter',sans-serif; color:#000; }\n.centrat {\n    display: flex;\n    align-items: center;\n    flex-wrap: wrap;\n}\n.targeta {\n    padding: 15px;\n    border-radius: 15px;\n    height: 100%;\n}\n.targeta2 {\n    padding: 15px;\n    border-radius: 15px;\n    height: 100%;\n    margin: 20px;\n}\n.tgris {\n    background-color: #F2F2F2;\n}\n.tvermell {\n    background-color: #FFB6A5\n}\n.tblau {\n    background-color: #ADDCEC\n}\n.tlila {\n    background-color: #CAB1E4\n}\n.tgroc {\n    background-color: #FCD672;\n}\n<\/style>\n<div id=\"pagina\" class=\"container-fluid\">\n<div style=\"font-size:22px; margin-top: 5px; margin-bottom: 20px;\">El CESIRE \u00e9s el <strong>centre de formaci\u00f3 permanent<\/strong> per al desenvolupament de les compet\u00e8ncies professionals docents del Departament d\u2019Educaci\u00f3 i Formaci\u00f3 Professional.<\/div>\n<div class=\"row\">\n<div class=\"col-lg-6 centrat justify-content-center\"><img decoding=\"async\" src=\"https:\/\/serveiseducatius.xtec.cat\/cesire\/wp-content\/uploads\/usu2650\/2021\/09\/poster_main_video_cesire-e1775809967288.png\" alt=\"\" width=\"565\" \/><\/div>\n<div class=\"col-lg-6\">\n<div>\n<div class=\"targeta2 tgris\">\n<h3 style=\"text-align: center;\"><strong>PROP\u00d2SIT<\/strong><\/h3>\n<p>Contribuir a l\u2019\u00e8xit personal i social de l\u2019alumnat de l\u2019educaci\u00f3 b\u00e0sica, impulsant l\u2019aprenentatge significatiu, profund i amb sentit, a trav\u00e9s del qual adquirir els sabers i les compet\u00e8ncies necess\u00e0ries perqu\u00e8 esdevinguin persones que aprenen al llarg de la vida, arrelades a la comunitat, compromeses amb l\u2019entorn i creadores d\u2019estils de vida m\u00e9s justos i saludables.<\/p>\n<\/div>\n<\/div>\n<div>\n<div class=\"targeta2 tgris\">\n<h3 style=\"text-align: center;\"><strong>MISSI\u00d3<\/strong><\/h3>\n<p>Impulsar el disseny, la implementaci\u00f3 i l\u2019avaluaci\u00f3 de pr\u00e0ctiques d\u2019ensenyament-aprenentatge d\u2019alta qualitat pedag\u00f2gica i rigor did\u00e0ctic i curricular, a trav\u00e9s de la formaci\u00f3 permanent fonamentada en la did\u00e0ctica (general i espec\u00edfica) i la recerca educativa sobre com s\u2019apr\u00e8n (psicologia cognitiva i neuroeducaci\u00f3).<\/p><\/div>\n<\/div>\n<\/div>\n<\/div>\n<h3 style=\"margin-top: 20px; margin-bottom: 15px; text-align: center;\"><strong>FUNCIONS PRINCIPALS<\/strong><\/h3>\n<div class=\"row\">\n<div class=\"col-12 col-sm-4\">\n<div class=\"targeta tvermell\"><strong>Dissenyar, implementar i avaluar<\/strong> (en col\u00b7laboraci\u00f3 amb les universitats) programes de formaci\u00f3 permanent d\u2019alta qualitat (formacions territorialitzades o en els centres educatius) amb impacte en el sistema educatiu catal\u00e0 que despleguin les l\u00ednies priorit\u00e0ries que promou el Departament d\u2019Educaci\u00f3 i Formaci\u00f3 Professional.<\/div>\n<\/div>\n<div class=\"col-12 col-sm-4\">\n<div class=\"targeta tlila\"><strong>Crear i difondre<\/strong> un ampli ventall de recursos pedag\u00f2gics fonamentats en la recerca educativa (eines conceptuals, recursos formatius, materials did\u00e0ctics, models reeixits de pr\u00e0ctiques d\u2019aula) a disposici\u00f3 de la comunitat docent i dels centres educatius sostinguts amb fons p\u00fablics.<\/div>\n<\/div>\n<div class=\"col-12 col-sm-4\">\n<div class=\"targeta tblau\"><strong>Donar suport<\/strong> als Centres de Recursos Pedag\u00f2gics (CRP) en les seves funcions d\u2019assessorar pedag\u00f2gicament els centres educatius d\u2019arreu de Catalunya, aix\u00ed com d\u2019oferir, gestionar i dinamitzar formacions d\u2019alta qualitat did\u00e0ctica a trav\u00e9s dels Plans de Formaci\u00f3 de Zona.<\/div>\n<\/div>\n<\/div>\n<\/div>\n","protected":false},"excerpt":{"rendered":"<p>header.entry-header {display:none;}<br \/>\n#pagina { font-family:&#8217;Inter&#8217;,sans-serif; color:#000; }<br \/>\n.centrat {<br \/>\n    display: flex;<br \/>\n    align-items: center;<br \/>\n    flex-wrap: wrap;<br \/>\n}<br \/>\n.targeta {<br \/>\n    padding: 15px;<br \/>\n    border-radius: 15px;<br \/>\n    height: 100%;<br \/>\n}<br \/>\n.targeta2 {<br \/>\n    padding: 15px;<br \/>\n &hellip;  <a href=\"https:\/\/serveiseducatius.xtec.cat\/cesire\/qui-som\/\" title=\"Read Qui som\">Llegeix m\u00e9s\u00bb<\/a><\/p>\n","protected":false},"author":1,"featured_media":0,"parent":0,"menu_order":0,"comment_status":"closed","ping_status":"closed","template":"","meta":{"_bbp_topic_count":0,"_bbp_reply_count":0,"_bbp_total_topic_count":0,"_bbp_total_reply_count":0,"_bbp_voice_count":0,"_bbp_anonymous_reply_count":0,"_bbp_topic_count_hidden":0,"_bbp_reply_count_hidden":0,"_bbp_forum_subforum_count":0,"footnotes":""},"class_list":["post-27798","page","type-page","status-publish","hentry"],"post_mailing_queue_ids":[],"_links":{"self":[{"href":"https:\/\/serveiseducatius.xtec.cat\/cesire\/wp-json\/wp\/v2\/pages\/27798","targetHints":{"allow":["GET"]}}],"collection":[{"href":"https:\/\/serveiseducatius.xtec.cat\/cesire\/wp-json\/wp\/v2\/pages"}],"about":[{"href":"https:\/\/serveiseducatius.xtec.cat\/cesire\/wp-json\/wp\/v2\/types\/page"}],"author":[{"embeddable":true,"href":"https:\/\/serveiseducatius.xtec.cat\/cesire\/wp-json\/wp\/v2\/users\/1"}],"replies":[{"embeddable":true,"href":"https:\/\/serveiseducatius.xtec.cat\/cesire\/wp-json\/wp\/v2\/comments?post=27798"}],"version-history":[{"count":3,"href":"https:\/\/serveiseducatius.xtec.cat\/cesire\/wp-json\/wp\/v2\/pages\/27798\/revisions"}],"predecessor-version":[{"id":27801,"href":"https:\/\/serveiseducatius.xtec.cat\/cesire\/wp-json\/wp\/v2\/pages\/27798\/revisions\/27801"}],"wp:attachment":[{"href":"https:\/\/serveiseducatius.xtec.cat\/cesire\/wp-json\/wp\/v2\/media?parent=27798"}],"curies":[{"name":"wp","href":"https:\/\/api.w.org\/{rel}","templated":true}]}}