{"id":13678,"date":"2021-06-11T13:21:17","date_gmt":"2021-06-11T11:21:17","guid":{"rendered":"https:\/\/serveiseducatius.xtec.cat\/cesire\/\/?page_id=13678"},"modified":"2021-09-10T09:15:18","modified_gmt":"2021-09-10T07:15:18","slug":"missio_finalitats","status":"publish","type":"page","link":"https:\/\/serveiseducatius.xtec.cat\/cesire\/missio_finalitats\/","title":{"rendered":"Missi\u00f3 i finalitats"},"content":{"rendered":"<style>\n.centered {\n  position: absolute;\n  top: 50%;\n  left: 50%;\n  width:85%;\n  transform: translate(-50%, -50%);\n}\n.contenidor {\n  position: relative;\n  text-align: center;\n}<\/p>\n<p>.custom-card-bottom{\n    border: 4px solid red;\n    boder-bottom-left-radius: 15px;\n    boder-bottom-right-radius: 15px;\n}\n<\/style>\n<h2><strong>MISSI\u00d3<\/strong><\/h2>\n<div class=\"text-center\" style=\"width:85%; padding-left:10%; padding-bottom: 15px;\"><span style=\"font-family: Bitter, serif; font-size:1.2em\"><strong>Contribuir a la transformaci\u00f3 del model educatiu a trav\u00e9s de la innovaci\u00f3 pedag\u00f2gica fonamentada en la recerca i esdevenir un centre referent de coneixement actualitzat sobre tend\u00e8ncies i innovacions en l\u2019\u00e0mbit educatiu.<\/strong><\/span><\/div>\n<div class=\"row flex-row\">\n<div class=\"col-lg-4 col-md-12 col-sm-12 \" style=\"margin-bottom: 10px;\">\n<div style=\"animation-duration: 0.4s;\" class=\"thumbnail  animate-fadeInDown\">\n<div class=\"bgvermell row custom-card-top\" style=\"height: 110px; padding-left: 15px; border-top-style: solid; padding-top: 15px; border-top-width: 0px;\">\n<div class=\"row\">\n<div class=\"col-2 d-flex align-items-center\"><span style=\"color: white; font-size: 350%; font-family: 'Bitter', sans-serif;\"><strong>1<\/strong><\/span>\n                        <\/div>\n<div class=\"col-10 d-flex align-items-center\">\n<h4><strong>Cap a un habitant del m\u00f3n amb capacitat de millorar-lo<\/strong><\/h4>\n<\/p>\n<\/div>\n<\/div>\n<\/div>\n<div class=\"thumbnail custom-card custom-card-vermell text-center\" style=\"border-bottom-width: 0px;border-bottom-left-radius: 0px;border-bottom-right-radius: 0px;\">\n                Promoure el desenvolupament personal, emocional i social de l\u2019alumnat.<\/p>\n<hr class=\"divider divider-vermell\">Situar l\u2019alumne com a protagonista actiu i conscient del seu proc\u00e9s d\u2019aprenentatge.<\/p>\n<hr class=\"divider divider-vermell\">Possibilitar experi\u00e8ncies d\u2019aprenentatge complexes i amb sentit per a la vida.<\/p>\n<hr class=\"divider divider-vermell\">Garantir la igualtat d\u2019oportunitats de tot l\u2019alumnat d\u2019esdevenir aprenents experts al llarg de la vida.\n                <\/div>\n<div class=\"row custom-card-bottom\">\n<div class=\" rounded-card bgvermell-clar\" style=\"border-top-left-radius: 0px;border-top-right-radius: 0px;border: 4px solid #f28e77;border-top-width: 0px;\">\n<h4>Finalitat<\/h4>\n<div class=\" text-center\">\n<p><strong>Afavorir<\/strong> l\u2019adquisici\u00f3 de les compet\u00e8ncies de l\u2019alumnat, per al seu <strong>desenvolupament<\/strong> i realitzaci\u00f3 <strong>personal<\/strong> i <strong>social<\/strong> de l\u2019alumnat i que esdevinguin persones que aprenen al llarg de la vida, compromeses amb l\u2019entorn, arrelades a la <strong><i>comunitat<\/i><\/strong> i constructores d\u2019estils de vida m\u00e9s <strong>lliures, justos i saludables<\/strong>.<\/p>\n<\/div>\n<\/div>\n<\/div>\n<\/div>\n<\/div>\n<div class=\"col-lg-4 col-md-12\" style=\"margin-bottom: 10px;\">\n<div style=\"animation-duration: 0.8s;\" class=\"thumbnail  animate-fadeInDown\">\n<div class=\"bgverd custom-card-top\" style=\"padding-left: 15px; border-top-style: solid; padding-top: 15px; border-top-width: 0px; min-height: 110px;\">\n<div class=\"row\">\n<div class=\"col-2 d-flex align-items-center\"><span style=\"color: white; font-size: 350%; font-family: 'Bitter', sans-serif;\"><strong>2<\/strong><\/span>\n                    <\/div>\n<div class=\"col-10 d-flex align-items-center\">\n<h4><strong>Cap a un perfil docent competencial<\/strong><\/h4>\n<\/div>\n<\/div><\/div>\n<div class=\"thumbnail custom-card custom-card-verd text-center\" style=\"border-bottom-width: 0px;border-bottom-left-radius: 0px;border-bottom-right-radius: 0px;\">Impulsar el desenvolupament de les compet\u00e8ncies docents del s.XXI.<\/p>\n<hr class=\"divider divider-verd\" \/>Promoure la innovaci\u00f3 com un instrument per a la millora de la pr\u00e0ctica docent i dels resultats educatius.<\/p>\n<hr class=\"divider divider-verd\" \/>                Potenciar la pr\u00e0ctica reflexiva com a cultura per a la recerca d&#8217;evid\u00e8ncies i la construcci\u00f3 de saber pedag\u00f2gic.<\/p>\n<hr class=\"divider divider-verd\" \/>Promoure l&#8217;aprenentatge col\u00b7laboratiu per a la construcci\u00f3 conjunta de solucions als reptes pedag\u00f2gics.<\/p>\n<hr class=\"divider divider-verd\" \/>Potenciar la visibilitzaci\u00f3 de pr\u00e0ctiques educatives de refer\u00e8ncia.<\/div>\n<div class=\"custom-card-bottom\">\n<div class=\" rounded-card bgverd-clar\" style=\"border-top-left-radius: 0px;border-top-right-radius: 0px;border: 4px solid #A1CC84;border-top-width: 0px;\">\n<h4>Finalitat<\/h4>\n<div class=\" text-center\">\n<p>Promoure el <strong>desenvolupament<\/strong> professional dels docents del s.XXI, situant-los com a creadors de nous entorns d\u2019<strong>aprenentatge amb sentit<\/strong>, altament efica\u00e7os i <strong>inclusius<\/strong>.<\/p>\n<\/div>\n<\/div>\n<\/div>\n<\/div>\n<\/div>\n<div class=\"col-lg-4 col-md-12\" style=\"margin-bottom: 10px;\">\n<div style=\"animation-duration: 1.2s;\" class=\"thumbnail  animate-fadeInDown\">\n<div class=\"row bglila custom-card-top \" style=\"padding-left: 15px; border-top-style: solid; padding-top: 15px; border-top-width: 0px; max-height:110px\">\n<div class=\"row\">\n<div class=\"col-2 d-flex align-items-center\"><span style=\"color: white; font-size: 350%; font-family: 'Bitter', sans-serif;\"><strong>3<\/strong><\/span>\n                    <\/div>\n<div class=\"col-10 d-flex align-items-center\">\n<h4><strong>Cap a una escola generadora d&#8217;oportunitats en la vida i per a la vida<\/strong><\/h4>\n<\/p><\/div>\n<\/p><\/div>\n<\/p><\/div>\n<div class=\"thumbnail custom-card custom-card-lila text-center\" style=\"border-bottom-width: 0px;border-bottom-left-radius: 0px;border-bottom-right-radius: 0px;\">Facilitar la transici\u00f3 dels models tradicionals d&#8217;ensenyament, envers nous entorns d&#8217;aprenentatge centrats en l&#8217;alumne i connectats amb la vida.<\/p>\n<hr class=\"divider divider-lila\" \/>\n                Fonamentar els canvis en les pr\u00e0ctiques d&#8217;aprenentatge amb les aportacions de la recerca cient\u00edfica.<\/p>\n<hr class=\"divider divider-lila\" \/>\n                Promoure la cultura de la innovaci\u00f3 pedag\u00f2gica com a mitj\u00e0 per a la millora del Projecte Educatiu del Centre (PEC).<\/p>\n<hr class=\"divider divider-lila\" \/>\n                Potenciar la cocreaci\u00f3 i visibilitzaci\u00f3 de projectes d&#8217;innovaci\u00f3 pedag\u00f2gica.\n            <\/div>\n<div class=\"row custom-card-bottom\">\n<div class=\" rounded-card bglila-clar\" style=\"border-top-left-radius: 0px;border-top-right-radius: 0px;border: 4px solid #9594D2;border-top-width: 0px;\">\n<h4>Finalitat<\/h4>\n<div class=\" text-center\">\n<p>Impulsar la <strong>innovaci\u00f3 pedag\u00f2gica<\/strong> com a cultura per a la millora dels centres educatius, envers nous entorns d&#8217;<strong>aprenentatge amb sentit<\/strong>.<\/p>\n<\/div>\n<\/div>\n<\/div>\n<\/div>\n<\/div>\n<\/div>\n<div class=\"row flex-row\">\n<div class=\"col-md-4 col-sm-12\">\n<div class=\"d-none d-lg-block\">\n            <img loading=\"lazy\" decoding=\"async\" width=\"289\" height=\"300\" style=\"display:block; margin-left: auto; margin-right:auto; margin-bottom: 15px; width:50px\" class=\"alignnone size-medium wp-image-13525\"\n                src=\"https:\/\/serveiseducatius.xtec.cat\/cesire\/\/wp-content\/uploads\/usu2650\/2021\/06\/asterisc-vermell-289x300.png\"\n                alt=\"\" srcset=\"https:\/\/serveiseducatius.xtec.cat\/cesire\/wp-content\/uploads\/usu2650\/2021\/06\/asterisc-vermell-289x300.png 289w, https:\/\/serveiseducatius.xtec.cat\/cesire\/wp-content\/uploads\/usu2650\/2021\/06\/asterisc-vermell.png 334w\" sizes=\"auto, (max-width: 289px) 100vw, 289px\" \/>\n        <\/div>\n<\/p><\/div>\n<div class=\"col-md-4 col-sm-12\">\n<div class=\"d-none d-lg-block\">\n            <img loading=\"lazy\" decoding=\"async\" width=\"289\" height=\"300\" style=\"display:block; margin-left: auto; margin-right:auto; margin-bottom: 15px; width:50px\" class=\"alignnone size-medium wp-image-13524\"\n                src=\"https:\/\/serveiseducatius.xtec.cat\/cesire\/\/wp-content\/uploads\/usu2650\/2021\/06\/asterisc-verd-289x300.png\"\n                alt=\"\" srcset=\"https:\/\/serveiseducatius.xtec.cat\/cesire\/wp-content\/uploads\/usu2650\/2021\/06\/asterisc-verd-289x300.png 289w, https:\/\/serveiseducatius.xtec.cat\/cesire\/wp-content\/uploads\/usu2650\/2021\/06\/asterisc-verd.png 334w\" sizes=\"auto, (max-width: 289px) 100vw, 289px\" \/>\n        <\/div>\n<\/p><\/div>\n<div class=\"col-md-4 col-sm-12\">\n<div class=\"d-none d-lg-block\">\n            <img loading=\"lazy\" decoding=\"async\" width=\"289\" height=\"300\" style=\"display:block; margin-left: auto; margin-right:auto; margin-bottom: 15px; width:50px\" class=\"alignnone size-medium wp-image-13523\"\n                src=\"https:\/\/serveiseducatius.xtec.cat\/cesire\/\/wp-content\/uploads\/usu2650\/2021\/06\/asterisc-lila-289x300.png\"\n                alt=\"\" srcset=\"https:\/\/serveiseducatius.xtec.cat\/cesire\/wp-content\/uploads\/usu2650\/2021\/06\/asterisc-lila-289x300.png 289w, https:\/\/serveiseducatius.xtec.cat\/cesire\/wp-content\/uploads\/usu2650\/2021\/06\/asterisc-lila.png 334w\" sizes=\"auto, (max-width: 289px) 100vw, 289px\" \/>\n        <\/div>\n<\/p><\/div>\n<\/div>\n","protected":false},"excerpt":{"rendered":"<p>.centered {<br \/>\n  position: absolute;<br \/>\n  top: 50%;<br \/>\n  left: 50%;<br \/>\n  width:85%;<br \/>\n  transform: translate(-50%, -50%);<br \/>\n}<br \/>\n.contenidor {<br \/>\n  position: relative;<br \/>\n  text-align: center;<br \/>\n}<br \/>\n.custom-card-bottom{<br \/>\n    border: 4px solid red;<br \/>\n    boder-bottom-left-radius: 15px;<br \/>\n    boder-bottom-right-radius: 15px;<br \/>\n}<\/p>\n<p>MISSI\u00d3<br \/>\nContribuir a la transformaci\u00f3 del&hellip;  <a href=\"https:\/\/serveiseducatius.xtec.cat\/cesire\/missio_finalitats\/\" title=\"Read Missi\u00f3 i finalitats\">Llegeix m\u00e9s\u00bb<\/a><\/p>\n","protected":false},"author":2,"featured_media":0,"parent":0,"menu_order":0,"comment_status":"closed","ping_status":"closed","template":"","meta":{"_bbp_topic_count":0,"_bbp_reply_count":0,"_bbp_total_topic_count":0,"_bbp_total_reply_count":0,"_bbp_voice_count":0,"_bbp_anonymous_reply_count":0,"_bbp_topic_count_hidden":0,"_bbp_reply_count_hidden":0,"_bbp_forum_subforum_count":0,"footnotes":""},"class_list":["post-13678","page","type-page","status-publish","hentry"],"post_mailing_queue_ids":[],"_links":{"self":[{"href":"https:\/\/serveiseducatius.xtec.cat\/cesire\/wp-json\/wp\/v2\/pages\/13678","targetHints":{"allow":["GET"]}}],"collection":[{"href":"https:\/\/serveiseducatius.xtec.cat\/cesire\/wp-json\/wp\/v2\/pages"}],"about":[{"href":"https:\/\/serveiseducatius.xtec.cat\/cesire\/wp-json\/wp\/v2\/types\/page"}],"author":[{"embeddable":true,"href":"https:\/\/serveiseducatius.xtec.cat\/cesire\/wp-json\/wp\/v2\/users\/2"}],"replies":[{"embeddable":true,"href":"https:\/\/serveiseducatius.xtec.cat\/cesire\/wp-json\/wp\/v2\/comments?post=13678"}],"version-history":[{"count":4,"href":"https:\/\/serveiseducatius.xtec.cat\/cesire\/wp-json\/wp\/v2\/pages\/13678\/revisions"}],"predecessor-version":[{"id":17282,"href":"https:\/\/serveiseducatius.xtec.cat\/cesire\/wp-json\/wp\/v2\/pages\/13678\/revisions\/17282"}],"wp:attachment":[{"href":"https:\/\/serveiseducatius.xtec.cat\/cesire\/wp-json\/wp\/v2\/media?parent=13678"}],"curies":[{"name":"wp","href":"https:\/\/api.w.org\/{rel}","templated":true}]}}