{"id":12139,"date":"2021-05-12T01:28:06","date_gmt":"2021-05-11T23:28:06","guid":{"rendered":"https:\/\/serveiseducatius.xtec.cat\/cesire\/\/?page_id=12139"},"modified":"2021-09-22T11:20:55","modified_gmt":"2021-09-22T09:20:55","slug":"tetraedre","status":"publish","type":"page","link":"https:\/\/serveiseducatius.xtec.cat\/cesire\/tetraedre\/","title":{"rendered":"Tetraedre de l&#8217;aprenentatge amb sentit"},"content":{"rendered":"<div class=\"row\">\n<div class=\"col\" style=\"margin-left: 0px; padding-left: 0px; padding-right: 0px;\"><video poster=\".\/..\/wp-content\/uploads\/usu2650\/2021\/09\/poster_video_tas_infants_joves2.png\" controls=\"controls\" width=\"100%\" ><source src=\"https:\/\/cesire.cat\/videos\/video_tas_infants_joves.mp4\" type=\"video\/mp4\" \/>El teu navegador no suporta v\u00eddeo html5<\/video><\/div>\n<\/div>\n<div class=\"row\" style=\"margin-top: 15px;\">\n<div class=\"centrat-en-contenidor col-md-3 col-sm-8\" style=\"margin-top: 15px; margin-left: auto; margin-right: auto;\"><img decoding=\"async\" class=\"animate-fadeInDownBig\" style=\"animation-duration: 3s;\" src=\"https:\/\/serveiseducatius.xtec.cat\/cesire\/\/wp-content\/uploads\/usu2650\/2021\/07\/TETRAEDRE-amb-4-paraules_1200-1.png\" \/><\/div>\n<div class=\"col-md-9 col-sm-12 animate-fadeIn\" style=\"animation-duration: 3s;\">\n<p class=\"aligncenter width80 centered\" style=\"text-align: center; padding: 15px; margin-left: auto; margin-right: auto;\"><span style=\"font-family: Bitter, serif; font-size: 1.3em; font-weight: bold;\"><br \/>\nEl <b>Tetraedre de l\u2019Aprenentatge amb Sentit<\/b> (TAS) \u00e9s fruit de la construcci\u00f3 col\u00b7lectiva de l\u2019equip CESIRE (amb la col\u00b7laboraci\u00f3 d\u2019experts de l\u2019\u00e0mbit educatiu) amb l\u2019objectiu de potenciar la innovaci\u00f3 pedag\u00f2gica envers nous entorns d\u2019aprenentatge amb sentit, altament efica\u00e7os, inclusius i connectats amb la vida.<br \/>\n<\/span><\/p>\n<\/div>\n<\/div>\n<div style=\"padding: 15px; font-size: 1.1em; margin-left: 10%;\">Concretament \u00e9s:<\/div>\n<div class=\"aligncenter width80\">\n<div class=\"row from-row-to-column rounded-card bggroc-clar\">\n<div class=\"col-lg-4 col-sm-12\">\n<div class=\"centered centrat-en-contenidor\">\n<p>Un constructe din\u00e0mic, en constant revisi\u00f3 i evoluci\u00f3<\/p>\n<\/div>\n<div class=\"d-lg-none\">\n<hr style=\"height: 4px; width: 50%; color: #a1cc84; background-color: #a1cc84; border-radius: 99px; margin-left: auto; margin-right: auto;\" \/>\n<\/div>\n<\/div>\n<div class=\"col-lg-4 col-sm-12\">\n<div class=\"d-none d-lg-block\" style=\"float: left;\">\n<hr style=\"height: 120px; width: 4px; color: #a1cc84; background-color: #a1cc84; border-radius: 99px; margin-left: -10px;\" \/>\n<\/div>\n<div class=\"centered centrat-en-contenidor\">\n<p>Un marc conceptual que guia el projecte CESIRE<\/p>\n<\/div>\n<div class=\"d-lg-none\">\n<hr style=\"height: 4px; width: 50%; color: #a1cc84; background-color: #a1cc84; border-radius: 99px; margin-left: auto; margin-right: auto;\" \/>\n<\/div>\n<\/div>\n<div class=\"col-lg-4 col-sm-12\">\n<div class=\"d-none d-lg-block\" style=\"float: left;\">\n<hr style=\"height: 120px; width: 4px; color: #a1cc84; background-color: #a1cc84; border-radius: 99px; margin-left: -20px;\" \/>\n<\/div>\n<div class=\"centered centrat-en-contenidor\">\n<p>Una eina conceptual al servei de la comunitat docent, de la reflexi\u00f3 i els canvis profunds i sostenibles en les pr\u00e0ctiques d\u2019ensenyament-aprenentatge<\/p>\n<\/div>\n<\/div>\n<\/div>\n<\/div>\n<div class=\"row\">\n<p class=\"aligncenter width80 \" style=\"text-align: center; \/*! padding: 15px; *\/ \/*! margin-left: auto; *\/ \/*! margin-right: auto; *\/width: 80%;\"><span style=\"font-family: Bitter, serif; font-size: 1.3em; font-weight: bold;\"><br \/>\nEntenem per aprenentatge amb sentit el conjunt de coneixements, habilitats, destreses, actituds i valors coherents amb la idea de educar infants i joves com a habitants del m\u00f3n amb capacitat de contribuir al desenvolupament sostenible del seu entorn proper i del planeta, per:<br \/>\n<\/span><\/p>\n<\/div>\n<p><!--\n\n\n<div style=\"margin-top: 40px;\">\n\n\n<p class=\"aligncenter width80\" style=\"text-align: center; padding: 15px; margin-left: auto; margin-right: auto;\"><span style=\"font-family: Bitter, serif; font-size: 1.3em; font-weight: bold;\">Entenem per aprenentatge amb sentit el conjunt de coneixements, habilitats, destreses, actituds i valors coherents amb la idea de educar infants i joves com a habitants del m\u00f3n amb capacitat de contribuir al desenvolupament sostenible del seu entorn proper i del planeta, per: <\/span><\/p>\n\n\n\n<\/div>\n\n\n--><\/p>\n<div class=\"aligncenter width80\">\n<div class=\"row from-row-to-column rounded-card bgverd-clar\" style=\"padding-top: 35px;\">\n<div class=\"col-lg-3 col-sm-12\">\n<div class=\"centered centrat-en-contenidor\">\n<p>Con\u00e8ixer, comprendre i q\u00fcestionar la realitat, a nosaltres mateixos i als altres<\/p>\n<\/div>\n<div class=\"d-lg-none\">\n<hr style=\"height: 4px; width: 50%; color: #fcd672; background-color: #fcd672; border-radius: 99px; margin-left: auto; margin-right: auto;\" \/>\n<\/div>\n<\/div>\n<div class=\"col-lg-3 col-sm-12\">\n<div class=\"d-none d-lg-block\" style=\"float: left;\">\n<hr style=\"height: 120px; width: 4px; color: #fcd672; background-color: #fcd672; border-radius: 99px; margin-left: -10px;\" \/>\n<\/div>\n<div class=\"centered centrat-en-contenidor\">\n<p>Descobrir i desenvolupar les pr\u00f2pies capacitats i talents personals, trobar un lloc en el m\u00f3n i tenir una vida en comunitat digna i plena<\/p>\n<\/div>\n<div class=\"d-lg-none\">\n<hr style=\"height: 4px; width: 50%; color: #fcd672; background-color: #fcd672; border-radius: 99px; margin-left: auto; margin-right: auto;\" \/>\n<\/div>\n<\/div>\n<div class=\"col-lg-3 col-sm-12\">\n<div class=\"d-none d-lg-block\" style=\"float: left;\">\n<hr style=\"height: 120px; width: 4px; color: #fcd672; background-color: #fcd672; border-radius: 99px; margin-left: -20px;\" \/>\n<\/div>\n<div class=\"centered centrat-en-contenidor\">\n<p>Participar de forma activa, conscient i creativa en la resoluci\u00f3 dels problemes i situacions reals emergents<\/p>\n<\/div>\n<div class=\"d-lg-none\">\n<hr style=\"height: 4px; width: 50%; color: #fcd672; background-color: #fcd672; border-radius: 99px; margin-left: auto; margin-right: auto;\" \/>\n<\/div>\n<\/div>\n<div class=\"col-lg-3 col-sm-12\">\n<div class=\"d-none d-lg-block\" style=\"float: left;\">\n<hr style=\"height: 120px; width: 4px; color: #fcd672; background-color: #fcd672; border-radius: 99px; margin-left: -20px;\" \/>\n<\/div>\n<div class=\"centered centrat-en-contenidor\">\n<p>Prendre partit i actuar pel b\u00e9 com\u00fa, participant conscientment de la construcci\u00f3 d&#8217;un m\u00f3n globalment m\u00e9s just i sostenible<\/p>\n<\/div>\n<\/div>\n<\/div>\n<\/div>\n<div class=\"centrat-en-contenidor\"><a class=\" hvr-grow\" style=\"margin-top: 10px; width: 70%;\" href=\"..\/wp-content\/uploads\/usu2650\/2021\/07\/tas_cesire_ori.png\" target=\"_blank\" rel=\"noopener noreferrer\"><img loading=\"lazy\" decoding=\"async\" class=\"alignnone size-full wp-image-15152\" style=\"border-radius: 15px; margin-left: auto; margin-right: auto;\" src=\"..\/wp-content\/uploads\/usu2650\/2021\/09\/TAS_CESIRE_redux.png\" sizes=\"auto, (max-width: 1138px) 100vw, 1138px\" srcset=\"https:\/\/serveiseducatius.xtec.cat\/cesire\/\/wp-content\/uploads\/usu2650\/2021\/09\/TAS_CESIRE_redux.png 1138w, https:\/\/serveiseducatius.xtec.cat\/cesire\/\/wp-content\/uploads\/usu2650\/2021\/07\/TAS_CESIRE_redux-258x300.png 258w, https:\/\/serveiseducatius.xtec.cat\/cesire\/\/wp-content\/uploads\/usu2650\/2021\/07\/TAS_CESIRE_redux-768x894.png 768w, https:\/\/serveiseducatius.xtec.cat\/cesire\/\/wp-content\/uploads\/usu2650\/2021\/07\/TAS_CESIRE_redux-880x1024.png 880w\" alt=\"\" width=\"1138\" height=\"1324\" \/><\/a><\/div>\n<style>\n#content > div.row > div {\n    padding-left:0px;\n    padding-right:0px\n}\n.entry-title {\n    margin-left: 30px;\n}\n.entry-body {padding-left: 0px;padding-right: 0px;padding-top: 0px;}\n.entry-body p {margin-bottom: 0px;}\n    @media only screen and (min-width : 991px) {\n        .centered {\n          position: absolute;\n          top: 50%;\n          left: 50%;\n          width:95%;\n          transform: translate(-50%, -50%);\n        }\n    }\n<\/style>\n","protected":false},"excerpt":{"rendered":"<p>El teu navegador no suporta v\u00eddeo html5<\/p>\n<p>El Tetraedre de l\u2019Aprenentatge amb Sentit (TAS) \u00e9s fruit de la construcci\u00f3 col\u00b7lectiva de l\u2019equip CESIRE (amb la col\u00b7laboraci\u00f3 d\u2019experts de l\u2019\u00e0mbit educatiu) amb l\u2019objectiu de potenciar la innovaci\u00f3 pedag\u00f2gica envers nous entorns d\u2019aprenentatge amb sentit, altament efica\u00e7os, inclusius&hellip;  <a href=\"https:\/\/serveiseducatius.xtec.cat\/cesire\/tetraedre\/\" title=\"Read Tetraedre de l&#8217;aprenentatge amb sentit\">Llegeix m\u00e9s\u00bb<\/a><\/p>\n","protected":false},"author":1,"featured_media":0,"parent":0,"menu_order":0,"comment_status":"closed","ping_status":"closed","template":"","meta":{"_bbp_topic_count":0,"_bbp_reply_count":0,"_bbp_total_topic_count":0,"_bbp_total_reply_count":0,"_bbp_voice_count":0,"_bbp_anonymous_reply_count":0,"_bbp_topic_count_hidden":0,"_bbp_reply_count_hidden":0,"_bbp_forum_subforum_count":0,"footnotes":""},"class_list":["post-12139","page","type-page","status-publish","hentry"],"post_mailing_queue_ids":[],"_links":{"self":[{"href":"https:\/\/serveiseducatius.xtec.cat\/cesire\/wp-json\/wp\/v2\/pages\/12139","targetHints":{"allow":["GET"]}}],"collection":[{"href":"https:\/\/serveiseducatius.xtec.cat\/cesire\/wp-json\/wp\/v2\/pages"}],"about":[{"href":"https:\/\/serveiseducatius.xtec.cat\/cesire\/wp-json\/wp\/v2\/types\/page"}],"author":[{"embeddable":true,"href":"https:\/\/serveiseducatius.xtec.cat\/cesire\/wp-json\/wp\/v2\/users\/1"}],"replies":[{"embeddable":true,"href":"https:\/\/serveiseducatius.xtec.cat\/cesire\/wp-json\/wp\/v2\/comments?post=12139"}],"version-history":[{"count":4,"href":"https:\/\/serveiseducatius.xtec.cat\/cesire\/wp-json\/wp\/v2\/pages\/12139\/revisions"}],"predecessor-version":[{"id":17825,"href":"https:\/\/serveiseducatius.xtec.cat\/cesire\/wp-json\/wp\/v2\/pages\/12139\/revisions\/17825"}],"wp:attachment":[{"href":"https:\/\/serveiseducatius.xtec.cat\/cesire\/wp-json\/wp\/v2\/media?parent=12139"}],"curies":[{"name":"wp","href":"https:\/\/api.w.org\/{rel}","templated":true}]}}

<div class="row">
<div class="col" style="margin-left: 0px; padding-left: 0px; padding-right: 0px;"><video poster="./../wp-content/uploads/usu2650/2021/09/poster_video_tas_infants_joves2.png" controls="controls" width="100%" ><source src="https://cesire.cat/videos/video_tas_infants_joves.mp4" type="video/mp4" />El teu navegador no suporta vídeo html5</video></div>
</div>
<div class="row" style="margin-top: 15px;">
<div class="centrat-en-contenidor col-md-3 col-sm-8" style="margin-top: 15px; margin-left: auto; margin-right: auto;"><img decoding="async" class="animate-fadeInDownBig" style="animation-duration: 3s;" src="https://serveiseducatius.xtec.cat/cesire//wp-content/uploads/usu2650/2021/07/TETRAEDRE-amb-4-paraules_1200-1.png" /></div>
<div class="col-md-9 col-sm-12 animate-fadeIn" style="animation-duration: 3s;">
<p class="aligncenter width80 centered" style="text-align: center; padding: 15px; margin-left: auto; margin-right: auto;"><span style="font-family: Bitter, serif; font-size: 1.3em; font-weight: bold;"><br />
El <b>Tetraedre de l’Aprenentatge amb Sentit</b> (TAS) és fruit de la construcció col·lectiva de l’equip CESIRE (amb la col·laboració d’experts de l’àmbit educatiu) amb l’objectiu de potenciar la innovació pedagògica envers nous entorns d’aprenentatge amb sentit, altament eficaços, inclusius i connectats amb la vida.<br />
</span></p>
</div>
</div>
<div style="padding: 15px; font-size: 1.1em; margin-left: 10%;">Concretament és:</div>
<div class="aligncenter width80">
<div class="row from-row-to-column rounded-card bggroc-clar">
<div class="col-lg-4 col-sm-12">
<div class="centered centrat-en-contenidor">
<p>Un constructe dinàmic, en constant revisió i evolució</p>
</div>
<div class="d-lg-none">
<hr style="height: 4px; width: 50%; color: #a1cc84; background-color: #a1cc84; border-radius: 99px; margin-left: auto; margin-right: auto;" />
</div>
</div>
<div class="col-lg-4 col-sm-12">
<div class="d-none d-lg-block" style="float: left;">
<hr style="height: 120px; width: 4px; color: #a1cc84; background-color: #a1cc84; border-radius: 99px; margin-left: -10px;" />
</div>
<div class="centered centrat-en-contenidor">
<p>Un marc conceptual que guia el projecte CESIRE</p>
</div>
<div class="d-lg-none">
<hr style="height: 4px; width: 50%; color: #a1cc84; background-color: #a1cc84; border-radius: 99px; margin-left: auto; margin-right: auto;" />
</div>
</div>
<div class="col-lg-4 col-sm-12">
<div class="d-none d-lg-block" style="float: left;">
<hr style="height: 120px; width: 4px; color: #a1cc84; background-color: #a1cc84; border-radius: 99px; margin-left: -20px;" />
</div>
<div class="centered centrat-en-contenidor">
<p>Una eina conceptual al servei de la comunitat docent, de la reflexió i els canvis profunds i sostenibles en les pràctiques d’ensenyament-aprenentatge</p>
</div>
</div>
</div>
</div>
<div class="row">
<p class="aligncenter width80 " style="text-align: center; /*! padding: 15px; */ /*! margin-left: auto; */ /*! margin-right: auto; */width: 80%;"><span style="font-family: Bitter, serif; font-size: 1.3em; font-weight: bold;"><br />
Entenem per aprenentatge amb sentit el conjunt de coneixements, habilitats, destreses, actituds i valors coherents amb la idea de educar infants i joves com a habitants del món amb capacitat de contribuir al desenvolupament sostenible del seu entorn proper i del planeta, per:<br />
</span></p>
</div>
<p><!--


<div style="margin-top: 40px;">


<p class="aligncenter width80" style="text-align: center; padding: 15px; margin-left: auto; margin-right: auto;"><span style="font-family: Bitter, serif; font-size: 1.3em; font-weight: bold;">Entenem per aprenentatge amb sentit el conjunt de coneixements, habilitats, destreses, actituds i valors coherents amb la idea de educar infants i joves com a habitants del món amb capacitat de contribuir al desenvolupament sostenible del seu entorn proper i del planeta, per: </span></p>



</div>


--></p>
<div class="aligncenter width80">
<div class="row from-row-to-column rounded-card bgverd-clar" style="padding-top: 35px;">
<div class="col-lg-3 col-sm-12">
<div class="centered centrat-en-contenidor">
<p>Conèixer, comprendre i qüestionar la realitat, a nosaltres mateixos i als altres</p>
</div>
<div class="d-lg-none">
<hr style="height: 4px; width: 50%; color: #fcd672; background-color: #fcd672; border-radius: 99px; margin-left: auto; margin-right: auto;" />
</div>
</div>
<div class="col-lg-3 col-sm-12">
<div class="d-none d-lg-block" style="float: left;">
<hr style="height: 120px; width: 4px; color: #fcd672; background-color: #fcd672; border-radius: 99px; margin-left: -10px;" />
</div>
<div class="centered centrat-en-contenidor">
<p>Descobrir i desenvolupar les pròpies capacitats i talents personals, trobar un lloc en el món i tenir una vida en comunitat digna i plena</p>
</div>
<div class="d-lg-none">
<hr style="height: 4px; width: 50%; color: #fcd672; background-color: #fcd672; border-radius: 99px; margin-left: auto; margin-right: auto;" />
</div>
</div>
<div class="col-lg-3 col-sm-12">
<div class="d-none d-lg-block" style="float: left;">
<hr style="height: 120px; width: 4px; color: #fcd672; background-color: #fcd672; border-radius: 99px; margin-left: -20px;" />
</div>
<div class="centered centrat-en-contenidor">
<p>Participar de forma activa, conscient i creativa en la resolució dels problemes i situacions reals emergents</p>
</div>
<div class="d-lg-none">
<hr style="height: 4px; width: 50%; color: #fcd672; background-color: #fcd672; border-radius: 99px; margin-left: auto; margin-right: auto;" />
</div>
</div>
<div class="col-lg-3 col-sm-12">
<div class="d-none d-lg-block" style="float: left;">
<hr style="height: 120px; width: 4px; color: #fcd672; background-color: #fcd672; border-radius: 99px; margin-left: -20px;" />
</div>
<div class="centered centrat-en-contenidor">
<p>Prendre partit i actuar pel bé comú, participant conscientment de la construcció d&#8217;un món globalment més just i sostenible</p>
</div>
</div>
</div>
</div>
<div class="centrat-en-contenidor"><a class=" hvr-grow" style="margin-top: 10px; width: 70%;" href="../wp-content/uploads/usu2650/2021/07/tas_cesire_ori.png" target="_blank" rel="noopener noreferrer"><img loading="lazy" decoding="async" class="alignnone size-full wp-image-15152" style="border-radius: 15px; margin-left: auto; margin-right: auto;" src="../wp-content/uploads/usu2650/2021/09/TAS_CESIRE_redux.png" sizes="auto, (max-width: 1138px) 100vw, 1138px" srcset="https://serveiseducatius.xtec.cat/cesire//wp-content/uploads/usu2650/2021/09/TAS_CESIRE_redux.png 1138w, https://serveiseducatius.xtec.cat/cesire//wp-content/uploads/usu2650/2021/07/TAS_CESIRE_redux-258x300.png 258w, https://serveiseducatius.xtec.cat/cesire//wp-content/uploads/usu2650/2021/07/TAS_CESIRE_redux-768x894.png 768w, https://serveiseducatius.xtec.cat/cesire//wp-content/uploads/usu2650/2021/07/TAS_CESIRE_redux-880x1024.png 880w" alt="" width="1138" height="1324" /></a></div>
<style>
#content > div.row > div {
    padding-left:0px;
    padding-right:0px
}
.entry-title {
    margin-left: 30px;
}
.entry-body {padding-left: 0px;padding-right: 0px;padding-top: 0px;}
.entry-body p {margin-bottom: 0px;}
    @media only screen and (min-width : 991px) {
        .centered {
          position: absolute;
          top: 50%;
          left: 50%;
          width:95%;
          transform: translate(-50%, -50%);
        }
    }
</style>

<p>El teu navegador no suporta vídeo html5</p>
<p>El Tetraedre de l’Aprenentatge amb Sentit (TAS) és fruit de la construcció col·lectiva de l’equip CESIRE (amb la col·laboració d’experts de l’àmbit educatiu) amb l’objectiu de potenciar la innovació pedagògica envers nous entorns d’aprenentatge amb sentit, altament eficaços, inclusius&hellip;  <a href="https://serveiseducatius.xtec.cat/cesire/tetraedre/" title="Read Tetraedre de l&#8217;aprenentatge amb sentit">Llegeix més»</a></p>
