{"id":572,"date":"2015-11-26T21:44:54","date_gmt":"2015-11-26T20:44:54","guid":{"rendered":"http:\/\/serveiseducatius.xtec.cat\/cerdanya\/?page_id=572"},"modified":"2017-09-25T18:09:38","modified_gmt":"2017-09-25T16:09:38","slug":"formacio-interna-fic","status":"publish","type":"page","link":"https:\/\/serveiseducatius.xtec.cat\/cerdanya\/formacio\/formacio-interna-fic\/","title":{"rendered":"Formaci\u00f3 interna de centre (FIC)"},"content":{"rendered":"<p><a href=\"http:\/\/serveiseducatius.xtec.cat\/cerdanya\/wp-content\/uploads\/usu1166\/2015\/11\/fic1.png\"><img loading=\"lazy\" decoding=\"async\" class=\" wp-image-574 alignleft\" src=\"http:\/\/serveiseducatius.xtec.cat\/cerdanya\/wp-content\/uploads\/usu1166\/2015\/11\/fic1.png\" alt=\"fic\" width=\"76\" height=\"72\" \/><\/a>Modalitat formativa que t\u00e9 lloc dins de cada\u00a0centre educatiu, i s\u2019adre\u00e7a a la majoria del\u00a0claustre o a un col\u00b7lectiu d\u2019un centre.<\/p>\n<div class=\"ast-oembed-container \" style=\"height: 100%;\"><iframe loading=\"lazy\" title=\"Formaci\u00f3 interna de centre\" width=\"500\" height=\"375\" src=\"https:\/\/www.youtube.com\/embed\/GPuOkHsICWk?feature=oembed\" frameborder=\"0\" allow=\"accelerometer; autoplay; clipboard-write; encrypted-media; gyroscope; picture-in-picture; web-share\" referrerpolicy=\"strict-origin-when-cross-origin\" allowfullscreen><\/iframe><\/div>\n<ul>\n<li>\u00c9s liderat i dinamitzat per un equip de\u00a0coordinaci\u00f3 format per tres persones del\u00a0centre entre les quals almenys una \u00e9s de\u00a0l\u2019equip directiu. No hi ha un formador extern.<\/li>\n<li>T\u00e9 una durada de 30 hores, de les quals 20 han de ser de treball conjunt i 10 s&#8217;han de dedicar a treball individual o en grups redu\u00efts.<\/li>\n<\/ul>\n<p>Si voleu engegar una formaci\u00f3 interna al vostre centre, poseu-vos en contacte amb nosaltres. Podeu consultar les formacions internes que estan fent els centres de la vostra zona:<\/p>\n<p>&nbsp;<\/p>\n<table width=\"694\">\n<tbody>\n<tr>\n<td style=\"width: 688px;\"><strong><a href=\"https:\/\/aplicacions.gestioeducativa.gencat.cat\/pls\/soloas\/pk_for_mod_ins.p_for_detall_activitat?p_header=Llista%20d%27activitats%5epk_for_mod_ins.p_for_cons_activitats?p_any=2017-2018%26p_totes=N%26p_comarca=15%26p_inici=1%26p_excloure_crp_rec=T&amp;p_codi=5030101503&amp;p_curs=2017-2018&amp;p_excloure_crp_rec=T\">Treball Cooperatiu.<\/a>\u00a0<\/strong>Assessorament. C Vedruna (Puigcerd\u00e0).<\/td>\n<\/tr>\n<tr>\n<td style=\"width: 688px;\"><strong><a href=\"https:\/\/aplicacions.gestioeducativa.gencat.cat\/pls\/soloas\/pk_for_mod_ins.p_for_detall_activitat?p_header=Llista%20d%27activitats%5epk_for_mod_ins.p_for_cons_activitats?p_any=2017-2018%26p_totes=N%26p_comarca=15%26p_inici=1%26p_excloure_crp_rec=T&amp;p_codi=5030111503&amp;p_curs=2017-2018&amp;p_excloure_crp_rec=T\">Treballar per projectes<\/a>.\u00a0\u00a0<\/strong>Assessorament. ESC Alfons I (Puigcerd\u00e0).<\/td>\n<\/tr>\n<tr>\n<td style=\"width: 688px;\"><strong><b><a href=\"https:\/\/aplicacions.gestioeducativa.gencat.cat\/pls\/soloas\/pk_for_mod_ins.p_for_detall_activitat?p_header=Llista%20d%27activitats^pk_for_mod_ins.p_for_cons_activitats?p_any=2017-2018%26p_totes=N%26p_comarca=15%26p_inici=11%26p_excloure_crp_rec=T&amp;p_codi=5030121503&amp;p_curs=2017-2018&amp;p_excloure_crp_rec=T\">Programa \u00c0lber<\/a>.\u00a0<\/b><\/strong>Assessorament. ESC Llums del Nord (Puigcerd\u00e0).<\/td>\n<\/tr>\n<tr>\n<td style=\"width: 688px;\"><strong><b><a href=\"https:\/\/aplicacions.gestioeducativa.gencat.cat\/pls\/soloas\/pk_for_mod_ins.p_for_detall_activitat?p_header=Llista%20d%27activitats%5epk_for_mod_ins.p_for_cons_activitats?p_any=2017-2018%26p_totes=N%26p_comarca=15%26p_inici=11%26p_excloure_crp_rec=T&amp;p_codi=5030131503&amp;p_curs=2017-2018&amp;p_excloure_crp_rec=T\">Propostes did\u00e0ctiques multigrau, interdisciplinars, contextualitzades i significatives: implementaci\u00f3 a l&#8217;aula<\/a>.\u00a0\u00a0<\/b><\/strong>Assessorament. ZER Cerdanya (Ll\u00edvia).<\/td>\n<\/tr>\n<tr>\n<td style=\"width: 688px;\"><strong><b><a href=\"https:\/\/aplicacions.gestioeducativa.gencat.cat\/pls\/soloas\/pk_for_mod_ins.p_for_detall_activitat?p_header=Llista%20d%27activitats%5epk_for_mod_ins.p_for_cons_activitats?p_any=2017-2018%26p_totes=N%26p_comarca=15%26p_inici=11%26p_excloure_crp_rec=T&amp;p_codi=5030141503&amp;p_curs=2017-2018&amp;p_excloure_crp_rec=T\">Millora de les metodologies docents<\/a>.<\/b><\/strong>\u00a0Taller a centre. ESC Santa Coloma &#8211; ZER Cerdanya (Ger).<\/td>\n<\/tr>\n<tr>\n<td style=\"width: 688px;\"><strong><b><a href=\"https:\/\/aplicacions.gestioeducativa.gencat.cat\/pls\/soloas\/pk_for_mod_ins.p_for_detall_activitat?p_header=Llista%20d%27activitats%5epk_for_mod_ins.p_for_cons_activitats?p_any=2017-2018%26p_totes=N%26p_comarca=15%26p_inici=11%26p_excloure_crp_rec=T&amp;p_codi=5030151503&amp;p_curs=2017-2018&amp;p_excloure_crp_rec=T\">Formaci\u00f3 en l&#8217;\u00fas de les t\u00e0blets a l&#8217;aula<\/a>.\u00a0<\/b><\/strong>Taller a centre. ESC Bac de Cerdanya (Alp).<\/td>\n<\/tr>\n<tr>\n<td style=\"width: 688px;\"><strong><b><a href=\"https:\/\/aplicacions.gestioeducativa.gencat.cat\/pls\/soloas\/pk_for_mod_ins.p_for_detall_activitat?p_header=Llista%20d%27activitats%5epk_for_mod_ins.p_for_cons_activitats?p_any=2017-2018%26p_totes=N%26p_comarca=15%26p_inici=11%26p_excloure_crp_rec=T&amp;p_codi=5030161503&amp;p_curs=2017-2018&amp;p_excloure_crp_rec=T\">Noves metodologies a l&#8217;aula<\/a>.<\/b><\/strong>\u00a0 Assessorament. INS Pere Borrell (Puigcerd\u00e0).<\/td>\n<\/tr>\n<tr>\n<td style=\"width: 688px;\"><strong><a href=\"https:\/\/aplicacions.gestioeducativa.gencat.cat\/pls\/soloas\/pk_for_mod_ins.p_for_detall_activitat?p_header=Llista%20d%27activitats%5epk_for_mod_ins.p_for_cons_activitats?p_any=2017-2018%26p_totes=N%26p_comarca=15%26p_inici=11%26p_excloure_crp_rec=T&amp;p_codi=5030201503&amp;p_curs=2017-2018&amp;p_excloure_crp_rec=T\">Estrat\u00e8gies per fomentar l&#8217;atenci\u00f3 plena i la conviv\u00e8ncia al centre<\/a>.\u00a0<\/strong>Taller. INS Pere Borrell (Puigcerd\u00e0).<\/td>\n<\/tr>\n<tr>\n<td style=\"width: 688px;\"><strong><a href=\"https:\/\/aplicacions.gestioeducativa.gencat.cat\/pls\/soloas\/pk_for_mod_ins.p_for_detall_activitat?p_header=Llista%20d%27activitats%5epk_for_mod_ins.p_for_cons_activitats?p_any=2017-2018%26p_totes=N%26p_comarca=15%26p_inici=11%26p_excloure_crp_rec=T&amp;p_codi=5030211503&amp;p_curs=2017-2018&amp;p_excloure_crp_rec=T\">Gesti\u00f3 emocional i de resoluci\u00f3 de conflictes a l&#8217;escola<\/a>.<\/strong>\u00a0Curs. INS Pere Borrell (Puigcerd\u00e0).<\/td>\n<\/tr>\n<tr>\n<td style=\"width: 688px;\"><strong><a href=\"https:\/\/aplicacions.gestioeducativa.gencat.cat\/pls\/soloas\/pk_for_mod_ins.p_for_detall_activitat?p_header=Llista%20d%27activitats%5epk_for_mod_ins.p_for_cons_activitats?p_any=2017-2018%26p_totes=N%26p_comarca=15%26p_inici=11%26p_excloure_crp_rec=T&amp;p_codi=5030220555&amp;p_curs=2017-2018&amp;p_excloure_crp_rec=T\">Saber llegir: Flu\u00efdesa i estrat\u00e8gies de lectura<\/a>.\u00a0<\/strong>Assessorament. CRP de La Cerdanya (Puigcerd\u00e0).<\/td>\n<\/tr>\n<tr>\n<td style=\"width: 688px;\"><strong><a href=\"https:\/\/aplicacions.gestioeducativa.gencat.cat\/pls\/soloas\/pk_for_mod_ins.p_for_detall_activitat?p_header=Llista%20d%27activitats%5epk_for_mod_ins.p_for_cons_activitats?p_any=2017-2018%26p_totes=N%26p_comarca=15%26p_inici=11%26p_excloure_crp_rec=T&amp;p_codi=6010191601&amp;p_curs=2017-2018&amp;p_excloure_crp_rec=T\">Activitats pr\u00e0ctiques d\u2019expressi\u00f3 escrita<\/a>.\u00a0<\/strong>Taller. ESC Mare de D\u00e9u de Tall\u00f3 (Bellver de Cerdanya<\/td>\n<\/tr>\n<tr>\n<td style=\"width: 688px;\"><strong><a href=\"https:\/\/aplicacions.gestioeducativa.gencat.cat\/pls\/soloas\/pk_for_mod_ins.p_for_detall_activitat?p_header=Llista%20d%27activitats%5epk_for_mod_ins.p_for_cons_activitats?p_any=2017-2018%26p_totes=N%26p_comarca=15%26p_inici=21%26p_excloure_crp_rec=T&amp;p_codi=6010290500&amp;p_curs=2017-2018&amp;p_excloure_crp_rec=T\">La construcci\u00f3 d&#8217;una l\u00ednia metodol\u00f2gica a l&#8217;escola<\/a>.\u00a0<\/strong>Formaci\u00f3 interna de centre. ZER Barid\u00e0-Batllia (Montell\u00e0 i Martinet).<\/td>\n<\/tr>\n<tr>\n<td style=\"width: 688px;\"><strong><a href=\"https:\/\/aplicacions.gestioeducativa.gencat.cat\/pls\/soloas\/pk_for_mod_ins.p_for_detall_activitat?p_header=Llista%20d%27activitats%5epk_for_mod_ins.p_for_cons_activitats?p_any=2017-2018%26p_totes=N%26p_comarca=15%26p_inici=21%26p_excloure_crp_rec=T&amp;p_codi=6010291601&amp;p_curs=2017-2018&amp;p_excloure_crp_rec=T\">Transfer\u00e8ncia del treball col\u00b7laboratiu a l&#8217;aula<\/a>.\u00a0<\/strong>Assessorament. ESC Mare de D\u00e9u de Tall\u00f3 (Bellver de Cerdanya).<\/td>\n<\/tr>\n<\/tbody>\n<\/table>\n<p>&nbsp;<\/p>\n","protected":false},"excerpt":{"rendered":"<p>Modalitat formativa que t\u00e9 lloc dins de cada\u00a0centre educatiu, i s\u2019adre\u00e7a a la majoria del\u00a0claustre o a un col\u00b7lectiu d\u2019un centre. \u00c9s liderat i dinamitzat per un equip de\u00a0coordinaci\u00f3 format per tres persones del\u00a0centre entre les quals almenys una \u00e9s de\u00a0l\u2019equip directiu. No hi ha un formador extern. T\u00e9 una durada de 30 hores, de [&hellip;]<\/p>\n","protected":false},"author":1,"featured_media":0,"parent":416,"menu_order":16,"comment_status":"closed","ping_status":"closed","template":"","meta":{"_bbp_topic_count":0,"_bbp_reply_count":0,"_bbp_total_topic_count":0,"_bbp_total_reply_count":0,"_bbp_voice_count":0,"_bbp_anonymous_reply_count":0,"_bbp_topic_count_hidden":0,"_bbp_reply_count_hidden":0,"_bbp_forum_subforum_count":0,"site-sidebar-layout":"default","site-content-layout":"","ast-site-content-layout":"","site-content-style":"default","site-sidebar-style":"default","ast-global-header-display":"","ast-banner-title-visibility":"","ast-main-header-display":"","ast-hfb-above-header-display":"","ast-hfb-below-header-display":"","ast-hfb-mobile-header-display":"","site-post-title":"","ast-breadcrumbs-content":"","ast-featured-img":"","footer-sml-layout":"","theme-transparent-header-meta":"","adv-header-id-meta":"","stick-header-meta":"","header-above-stick-meta":"","header-main-stick-meta":"","header-below-stick-meta":"","astra-migrate-meta-layouts":"default","ast-page-background-enabled":"default","ast-page-background-meta":{"desktop":{"background-color":"var(--ast-global-color-4)","background-image":"","background-repeat":"repeat","background-position":"center center","background-size":"auto","background-attachment":"scroll","background-type":"","background-media":"","overlay-type":"","overlay-color":"","overlay-opacity":"","overlay-gradient":""},"tablet":{"background-color":"","background-image":"","background-repeat":"repeat","background-position":"center center","background-size":"auto","background-attachment":"scroll","background-type":"","background-media":"","overlay-type":"","overlay-color":"","overlay-opacity":"","overlay-gradient":""},"mobile":{"background-color":"","background-image":"","background-repeat":"repeat","background-position":"center center","background-size":"auto","background-attachment":"scroll","background-type":"","background-media":"","overlay-type":"","overlay-color":"","overlay-opacity":"","overlay-gradient":""}},"ast-content-background-meta":{"desktop":{"background-color":"var(--ast-global-color-5)","background-image":"","background-repeat":"repeat","background-position":"center center","background-size":"auto","background-attachment":"scroll","background-type":"","background-media":"","overlay-type":"","overlay-color":"","overlay-opacity":"","overlay-gradient":""},"tablet":{"background-color":"var(--ast-global-color-5)","background-image":"","background-repeat":"repeat","background-position":"center center","background-size":"auto","background-attachment":"scroll","background-type":"","background-media":"","overlay-type":"","overlay-color":"","overlay-opacity":"","overlay-gradient":""},"mobile":{"background-color":"var(--ast-global-color-5)","background-image":"","background-repeat":"repeat","background-position":"center center","background-size":"auto","background-attachment":"scroll","background-type":"","background-media":"","overlay-type":"","overlay-color":"","overlay-opacity":"","overlay-gradient":""}},"footnotes":""},"class_list":["post-572","page","type-page","status-publish","hentry"],"post_mailing_queue_ids":[],"_links":{"self":[{"href":"https:\/\/serveiseducatius.xtec.cat\/cerdanya\/wp-json\/wp\/v2\/pages\/572","targetHints":{"allow":["GET"]}}],"collection":[{"href":"https:\/\/serveiseducatius.xtec.cat\/cerdanya\/wp-json\/wp\/v2\/pages"}],"about":[{"href":"https:\/\/serveiseducatius.xtec.cat\/cerdanya\/wp-json\/wp\/v2\/types\/page"}],"author":[{"embeddable":true,"href":"https:\/\/serveiseducatius.xtec.cat\/cerdanya\/wp-json\/wp\/v2\/users\/1"}],"replies":[{"embeddable":true,"href":"https:\/\/serveiseducatius.xtec.cat\/cerdanya\/wp-json\/wp\/v2\/comments?post=572"}],"version-history":[{"count":3,"href":"https:\/\/serveiseducatius.xtec.cat\/cerdanya\/wp-json\/wp\/v2\/pages\/572\/revisions"}],"predecessor-version":[{"id":8573,"href":"https:\/\/serveiseducatius.xtec.cat\/cerdanya\/wp-json\/wp\/v2\/pages\/572\/revisions\/8573"}],"up":[{"embeddable":true,"href":"https:\/\/serveiseducatius.xtec.cat\/cerdanya\/wp-json\/wp\/v2\/pages\/416"}],"wp:attachment":[{"href":"https:\/\/serveiseducatius.xtec.cat\/cerdanya\/wp-json\/wp\/v2\/media?parent=572"}],"curies":[{"name":"wp","href":"https:\/\/api.w.org\/{rel}","templated":true}]}}