{"id":1314,"date":"2016-03-15T10:23:40","date_gmt":"2016-03-15T09:23:40","guid":{"rendered":"http:\/\/serveiseducatius.xtec.cat\/cerdanya\/?page_id=1314"},"modified":"2025-09-03T14:09:14","modified_gmt":"2025-09-03T12:09:14","slug":"calendari-pfz","status":"publish","type":"page","link":"https:\/\/serveiseducatius.xtec.cat\/cerdanya\/formacio\/calendari-pfz\/","title":{"rendered":"Calendari PFZ"},"content":{"rendered":"<p><strong>Inscripcions<\/strong><\/p>\n<table class=\"table\" style=\"width: 83.9243%; height: 164px;\">\n<tbody>\n<tr style=\"height: 49px;\">\n<td style=\"height: 49px;\"><strong>Per\u00edodes d&#8217;inscripci\u00f3<\/strong><\/td>\n<td style=\"height: 49px;\"><strong>Sol\u00b7licitud de pla\u00e7a<\/strong><\/td>\n<td style=\"height: 49px;\"><strong>Consulta d\u2019adjudicacions<\/strong><\/td>\n<td style=\"height: 49px;\"><strong>Inici de les activitats<\/strong><\/td>\n<\/tr>\n<tr style=\"height: 49px;\">\n<td style=\"height: 49px;\">Primer torn<\/td>\n<td style=\"height: 49px;\">del 05 al 21 de setembre<\/td>\n<td style=\"height: 49px;\">07 d\u2019octubre<\/td>\n<td style=\"height: 49px;\">a partir del 13 d&#8217;octubre<\/td>\n<\/tr>\n<tr style=\"height: 33px;\">\n<td style=\"height: 33px;\">Segon torn<\/td>\n<td style=\"height: 33px;\">del 7 al 15 de gener<\/td>\n<td style=\"height: 33px;\">30 de gener<\/td>\n<td style=\"height: 33px;\">a partir del 5 de febrer<\/td>\n<\/tr>\n<tr style=\"height: 33px;\">\n<td style=\"height: 33px;\">Formaci\u00f3 d&#8217;estiu<\/td>\n<td style=\"height: 33px;\">del 15 al 29 de maig<\/td>\n<td style=\"height: 33px;\">16 de juny<\/td>\n<td style=\"height: 33px;\">a partir de l&#8217;1 de juliol<\/td>\n<\/tr>\n<\/tbody>\n<\/table>\n<h4><\/h4>\n<h5>Sol\u00b7licituds de pla\u00e7a<\/h5>\n<p>Per sol\u00b7licitar una pla\u00e7a s&#8217;ha de disposar d\u2019usuari i contrasenya XTEC actualitzats. Si s&#8217;ha de sol\u00b7licitar o es tenen problemes amb l\u2019identificador es pot visitar la p\u00e0gina d\u2019<a href=\"http:\/\/xtec.gencat.cat\/ca\/at_usuari\/gestio\/\" target=\"_self\" rel=\"noopener noreferrer\">atenci\u00f3 a l\u2019usuari\/\u00e0ria<\/a>. Cal tenir en compte que el mitj\u00e0 preferent de comunicaci\u00f3 \u00e9s el correu XTEC.<\/p>\n<p>Les sol\u00b7licituds realitzades es poden consultar, anul\u00b7lar o modificar a la p\u00e0gina\u00a0<a href=\"http:\/\/xtec.gencat.cat\/ca\/formacio\/la-meva-formacio\/les-meves-activitats\/\" target=\"_self\" rel=\"noopener noreferrer\">les meves activitats<\/a>.<\/p>\n<p>La sol\u00b7licitud d\u2019una pla\u00e7a significa acceptar les condicions d\u2019inscripci\u00f3 i tot all\u00f2 que consta a la descripci\u00f3 de l\u2019activitat en refer\u00e8ncia a dates, horaris, objectius, continguts, persones destinat\u00e0ries i requisits d\u2019acreditaci\u00f3.<\/p>\n<p>Si hi ha sol\u00b7licituds d\u2019inscripci\u00f3 que arribin fora de termini, es deixaran en reserva.<\/p>\n<p>En la sol\u00b7licitud de places a activitats de formaci\u00f3 individual (cursos, tallers, seminaris i grups de treball), sense comptar la formaci\u00f3 obligat\u00f2ria, realitzades durant el curs escolar (primer torn, segon torn i torn d\u2019estiu) cal tenir en compte:<\/p>\n<ul>\n<li>En el primer i segon torn d\u2019inscripci\u00f3 una persona pot realitzar fins a 5 sol\u00b7licituds i en el torn d\u2019estiu fins a 3. En el cas de sol\u00b7licitud d&#8217;activitats telem\u00e0tiques tan sols es pot realitzar 2 sol\u00b7licituds per torn.<\/li>\n<li>A cadascun del torns d\u2019inscripci\u00f3, el m\u00e0xim d\u2019hores que poden sumar les activitats sol\u00b7licitades \u00e9s de 100.<\/li>\n<li>En el total del curs escolar a una persona se li poden assignar fins a un m\u00e0xim de 100 hores.<\/li>\n<\/ul>\n<p>En la sol\u00b7licitud de places a activitats de formaci\u00f3 en centre i per a centres i a activitats de dinamitzaci\u00f3, sensibilitzaci\u00f3 i difusi\u00f3 (jornades, confer\u00e8ncies, taules rodones i presentacions d\u2019experi\u00e8ncies) no s\u2019estableixen l\u00edmits d\u2019hores en les sol\u00b7licituds i en les assignacions.<\/p>\n<h5>Adjudicacions<\/h5>\n<p>En el proc\u00e9s d&#8217;adjudicaci\u00f3 de places es tindran en compte els seg\u00fcents criteris, sense perjudici dels criteris espec\u00edfics associats a les activitats formatives.<\/p>\n<ul>\n<li>En la formaci\u00f3 individual cal tenir un \u00edndex d\u2019assist\u00e8ncia ponderada a les activitats formatives\u00a0en els darrers tres anys\u00a0superior al 50%<\/li>\n<li>Es prioritza el professorat en actiu en un centre docent.\n<ul>\n<li>En les activitats del PFZ es prioritza estar en actiu en un centre de la mateixa zona.<\/li>\n<li>En la formaci\u00f3 telem\u00e0tica es prioritza estar en actiu en un centre en zones geogr\u00e0fiques amb poca oferta de \u00a0formaci\u00f3 presencial com a la Cerdanya.<\/li>\n<\/ul>\n<\/li>\n<li>En les activitats amb prioritzaci\u00f3 de direcci\u00f3 es t\u00e9 en compte l\u2019ordre indicat pel director\/a.<\/li>\n<\/ul>\n<p>Si despr\u00e9s de tenir en compte aquests criteris \u00e9s necessari un desempat entre les sol\u00b7licituds, l\u2019adjudicaci\u00f3 es realitzar\u00e0 alfab\u00e8ticament a partir de les dues primeres lletres del primer cognom definides pel sorteig. L\u2019acte p\u00fablic se celebrar\u00e0 el dilluns dia 26 de setembre de 2017 a les 9h del mat\u00ed, a la planta 2B del Departament d&#8217;Ensenyament, Via Augusta, 202 de Barcelona.<\/p>\n<h5>Consulta d&#8217;adjudicacions<\/h5>\n<p>Un cop finalitzat el proc\u00e9s d\u2019adjudicacions cal consultar si s\u2019ha estat adm\u00e8s o no a la p\u00e0gina\u00a0<a href=\"http:\/\/xtec.gencat.cat\/ca\/formacio\/la-meva-formacio\/les-meves-activitats\/\" target=\"_self\" rel=\"noopener noreferrer\">les meves activitats<\/a>.<\/p>\n<p>&nbsp;<\/p>\n","protected":false},"excerpt":{"rendered":"<p>Inscripcions Per\u00edodes d&#8217;inscripci\u00f3 Sol\u00b7licitud de pla\u00e7a Consulta d\u2019adjudicacions Inici de les activitats Primer torn del 05 al 21 de setembre 07 d\u2019octubre a partir del 13 d&#8217;octubre Segon torn del 7 al 15 de gener 30 de gener a partir del 5 de febrer Formaci\u00f3 d&#8217;estiu del 15 al 29 de maig 16 de juny [&hellip;]<\/p>\n","protected":false},"author":1,"featured_media":0,"parent":416,"menu_order":0,"comment_status":"closed","ping_status":"closed","template":"","meta":{"_bbp_topic_count":0,"_bbp_reply_count":0,"_bbp_total_topic_count":0,"_bbp_total_reply_count":0,"_bbp_voice_count":0,"_bbp_anonymous_reply_count":0,"_bbp_topic_count_hidden":0,"_bbp_reply_count_hidden":0,"_bbp_forum_subforum_count":0,"site-sidebar-layout":"default","site-content-layout":"","ast-site-content-layout":"default","site-content-style":"default","site-sidebar-style":"default","ast-global-header-display":"","ast-banner-title-visibility":"","ast-main-header-display":"","ast-hfb-above-header-display":"","ast-hfb-below-header-display":"","ast-hfb-mobile-header-display":"","site-post-title":"","ast-breadcrumbs-content":"","ast-featured-img":"","footer-sml-layout":"","theme-transparent-header-meta":"default","adv-header-id-meta":"","stick-header-meta":"","header-above-stick-meta":"","header-main-stick-meta":"","header-below-stick-meta":"","astra-migrate-meta-layouts":"set","ast-page-background-enabled":"default","ast-page-background-meta":{"desktop":{"background-color":"var(--ast-global-color-4)","background-image":"","background-repeat":"repeat","background-position":"center center","background-size":"auto","background-attachment":"scroll","background-type":"","background-media":"","overlay-type":"","overlay-color":"","overlay-opacity":"","overlay-gradient":""},"tablet":{"background-color":"","background-image":"","background-repeat":"repeat","background-position":"center center","background-size":"auto","background-attachment":"scroll","background-type":"","background-media":"","overlay-type":"","overlay-color":"","overlay-opacity":"","overlay-gradient":""},"mobile":{"background-color":"","background-image":"","background-repeat":"repeat","background-position":"center center","background-size":"auto","background-attachment":"scroll","background-type":"","background-media":"","overlay-type":"","overlay-color":"","overlay-opacity":"","overlay-gradient":""}},"ast-content-background-meta":{"desktop":{"background-color":"var(--ast-global-color-5)","background-image":"","background-repeat":"repeat","background-position":"center center","background-size":"auto","background-attachment":"scroll","background-type":"","background-media":"","overlay-type":"","overlay-color":"","overlay-opacity":"","overlay-gradient":""},"tablet":{"background-color":"var(--ast-global-color-5)","background-image":"","background-repeat":"repeat","background-position":"center center","background-size":"auto","background-attachment":"scroll","background-type":"","background-media":"","overlay-type":"","overlay-color":"","overlay-opacity":"","overlay-gradient":""},"mobile":{"background-color":"var(--ast-global-color-5)","background-image":"","background-repeat":"repeat","background-position":"center center","background-size":"auto","background-attachment":"scroll","background-type":"","background-media":"","overlay-type":"","overlay-color":"","overlay-opacity":"","overlay-gradient":""}},"footnotes":""},"class_list":["post-1314","page","type-page","status-publish","hentry"],"post_mailing_queue_ids":[],"_links":{"self":[{"href":"https:\/\/serveiseducatius.xtec.cat\/cerdanya\/wp-json\/wp\/v2\/pages\/1314","targetHints":{"allow":["GET"]}}],"collection":[{"href":"https:\/\/serveiseducatius.xtec.cat\/cerdanya\/wp-json\/wp\/v2\/pages"}],"about":[{"href":"https:\/\/serveiseducatius.xtec.cat\/cerdanya\/wp-json\/wp\/v2\/types\/page"}],"author":[{"embeddable":true,"href":"https:\/\/serveiseducatius.xtec.cat\/cerdanya\/wp-json\/wp\/v2\/users\/1"}],"replies":[{"embeddable":true,"href":"https:\/\/serveiseducatius.xtec.cat\/cerdanya\/wp-json\/wp\/v2\/comments?post=1314"}],"version-history":[{"count":6,"href":"https:\/\/serveiseducatius.xtec.cat\/cerdanya\/wp-json\/wp\/v2\/pages\/1314\/revisions"}],"predecessor-version":[{"id":11138,"href":"https:\/\/serveiseducatius.xtec.cat\/cerdanya\/wp-json\/wp\/v2\/pages\/1314\/revisions\/11138"}],"up":[{"embeddable":true,"href":"https:\/\/serveiseducatius.xtec.cat\/cerdanya\/wp-json\/wp\/v2\/pages\/416"}],"wp:attachment":[{"href":"https:\/\/serveiseducatius.xtec.cat\/cerdanya\/wp-json\/wp\/v2\/media?parent=1314"}],"curies":[{"name":"wp","href":"https:\/\/api.w.org\/{rel}","templated":true}]}}