{"id":9195,"date":"2019-05-24T14:04:02","date_gmt":"2019-05-24T12:04:02","guid":{"rendered":"http:\/\/serveiseducatius.xtec.cat\/cda-vallsdaneu\/?page_id=9195"},"modified":"2025-03-28T10:16:33","modified_gmt":"2025-03-28T09:16:33","slug":"estades-tematiques","status":"publish","type":"page","link":"https:\/\/serveiseducatius.xtec.cat\/cda-vallsdaneu\/ambits\/estades-tematiques\/","title":{"rendered":"Estades tem\u00e0tiques"},"content":{"rendered":"<p>Les estades tem\u00e0tiques pretenen lligar les activitats que podeu desenvolupar al Camp d&#8217;Aprenentatge de les Valls d&#8217;\u00c0neu sota un mateix fil conductor.<\/p>\n<p>En l&#8217;actualitat comptem amb dues estades tem\u00e0tiques relacionades amb el coneixement de l&#8217;\u00f3s bru com a eix vertebrador de l&#8217;estada. Aquesta proposta sorgeix de la col\u00b7laboraci\u00f3 amb la part educativa del projecte europeu PirosLife coordinat per la Universitat de Lleida.<\/p>\n<p><strong>1.El pa\u00eds de l&#8217;\u00f3s: &#8220;Vista l&#8217;\u00f3ssa al poble d&#8217;Esterri d&#8217;\u00c0neu! &#8220;<\/strong><\/p>\n<p><em><a href=\"https:\/\/drive.google.com\/open?id=13SYrBkxym9iJg5zfNUwyK4d41WKqDcoi\" target=\"_blank\" rel=\"https:\/\/drive.google.com\/open?id=13syrbkxym9ijg5zfnuwyk4d41wkqdcoi noopener noreferrer\"><img loading=\"lazy\" decoding=\"async\" class=\"alignleft wp-image-8681\" src=\"https:\/\/serveiseducatius.xtec.cat\/cda-vallsdaneu\/wp-content\/uploads\/usu1375\/2014\/04\/fitxa-activitat.png\" alt=\"\" width=\"155\" height=\"155\" srcset=\"https:\/\/serveiseducatius.xtec.cat\/cda-vallsdaneu\/wp-content\/uploads\/usu1375\/2014\/04\/fitxa-activitat.png 225w, https:\/\/serveiseducatius.xtec.cat\/cda-vallsdaneu\/wp-content\/uploads\/usu1375\/2014\/04\/fitxa-activitat-150x150.png 150w\" sizes=\"auto, (max-width: 155px) 100vw, 155px\" \/><\/a>Nivell:<\/em> Estada destinada a alumnes de cicle mitj\u00e0 i superior de prim\u00e0ria.<\/p>\n<p><em>Descripci\u00f3:<\/em> Els nens i les nenes que venen a fer estada al CdA han rebut una not\u00edcia que explica com un ve\u00ed d&#8217;Esterri d&#8217;\u00c0neu afirma haver vist l&#8217;\u00f3s bru en uns prats situats a les afores del poble. Com que hi ha dubtes sobre si pot ser veritat o el ve\u00ed s&#8217;ha conf\u00f3s i ha vist un altre animal, decidiu venir a investigar i a resoldre aquest enigma. Passeja o no passeja l&#8217;\u00f3ssa per Esterri d&#8217;\u00c0neu? Aquesta pregunta ser\u00e0 el punt de partida de la vostra estada. La recerca comen\u00e7ar\u00e0 al vostre centre i acabar\u00e0 al CdA.<\/p>\n<p><em>Temporitzaci\u00f3:<\/em> programa amb un m\u00ednim de dues activitats relacionades amb l&#8217;\u00f3s.<\/p>\n<p>Trobareu el programa detallat clicant sobre l&#8217;icona de seq\u00fc\u00e8ncia did\u00e0ctica.<\/p>\n<p>&nbsp;<\/p>\n<p><strong>2.El pa\u00eds de l&#8217;\u00f3s: &#8220;\u00b4Hist\u00f2ria d&#8217;una reintroducci\u00f3 d&#8217;\u00e8xit? &#8220;<\/strong><\/p>\n<p><em><a href=\"https:\/\/drive.google.com\/open?id=13SYrBkxym9iJg5zfNUwyK4d41WKqDcoi\" target=\"_blank\" rel=\"https:\/\/drive.google.com\/open?id=13syrbkxym9ijg5zfnuwyk4d41wkqdcoi noopener noreferrer\"><img loading=\"lazy\" decoding=\"async\" class=\"alignleft wp-image-8681\" src=\"https:\/\/serveiseducatius.xtec.cat\/cda-vallsdaneu\/wp-content\/uploads\/usu1375\/2014\/04\/fitxa-activitat.png\" alt=\"\" width=\"149\" height=\"149\" srcset=\"https:\/\/serveiseducatius.xtec.cat\/cda-vallsdaneu\/wp-content\/uploads\/usu1375\/2014\/04\/fitxa-activitat.png 225w, https:\/\/serveiseducatius.xtec.cat\/cda-vallsdaneu\/wp-content\/uploads\/usu1375\/2014\/04\/fitxa-activitat-150x150.png 150w\" sizes=\"auto, (max-width: 149px) 100vw, 149px\" \/><\/a>Nivell:<\/em> Estada destinada a alumnes de primer cicle d&#8217;ESO.<\/p>\n<p><em>Descripci\u00f3:<\/em> Els nois i noies que veniu a fer l&#8217;estada al CdA heu rebut un article que us parla sobre la reintroducci\u00f3 de l&#8217;\u00f3s bru al Pirineu i tamb\u00e9 un parell de not\u00edcies d&#8217;actualitats publicades al diari sobre aquesta esp\u00e8cie. Una de les not\u00edcies us far\u00e0 entreveure una certa preocupaci\u00f3 social al territori en relaci\u00f3 amb la conviv\u00e8ncia amb aquesta esp\u00e8cie. L&#8217;altre, en canvi, genera un clima d&#8217;optimisme pel que fa a la recuperaci\u00f3 de l&#8217;esp\u00e8cie. L&#8217;estada ens servir\u00e0 per con\u00e8ixer les sensibilitats dels principals actors o rols implicats en aquest &#8220;conflicte territorial&#8221;. Un cop al centre es dur\u00e0 a terme un petit joc de rols per poder donar resposta als conflictes i teixir consensos per assegurar l&#8217;\u00e8xit de l&#8217;esp\u00e8cie al Pirineu.<\/p>\n<p><em>Temporitzaci\u00f3:<\/em> programa amb un m\u00ednim de dues activitats relacionades amb l&#8217;\u00f3s.<\/p>\n<p>Trobareu el programa detallat clicant sobre la icona de seq\u00fc\u00e8ncia did\u00e0ctica.<\/p>\n","protected":false},"excerpt":{"rendered":"<p>Les estades tem\u00e0tiques pretenen lligar les activitats que podeu desenvolupar al Camp d&#8217;Aprenentatge de les Valls d&#8217;\u00c0neu sota un mateix [&hellip;]<\/p>\n","protected":false},"author":1,"featured_media":0,"parent":8235,"menu_order":4,"comment_status":"closed","ping_status":"closed","template":"","meta":{"_bbp_topic_count":0,"_bbp_reply_count":0,"_bbp_total_topic_count":0,"_bbp_total_reply_count":0,"_bbp_voice_count":0,"_bbp_anonymous_reply_count":0,"_bbp_topic_count_hidden":0,"_bbp_reply_count_hidden":0,"_bbp_forum_subforum_count":0,"site-sidebar-layout":"default","site-content-layout":"","ast-site-content-layout":"default","site-content-style":"default","site-sidebar-style":"default","ast-global-header-display":"","ast-banner-title-visibility":"","ast-main-header-display":"","ast-hfb-above-header-display":"","ast-hfb-below-header-display":"","ast-hfb-mobile-header-display":"","site-post-title":"","ast-breadcrumbs-content":"","ast-featured-img":"","footer-sml-layout":"","theme-transparent-header-meta":"default","adv-header-id-meta":"","stick-header-meta":"","header-above-stick-meta":"","header-main-stick-meta":"","header-below-stick-meta":"","astra-migrate-meta-layouts":"set","ast-page-background-enabled":"default","ast-page-background-meta":{"desktop":{"background-color":"var(--ast-global-color-4)","background-image":"","background-repeat":"repeat","background-position":"center center","background-size":"auto","background-attachment":"scroll","background-type":"","background-media":"","overlay-type":"","overlay-color":"","overlay-opacity":"","overlay-gradient":""},"tablet":{"background-color":"","background-image":"","background-repeat":"repeat","background-position":"center center","background-size":"auto","background-attachment":"scroll","background-type":"","background-media":"","overlay-type":"","overlay-color":"","overlay-opacity":"","overlay-gradient":""},"mobile":{"background-color":"","background-image":"","background-repeat":"repeat","background-position":"center center","background-size":"auto","background-attachment":"scroll","background-type":"","background-media":"","overlay-type":"","overlay-color":"","overlay-opacity":"","overlay-gradient":""}},"ast-content-background-meta":{"desktop":{"background-color":"var(--ast-global-color-5)","background-image":"","background-repeat":"repeat","background-position":"center center","background-size":"auto","background-attachment":"scroll","background-type":"","background-media":"","overlay-type":"","overlay-color":"","overlay-opacity":"","overlay-gradient":""},"tablet":{"background-color":"var(--ast-global-color-5)","background-image":"","background-repeat":"repeat","background-position":"center center","background-size":"auto","background-attachment":"scroll","background-type":"","background-media":"","overlay-type":"","overlay-color":"","overlay-opacity":"","overlay-gradient":""},"mobile":{"background-color":"var(--ast-global-color-5)","background-image":"","background-repeat":"repeat","background-position":"center center","background-size":"auto","background-attachment":"scroll","background-type":"","background-media":"","overlay-type":"","overlay-color":"","overlay-opacity":"","overlay-gradient":""}},"footnotes":""},"class_list":["post-9195","page","type-page","status-publish","hentry"],"post_mailing_queue_ids":[],"_links":{"self":[{"href":"https:\/\/serveiseducatius.xtec.cat\/cda-vallsdaneu\/wp-json\/wp\/v2\/pages\/9195","targetHints":{"allow":["GET"]}}],"collection":[{"href":"https:\/\/serveiseducatius.xtec.cat\/cda-vallsdaneu\/wp-json\/wp\/v2\/pages"}],"about":[{"href":"https:\/\/serveiseducatius.xtec.cat\/cda-vallsdaneu\/wp-json\/wp\/v2\/types\/page"}],"author":[{"embeddable":true,"href":"https:\/\/serveiseducatius.xtec.cat\/cda-vallsdaneu\/wp-json\/wp\/v2\/users\/1"}],"replies":[{"embeddable":true,"href":"https:\/\/serveiseducatius.xtec.cat\/cda-vallsdaneu\/wp-json\/wp\/v2\/comments?post=9195"}],"version-history":[{"count":5,"href":"https:\/\/serveiseducatius.xtec.cat\/cda-vallsdaneu\/wp-json\/wp\/v2\/pages\/9195\/revisions"}],"predecessor-version":[{"id":11939,"href":"https:\/\/serveiseducatius.xtec.cat\/cda-vallsdaneu\/wp-json\/wp\/v2\/pages\/9195\/revisions\/11939"}],"up":[{"embeddable":true,"href":"https:\/\/serveiseducatius.xtec.cat\/cda-vallsdaneu\/wp-json\/wp\/v2\/pages\/8235"}],"wp:attachment":[{"href":"https:\/\/serveiseducatius.xtec.cat\/cda-vallsdaneu\/wp-json\/wp\/v2\/media?parent=9195"}],"curies":[{"name":"wp","href":"https:\/\/api.w.org\/{rel}","templated":true}]}}