{"id":549,"date":"2013-12-12T09:25:27","date_gmt":"2013-12-12T09:25:27","guid":{"rendered":"http:\/\/blocs.xtec.cat\/plantillacda\/?page_id=549"},"modified":"2025-09-01T13:56:04","modified_gmt":"2025-09-01T11:56:04","slug":"preparacio","status":"publish","type":"page","link":"https:\/\/serveiseducatius.xtec.cat\/cda-vallsdaneu\/amb-els-centres\/preparacio\/","title":{"rendered":"Preparaci\u00f3"},"content":{"rendered":"<p style=\"text-align: justify;\">Un cop heu assistit a la trobada de coordinaci\u00f3, en aquest espai trobareu informaci\u00f3 pr\u00e0ctica per preparar la vostra estada.<\/p>\n<h3><strong>Organitzaci\u00f3 i funcionament <\/strong><\/h3>\n<p>Podeu descarregar-vos la informaci\u00f3 referent a l&#8217;organitzaci\u00f3 de l&#8217;estada en els seg\u00fcents enlla\u00e7os:<\/p>\n<ul>\n<li><a href=\"https:\/\/drive.google.com\/file\/d\/16-NHxFJttb-xMJywKkX5XUrhJlBfZkJB\/view?usp=sharing\" target=\"_blank\" rel=\"noopener\"><span style=\"color: #008000;\"><span style=\"color: #008000;\">Documentaci\u00f3 a portar (docents)<\/span><\/span><\/a><\/li>\n<li><a href=\"https:\/\/drive.google.com\/file\/d\/1OKHUoXm-G4r18oliIy3e9W1pU7XpXh_h\/view?usp=sharing\" target=\"_blank\" rel=\"noopener\"><span style=\"color: #008000;\"><span style=\"color: #008000;\">Qu\u00e8 cal dur? (alumnes)<\/span><\/span><\/a><\/li>\n<li><a href=\"https:\/\/drive.google.com\/file\/d\/1mUpsAOs4NaaB5CPfFVCBUjksYPfVewiJ\/view?usp=sharing\" target=\"_blank\" rel=\"noopener\"><span style=\"color: #008000;\"><span style=\"color: #008000;\">Plantilla planificaci\u00f3 de l&#8217;estada<\/span><\/span><\/a><\/li>\n<li><a href=\"https:\/\/drive.google.com\/file\/d\/1NfCR4PJPWwmWCFBP8yrCqJmWsgvXroi3\/view?usp=sharing\" target=\"_blank\" rel=\"noopener\"><span style=\"color: #008000;\"><span style=\"color: #008000;\">Horaris<\/span><\/span><\/a><\/li>\n<li><a href=\"https:\/\/drive.google.com\/file\/d\/1uXOGeJyqqLnwxPAVvstlJ15EF03lBWeW\/view?usp=sharing\" target=\"_blank\" rel=\"noopener\"><span style=\"color: #008000;\"><span style=\"color: #008000;\">Grups de treball<\/span><\/span><\/a><\/li>\n<li><a href=\"https:\/\/drive.google.com\/file\/d\/1oP7QtRFx33JqFQ9-q0xQEHOpl6jcTjzF\/view?usp=sharing\" target=\"_blank\" rel=\"noopener\"><span style=\"color: #008000;\"><span style=\"color: #008000;\">Tel\u00e8fons i webs d&#8217;inter\u00e8s<\/span><\/span><\/a><\/li>\n<li><a href=\"https:\/\/www.youtube.com\/watch?v=RoQCyu0SgDY&amp;t=107s\" target=\"_blank\" rel=\"noopener\"><span style=\"color: #008000;\"><span style=\"color: #008000;\">Presentaci\u00f3 de les activats (per a mestres, professors, alumnes i fam\u00edlies)<\/span><\/span><\/a><\/li>\n<\/ul>\n<h3><\/h3>\n<h3><strong>Projecte Educatiu (Treball previ)<br \/>\n<\/strong><\/h3>\n<p style=\"text-align: justify;\">El projecte \u201cMai Tant\u201d \u00e9s una proposta d\u2019activitats pr\u00e8vies a l\u2019estada que us ofereix el CdA, amb la finalitat que l\u2019estada que veniu a fer formi part d\u2019una primera aproximaci\u00f3 per a la realitzaci\u00f3 d\u2019un projecte compartit.<\/p>\n<p style=\"text-align: justify;\"><a href=\"http:\/\/blocs.xtec.cat\/cdavallsdaneuescoles\/projecte-mai-tant\/\" target=\"_blank\" rel=\"noopener noreferrer\"><img loading=\"lazy\" decoding=\"async\" class=\"alignleft wp-image-1728\" src=\"http:\/\/serveiseducatius.xtec.cat\/cda-vallsdaneu\/wp-content\/uploads\/usu1375\/2013\/12\/petjada-os-mai-tant.jpg\" alt=\"\" width=\"169\" height=\"216\" srcset=\"https:\/\/serveiseducatius.xtec.cat\/cda-vallsdaneu\/wp-content\/uploads\/usu1375\/2013\/12\/petjada-os-mai-tant.jpg 305w, https:\/\/serveiseducatius.xtec.cat\/cda-vallsdaneu\/wp-content\/uploads\/usu1375\/2013\/12\/petjada-os-mai-tant-235x300.jpg 235w\" sizes=\"auto, (max-width: 169px) 100vw, 169px\" \/><\/a>\u00c9s important que l\u2019estada que veniu a fer al CdA tingui una relaci\u00f3 directa amb el projecte curricular del centre i \u00e9s per aix\u00f2 que us oferim aquesta proposta d\u2019activitats. Es tracta d\u2019un projecte obert, on cada centre pot escollir les activitats pr\u00e8vies a realitzar en funci\u00f3 de la seva programaci\u00f3 curricular i dels objectius que es vulguin aconseguir amb l\u2019estada.<\/p>\n<p style=\"text-align: justify;\">D\u2019altra banda, aquells centres que ja utilitzeu un projecte propi per venir a fer l\u2019estada, disposeu d\u2019aquesta proposta d\u2019activitats per tal que les pugueu incorporar al vostre projecte, en cas que ho cregueu necessari.<\/p>\n<p style=\"text-align: justify;\">El vostre tutor\/a de l\u2019estada us pot orientar a l\u2019hora d\u2019escollir les activitats m\u00e9s adients en funci\u00f3 del vostre projecte d\u2019estada; i que a m\u00e9s a m\u00e9s, us pot mirar de facilitar els recursos que cregueu necessaris per tal de desenvolupar un bon treball previ.<\/p>\n<p><span style=\"border-radius: 2px; text-indent: 20px; width: auto; padding: 0px 4px 0px 0px; text-align: center; font: bold 11px\/20px 'Helvetica Neue',Helvetica,sans-serif; color: #ffffff; background: #bd081c no-repeat scroll 3px 50% \/ 14px 14px; position: absolute; opacity: 1; z-index: 8675309; display: none; cursor: pointer;\">Save<\/span><\/p>\n","protected":false},"excerpt":{"rendered":"<p>Un cop heu assistit a la trobada de coordinaci\u00f3, en aquest espai trobareu informaci\u00f3 pr\u00e0ctica per preparar la vostra estada. [&hellip;]<\/p>\n","protected":false},"author":1,"featured_media":0,"parent":8272,"menu_order":2,"comment_status":"closed","ping_status":"closed","template":"","meta":{"_bbp_topic_count":0,"_bbp_reply_count":0,"_bbp_total_topic_count":0,"_bbp_total_reply_count":0,"_bbp_voice_count":0,"_bbp_anonymous_reply_count":0,"_bbp_topic_count_hidden":0,"_bbp_reply_count_hidden":0,"_bbp_forum_subforum_count":0,"site-sidebar-layout":"default","site-content-layout":"","ast-site-content-layout":"default","site-content-style":"default","site-sidebar-style":"default","ast-global-header-display":"","ast-banner-title-visibility":"","ast-main-header-display":"","ast-hfb-above-header-display":"","ast-hfb-below-header-display":"","ast-hfb-mobile-header-display":"","site-post-title":"","ast-breadcrumbs-content":"","ast-featured-img":"","footer-sml-layout":"","theme-transparent-header-meta":"default","adv-header-id-meta":"","stick-header-meta":"","header-above-stick-meta":"","header-main-stick-meta":"","header-below-stick-meta":"","astra-migrate-meta-layouts":"set","ast-page-background-enabled":"default","ast-page-background-meta":{"desktop":{"background-color":"var(--ast-global-color-4)","background-image":"","background-repeat":"repeat","background-position":"center center","background-size":"auto","background-attachment":"scroll","background-type":"","background-media":"","overlay-type":"","overlay-color":"","overlay-opacity":"","overlay-gradient":""},"tablet":{"background-color":"","background-image":"","background-repeat":"repeat","background-position":"center center","background-size":"auto","background-attachment":"scroll","background-type":"","background-media":"","overlay-type":"","overlay-color":"","overlay-opacity":"","overlay-gradient":""},"mobile":{"background-color":"","background-image":"","background-repeat":"repeat","background-position":"center center","background-size":"auto","background-attachment":"scroll","background-type":"","background-media":"","overlay-type":"","overlay-color":"","overlay-opacity":"","overlay-gradient":""}},"ast-content-background-meta":{"desktop":{"background-color":"var(--ast-global-color-5)","background-image":"","background-repeat":"repeat","background-position":"center center","background-size":"auto","background-attachment":"scroll","background-type":"","background-media":"","overlay-type":"","overlay-color":"","overlay-opacity":"","overlay-gradient":""},"tablet":{"background-color":"var(--ast-global-color-5)","background-image":"","background-repeat":"repeat","background-position":"center center","background-size":"auto","background-attachment":"scroll","background-type":"","background-media":"","overlay-type":"","overlay-color":"","overlay-opacity":"","overlay-gradient":""},"mobile":{"background-color":"var(--ast-global-color-5)","background-image":"","background-repeat":"repeat","background-position":"center center","background-size":"auto","background-attachment":"scroll","background-type":"","background-media":"","overlay-type":"","overlay-color":"","overlay-opacity":"","overlay-gradient":""}},"footnotes":""},"class_list":["post-549","page","type-page","status-publish","hentry"],"post_mailing_queue_ids":[],"_links":{"self":[{"href":"https:\/\/serveiseducatius.xtec.cat\/cda-vallsdaneu\/wp-json\/wp\/v2\/pages\/549","targetHints":{"allow":["GET"]}}],"collection":[{"href":"https:\/\/serveiseducatius.xtec.cat\/cda-vallsdaneu\/wp-json\/wp\/v2\/pages"}],"about":[{"href":"https:\/\/serveiseducatius.xtec.cat\/cda-vallsdaneu\/wp-json\/wp\/v2\/types\/page"}],"author":[{"embeddable":true,"href":"https:\/\/serveiseducatius.xtec.cat\/cda-vallsdaneu\/wp-json\/wp\/v2\/users\/1"}],"replies":[{"embeddable":true,"href":"https:\/\/serveiseducatius.xtec.cat\/cda-vallsdaneu\/wp-json\/wp\/v2\/comments?post=549"}],"version-history":[{"count":5,"href":"https:\/\/serveiseducatius.xtec.cat\/cda-vallsdaneu\/wp-json\/wp\/v2\/pages\/549\/revisions"}],"predecessor-version":[{"id":12313,"href":"https:\/\/serveiseducatius.xtec.cat\/cda-vallsdaneu\/wp-json\/wp\/v2\/pages\/549\/revisions\/12313"}],"up":[{"embeddable":true,"href":"https:\/\/serveiseducatius.xtec.cat\/cda-vallsdaneu\/wp-json\/wp\/v2\/pages\/8272"}],"wp:attachment":[{"href":"https:\/\/serveiseducatius.xtec.cat\/cda-vallsdaneu\/wp-json\/wp\/v2\/media?parent=549"}],"curies":[{"name":"wp","href":"https:\/\/api.w.org\/{rel}","templated":true}]}}