{"id":1415,"date":"2014-05-12T12:31:10","date_gmt":"2014-05-12T12:31:10","guid":{"rendered":"http:\/\/blocs.xtec.cat\/cdavallsdaneu2\/?page_id=1415"},"modified":"2023-06-26T11:18:25","modified_gmt":"2023-06-26T09:18:25","slug":"descoberta-desterri","status":"publish","type":"page","link":"https:\/\/serveiseducatius.xtec.cat\/cda-vallsdaneu\/ambits\/ambit-social\/descoberta-desterri\/","title":{"rendered":"Descoberta d\u2019Esterri d\u2019\u00c0neu"},"content":{"rendered":"<div id=\"255AC\" style=\"width: 600px; height: 400px; display: none;\"><img decoding=\"async\" src=\"https:\/\/lh3.googleusercontent.com\/gykqevSSNQzjLxXwHcc-VCL3m81a5Yd_VkdY3sF3Vs_5qQJEtQ8MrIwZyy4iQbtl__a-eVAfZFO1BosJi0vdo-WnbUxCsHgFsQKwT6RfUHY4YSEgsku164lrcWspSIRunTnuUxoPq-Oy9ydhMSZPD2EVZOw8baTrA-oWLkqCSCPq4VtoQf2aKWMtqeVBLeMKXyEypGymz0ZH4s127fv57oLGBBjAraq8eEKC_f3V9FoIBWLBc3r29ppWy17JTAb_tCtZfRa2usQ9klCU8y7jcgSBkLppe09qCHxoR-Uj1BntEHEUMV9fw83yMx-NfD1bH9iNbyocs7IQ1IklkYRrdtx1K_-GoFYh_6CWnTRDAqMzaKQ29O03J7a8IA4GuA86QqFnYs8YX7zsIzJbFYdu0qALr9H77uCZh3-W05EXE5EYzAWSMrtHXgfEVQDR4XHbz4Yr1r2IHuLGJKYxUWlgrXQgd0PXpafUzcgJX7xC_5KoMxwzbAytRMpVIz63FhfwehR2X3-Ch_-DF5s0_GMfU9bQCun28y7MRfHW_zKBkBxXIzHKxGF_7dZC0H-HY0Eip8KI5J0xeFx41RXoOJ1PDC7g3n7fDzbcKmF_QQW17P5ZepbMhm6K=w800-h600-no\" \/><br \/>\n<img decoding=\"async\" src=\"https:\/\/lh3.googleusercontent.com\/EhWFIROcgZ6gEyPHhnUb0VT2V7lyGipSz4TC6HjNVHYBiTRWb4QuFx4JDZRdv-AAgrsDrZThdRs_E2r3y676fbKpWUPsr4kDGIybEtmE7dJewqJQePubW6ZcM41nVXGqsQ73OC1Dg9TD7AHMf0JXEzAensoZNa6WcGGePQ858MfI0u2x9-A-WcxegcxU8MHJ7Pd2IoPtXM87_PJTeK1tC3Jc6zcJdN4mUSmM0C1tgokz1qJzkrtRNpsnwvX9Xnu9zuGR7QUNmKFvc6hyDjQP4cYcnOj9VkCbhFr2VWVlH9SrFgEzzjnlzG7If5i4NX94FSg9MxfMoPiKdPiXNC8eKtqL3WcPc7pQvMrA9wtFkgZ1635zTqMZSfTk4N8JJSebqzY-zwJIT3Aw8EsPvm_pEaBnWMwoMZ07DnJQitEI6xzYYEL_FjZpEqpQF3ra8cTl90HbGheaCrQnT6TMIkEcRGCeiKpSwkizs73TjKS3hcd9zCLQzY95TgzPZFJndIBzXRMe-auWUFzmAh90Z9iXzBPKX8UMTqabDi60xYABDNN6xxf3GK-1UQopo4DHb-E7OGFaAAEc5OmvxWg4GqW8XizYU62Yzv-xjZshA_HY0xenw2PBjUH0=w800-h600-no\" \/><br \/>\n<img decoding=\"async\" src=\"https:\/\/lh3.googleusercontent.com\/-BVReZ9n8PccYeqLZo8vNRVXBWtT4JG8O1St2yGHn0bjJ7s8zEZMDjLCGQBny4038bRmKB0_sCsGTmGtV0gt6ar1-S9LUH3kxYLvPGBcwTuhXjtNeu0f7uW_tjm00ay3MQelwd7RI7Xm3lhgZbKnzH1UCcNnAHIlsPmwjQ24JeEAPy3cuAEN7L4EHSMhhYvZlc83uXzDYX4_TLI9sCj0yARvM6UtVKOZn9hA48KmH_eCMYj7DO6supRljW0HjBTy5kaSFa34B-F1xsXv-v_TR0aqzVOPeNZpzor8rBsyAXrSRtGNpMR_mRjw4SqL_x5SgMWdwlrndDduRpg9XdTBmx9etJTp15t2e8U3wWiKMe78cbWva97cODIiELVaAEh8uvpCv8wrDpxw4byJo0x2Q92Va1EQy6haGBENIN6iUcp0Bxo-g_-UUyf6BuFP_RcnGBtOlJlZXwI4S0ZBZgjcJPpT1e01x8yptddjubihwM4d85vDfnzUVtYPGle98pJNJMTMcGUZdNc0MN54cIT-7QU9KgsWmk-xfl8ZkBtc9e3Ha1Evgdml_cprE_P8dGKGRdGJ2h_C00LUDevPhHA0hF2dE29RJghGTlwks9KGvhpelzqP6xLV=w800-h600-no\" \/><br \/>\n<img decoding=\"async\" src=\"https:\/\/lh3.googleusercontent.com\/p0tvKxBowNtMMCCZXD9Wfy_TTfQJcPZih2qYcLJYJKNc78TFIeCrhIaVo7FWO2gPhmPjWoVtvjxqPKb_N4YOO7q6D-aF3lczjCgUoa5sBYnxDRAlRs0XSSxAmOzQWWg_0U5028DtdSvsbPDIZJioJDCqiKT6bJrYjIyPo-LUU9Gy-iqXMH1ISdPjPWoGvoG1u--_gr0O-jHi2A81eP7qeA-gPMHw7CSHGI2AxYjMMqQFZZp4PfVQlP8FsYZ0-roQZu5b9k5GerVwD-9o604cffJ6i3olYCJy0gfFLv3seTwcB52ErKkOqIgJx48r59YsS5sSxeL22PscM5pr7Pkabgl6ZCrG_DAl8cxpsUCSNeYDOtt7oLElGtEVwuzIWIpJ5u3V2466SHhQcIF2e6swp6fY7o_6kD-SnCnBSHZBK8iZeaXbfCVFYmWXrLJAvnrJYEsZauGNg-OnlDo9MdeisCglSvGRsJXSSFuDQ6P9npTZ2ha5KtRNxzWXAl2ameMu_RbY1-eVnSWTxBTVwUcdYlVpPJGy6DhHxwoiqTzmK-nbUtm5XTxrLsgMk-BpqW8YpmCBURic9ZodsZgCLxXXr61N9NEJ6H9uc2Nlh4PBtGixwv3Prb8u=w800-h600-no\" \/><\/div>\n\r\n\t<div class=\"slideshow_container slideshow_container_style-light\" style=\" \" data-slideshow-id=\"11137\" data-style-name=\"style-light\" data-style-version=\"2.3.1\" >\r\n\r\n\t\t\t\t\t<div class=\"slideshow_loading_icon\"><\/div>\r\n\t\t\r\n\t\t<div class=\"slideshow_content\" style=\"display: none;\">\r\n\r\n\t\t\t<div class=\"slideshow_view\">\r\n\t\t\t\t<div class=\"slideshow_slide slideshow_slide_image\">\r\n\t\t\t\t\t\t\t\t\t\t\t<img src=\"https:\/\/serveiseducatius.xtec.cat\/cda-vallsdaneu\/wp-content\/uploads\/usu1375\/2025\/03\/WhatsApp-Image-2024-05-16-at-16.43.14-1.jpeg\" alt=\"WhatsApp Image 2024-05-16 at 16.43.14 (1)\" width=\"2048\" height=\"2048\" \/>\r\n\t\t\t\t\t\t\t\t\t\t<div class=\"slideshow_description_box slideshow_transparent\">\r\n\t\t\t\t\t\t<div class=\"slideshow_title\">WhatsApp Image 2024-05-16 at 16.43.14 (1)<\/div>\t\t\t\t\t\t\t\t\t\t\t<\/div>\r\n\t\t\t\t<\/div>\r\n\r\n\t\t\t\t\t\t\r\n\t\t\t\t<div class=\"slideshow_slide slideshow_slide_image\">\r\n\t\t\t\t\t\t\t\t\t\t\t<img src=\"https:\/\/serveiseducatius.xtec.cat\/cda-vallsdaneu\/wp-content\/uploads\/usu1375\/2025\/03\/WhatsApp-Image-2024-06-17-at-11.04.45.jpeg\" alt=\"WhatsApp Image 2024-06-17 at 11.04.45\" width=\"1536\" height=\"2048\" \/>\r\n\t\t\t\t\t\t\t\t\t\t<div class=\"slideshow_description_box slideshow_transparent\">\r\n\t\t\t\t\t\t<div class=\"slideshow_title\">WhatsApp Image 2024-06-17 at 11.04.45<\/div>\t\t\t\t\t\t\t\t\t\t\t<\/div>\r\n\t\t\t\t<\/div>\r\n\r\n\t\t\t\t\t\t<div style=\"clear: both;\"><\/div><\/div><div class=\"slideshow_view\">\r\n\t\t\t\t<div class=\"slideshow_slide slideshow_slide_image\">\r\n\t\t\t\t\t\t\t\t\t\t\t<img src=\"https:\/\/serveiseducatius.xtec.cat\/cda-vallsdaneu\/wp-content\/uploads\/usu1375\/2025\/03\/IMG-20241216-WA0036-1.jpg\" alt=\"IMG-20241216-WA0036\" width=\"1530\" height=\"2040\" \/>\r\n\t\t\t\t\t\t\t\t\t\t<div class=\"slideshow_description_box slideshow_transparent\">\r\n\t\t\t\t\t\t<div class=\"slideshow_title\">IMG-20241216-WA0036<\/div>\t\t\t\t\t\t\t\t\t\t\t<\/div>\r\n\t\t\t\t<\/div>\r\n\r\n\t\t\t\t\t\t\r\n\t\t\t\t<div class=\"slideshow_slide slideshow_slide_image\">\r\n\t\t\t\t\t\t\t\t\t\t\t<img src=\"https:\/\/serveiseducatius.xtec.cat\/cda-vallsdaneu\/wp-content\/uploads\/usu1375\/2025\/03\/IMG-20241216-WA0031.jpg\" alt=\"IMG-20241216-WA0031\" width=\"2040\" height=\"1530\" \/>\r\n\t\t\t\t\t\t\t\t\t\t<div class=\"slideshow_description_box slideshow_transparent\">\r\n\t\t\t\t\t\t<div class=\"slideshow_title\">IMG-20241216-WA0031<\/div>\t\t\t\t\t\t\t\t\t\t\t<\/div>\r\n\t\t\t\t<\/div>\r\n\r\n\t\t\t\t\t\t<div style=\"clear: both;\"><\/div><\/div>\r\n\t\t<\/div>\r\n\r\n\t\t<div class=\"slideshow_controlPanel slideshow_transparent\" style=\"display: none;\"><ul><li class=\"slideshow_togglePlay\" data-play-text=\"Visualitza\" data-pause-text=\"Pausa\"><\/li><\/ul><\/div>\r\n\r\n\t\t<div class=\"slideshow_button slideshow_previous slideshow_transparent\" role=\"button\" data-previous-text=\"Anterior\" style=\"display: none;\"><\/div>\r\n\t\t<div class=\"slideshow_button slideshow_next slideshow_transparent\" role=\"button\" data-next-text=\"Seg\u00fcent\" style=\"display: none;\"><\/div>\r\n\r\n\t\t<div class=\"slideshow_pagination\" style=\"display: none;\" data-go-to-text=\"V\u00e9s a la diapositiva\"><div class=\"slideshow_pagination_center\"><\/div><\/div>\r\n\r\n\t\t<!-- WordPress Slideshow Version 2.3.1 -->\r\n\r\n\t\t\t<\/div>\r\n\r\n\n<p>Descoberta del poble d&#8217;Esterri d&#8217;\u00c0neu i algun dels seus llocs emblem\u00e0tics a trav\u00e9s d&#8217;un joc auto-guiat que convida a rec\u00f3rrer els seus carrers i fixar-se en alguns detalls. Aquesta activitat es pot realitzar per lliure, us proporcionem els dossiers, o la podeu fer guiada pel Camp.<\/p>\n<p>D&#8217;aquesta activitat en fem una versi\u00f3 centrada en els serveis del municipi d&#8217;Esterri. Est\u00e0 pensada per cicle inicial de prim\u00e0ria i parteix d&#8217;una activitat pr\u00e8via (un joc de mem\u00f2ria) que ens permet obtenir informaci\u00f3 sobre els diferents serveis d&#8217;un municipi. Posteriorment iniciarem un recorregut pel poble i anirem col\u00b7locant sobre un mapa del poble la ubicaci\u00f3 dels diferents serveis.<\/p>\n<p><strong>Material necessari:<\/strong> dossier, llapis i goma.<br \/>\n<strong>Durada:<\/strong> 2 hores<br \/>\n<strong>Activitat complement\u00e0ria: <\/strong>Jocs tradicionals.<br \/>\n<strong>Cursos:<\/strong> CM,CS i ESO<\/p>\n<p><a href=\"https:\/\/drive.google.com\/file\/d\/14EjFctZdGhc0i7HYS-Rrj-poUKVAxYbQ\/view?usp=drive_link\" target=\"_blank\" rel=\"noopener\"><img loading=\"lazy\" decoding=\"async\" class=\"alignnone wp-image-8681 size-thumbnail\" src=\"http:\/\/serveiseducatius.xtec.cat\/cda-vallsdaneu\/wp-content\/uploads\/usu1375\/2014\/04\/fitxa-activitat-150x150.png\" alt=\"fitxa activitat\" width=\"150\" height=\"150\" srcset=\"https:\/\/serveiseducatius.xtec.cat\/cda-vallsdaneu\/wp-content\/uploads\/usu1375\/2014\/04\/fitxa-activitat-150x150.png 150w, https:\/\/serveiseducatius.xtec.cat\/cda-vallsdaneu\/wp-content\/uploads\/usu1375\/2014\/04\/fitxa-activitat.png 225w\" sizes=\"auto, (max-width: 150px) 100vw, 150px\" \/><\/a>\u00a0<a href=\"https:\/\/drive.google.com\/file\/d\/11rWOwOuDqd5DBl_lPPAh2snQ8GzmLQkJ\/view?usp=drive_link\" target=\"_blank\" rel=\"noopener\"><img loading=\"lazy\" decoding=\"async\" class=\"alignnone wp-image-8609 size-thumbnail\" src=\"http:\/\/serveiseducatius.xtec.cat\/cda-vallsdaneu\/wp-content\/uploads\/usu1375\/2016\/01\/dossier-prim-150x150.png\" alt=\"dossier prim\" width=\"150\" height=\"150\" srcset=\"https:\/\/serveiseducatius.xtec.cat\/cda-vallsdaneu\/wp-content\/uploads\/usu1375\/2016\/01\/dossier-prim-150x150.png 150w, https:\/\/serveiseducatius.xtec.cat\/cda-vallsdaneu\/wp-content\/uploads\/usu1375\/2016\/01\/dossier-prim.png 225w\" sizes=\"auto, (max-width: 150px) 100vw, 150px\" \/><\/a>\u00a0<a href=\"https:\/\/drive.google.com\/file\/d\/1fTIELGfUH3tyIm5axFzB9Dnqm8Ny5M9W\/view?usp=drive_link\" target=\"_blank\" rel=\"noopener\"><img loading=\"lazy\" decoding=\"async\" class=\"alignnone wp-image-8610 size-thumbnail\" src=\"http:\/\/serveiseducatius.xtec.cat\/cda-vallsdaneu\/wp-content\/uploads\/usu1375\/2016\/01\/dossier-sec-150x150.png\" alt=\"dossier sec\" width=\"150\" height=\"150\" srcset=\"https:\/\/serveiseducatius.xtec.cat\/cda-vallsdaneu\/wp-content\/uploads\/usu1375\/2016\/01\/dossier-sec-150x150.png 150w, https:\/\/serveiseducatius.xtec.cat\/cda-vallsdaneu\/wp-content\/uploads\/usu1375\/2016\/01\/dossier-sec.png 225w\" sizes=\"auto, (max-width: 150px) 100vw, 150px\" \/><\/a><\/p>\n","protected":false},"excerpt":{"rendered":"<p>Descoberta del poble d&#8217;Esterri d&#8217;\u00c0neu i algun dels seus llocs emblem\u00e0tics a trav\u00e9s d&#8217;un joc auto-guiat que convida a rec\u00f3rrer [&hellip;]<\/p>\n","protected":false},"author":1,"featured_media":0,"parent":767,"menu_order":7,"comment_status":"closed","ping_status":"closed","template":"","meta":{"_bbp_topic_count":0,"_bbp_reply_count":0,"_bbp_total_topic_count":0,"_bbp_total_reply_count":0,"_bbp_voice_count":0,"_bbp_anonymous_reply_count":0,"_bbp_topic_count_hidden":0,"_bbp_reply_count_hidden":0,"_bbp_forum_subforum_count":0,"site-sidebar-layout":"default","site-content-layout":"","ast-site-content-layout":"","site-content-style":"default","site-sidebar-style":"default","ast-global-header-display":"","ast-banner-title-visibility":"","ast-main-header-display":"","ast-hfb-above-header-display":"","ast-hfb-below-header-display":"","ast-hfb-mobile-header-display":"","site-post-title":"","ast-breadcrumbs-content":"","ast-featured-img":"","footer-sml-layout":"","theme-transparent-header-meta":"","adv-header-id-meta":"","stick-header-meta":"","header-above-stick-meta":"","header-main-stick-meta":"","header-below-stick-meta":"","astra-migrate-meta-layouts":"default","ast-page-background-enabled":"default","ast-page-background-meta":{"desktop":{"background-color":"var(--ast-global-color-4)","background-image":"","background-repeat":"repeat","background-position":"center center","background-size":"auto","background-attachment":"scroll","background-type":"","background-media":"","overlay-type":"","overlay-color":"","overlay-opacity":"","overlay-gradient":""},"tablet":{"background-color":"","background-image":"","background-repeat":"repeat","background-position":"center center","background-size":"auto","background-attachment":"scroll","background-type":"","background-media":"","overlay-type":"","overlay-color":"","overlay-opacity":"","overlay-gradient":""},"mobile":{"background-color":"","background-image":"","background-repeat":"repeat","background-position":"center center","background-size":"auto","background-attachment":"scroll","background-type":"","background-media":"","overlay-type":"","overlay-color":"","overlay-opacity":"","overlay-gradient":""}},"ast-content-background-meta":{"desktop":{"background-color":"var(--ast-global-color-5)","background-image":"","background-repeat":"repeat","background-position":"center center","background-size":"auto","background-attachment":"scroll","background-type":"","background-media":"","overlay-type":"","overlay-color":"","overlay-opacity":"","overlay-gradient":""},"tablet":{"background-color":"var(--ast-global-color-5)","background-image":"","background-repeat":"repeat","background-position":"center center","background-size":"auto","background-attachment":"scroll","background-type":"","background-media":"","overlay-type":"","overlay-color":"","overlay-opacity":"","overlay-gradient":""},"mobile":{"background-color":"var(--ast-global-color-5)","background-image":"","background-repeat":"repeat","background-position":"center center","background-size":"auto","background-attachment":"scroll","background-type":"","background-media":"","overlay-type":"","overlay-color":"","overlay-opacity":"","overlay-gradient":""}},"footnotes":""},"class_list":["post-1415","page","type-page","status-publish","hentry"],"post_mailing_queue_ids":[],"_links":{"self":[{"href":"https:\/\/serveiseducatius.xtec.cat\/cda-vallsdaneu\/wp-json\/wp\/v2\/pages\/1415","targetHints":{"allow":["GET"]}}],"collection":[{"href":"https:\/\/serveiseducatius.xtec.cat\/cda-vallsdaneu\/wp-json\/wp\/v2\/pages"}],"about":[{"href":"https:\/\/serveiseducatius.xtec.cat\/cda-vallsdaneu\/wp-json\/wp\/v2\/types\/page"}],"author":[{"embeddable":true,"href":"https:\/\/serveiseducatius.xtec.cat\/cda-vallsdaneu\/wp-json\/wp\/v2\/users\/1"}],"replies":[{"embeddable":true,"href":"https:\/\/serveiseducatius.xtec.cat\/cda-vallsdaneu\/wp-json\/wp\/v2\/comments?post=1415"}],"version-history":[{"count":3,"href":"https:\/\/serveiseducatius.xtec.cat\/cda-vallsdaneu\/wp-json\/wp\/v2\/pages\/1415\/revisions"}],"predecessor-version":[{"id":12104,"href":"https:\/\/serveiseducatius.xtec.cat\/cda-vallsdaneu\/wp-json\/wp\/v2\/pages\/1415\/revisions\/12104"}],"up":[{"embeddable":true,"href":"https:\/\/serveiseducatius.xtec.cat\/cda-vallsdaneu\/wp-json\/wp\/v2\/pages\/767"}],"wp:attachment":[{"href":"https:\/\/serveiseducatius.xtec.cat\/cda-vallsdaneu\/wp-json\/wp\/v2\/media?parent=1415"}],"curies":[{"name":"wp","href":"https:\/\/api.w.org\/{rel}","templated":true}]}}