{"id":9453,"date":"2026-02-06T13:27:02","date_gmt":"2026-02-06T12:27:02","guid":{"rendered":"https:\/\/serveiseducatius.xtec.cat\/cda-tuixent\/?page_id=9453"},"modified":"2026-02-25T11:41:26","modified_gmt":"2026-02-25T10:41:26","slug":"quequicom-plantes-medicinals-tradicio-i-ciencia","status":"publish","type":"page","link":"https:\/\/serveiseducatius.xtec.cat\/cda-tuixent\/recursos-de-lambit-trementinaires\/elaboracio-de-pomada-de-calendula-2\/quequicom-plantes-medicinals-tradicio-i-ciencia\/","title":{"rendered":"Qu\u00e8quicom: Plantes medicinals: tradici\u00f3 i ci\u00e8ncia"},"content":{"rendered":"\n<p>A continuaci\u00f3 teniu un cap\u00edtol del programa Qu\u00e8quicom on s&#8217;explora com les <strong>plantes medicinals<\/strong> s\u2019han utilitzat tradicionalment per alleujar s\u00edmptomes i com la <strong>ci\u00e8ncia moderna estudia la seva efic\u00e0cia i seguretat<\/strong>. Es presenten exemples concrets de plantes que formen part de la tradici\u00f3 popular i s\u2019explica com alguns dels seus principis actius han inspirat medicaments actuals. Tamb\u00e9 es posen de relleu els <strong>riscos i precaucions<\/strong>: no totes les plantes s\u00f3n segures, poden tenir efectes secundaris o interaccionar amb medicaments. El programa fomenta una mirada cr\u00edtica i responsable cap a l\u2019\u00fas de remeis naturals.<\/p>\n\n\n\n<iframe loading=\"lazy\" title=\"video 5692184\" src=\"https:\/\/www.3cat.cat\/3cat\/video\/5692184\/embed\/\" allowfullscreen scrolling=\"no\" frameborder=\"0\" width=\"1000px\" height=\"562px\"><\/iframe>\n\n\n\n<p>Us convidem a mirar aquest cap\u00edtol i contestar el q\u00fcestionari seg\u00fcent:<\/p>\n\n\n\n<div data-wp-interactive=\"core\/file\" class=\"wp-block-file\"><object data-wp-bind--hidden=\"!state.hasPdfPreview\" hidden class=\"wp-block-file__embed\" data=\"https:\/\/serveiseducatius.xtec.cat\/cda-tuixent\/wp-content\/uploads\/usu1370\/2026\/02\/Quequicom_-Plantes-medicinals_-tradicio-i-ciencia.pdf\" type=\"application\/pdf\" style=\"width:100%;height:600px\" aria-label=\"Incrustaci\u00f3 del fitxer Qu\u00e8quicom_ Plantes medicinals_ tradici\u00f3 i ci\u00e8ncia.\"><\/object><a id=\"wp-block-file--media-f0e2e621-7ae5-4278-ae80-8841d2612e78\" href=\"https:\/\/serveiseducatius.xtec.cat\/cda-tuixent\/wp-content\/uploads\/usu1370\/2026\/02\/Quequicom_-Plantes-medicinals_-tradicio-i-ciencia.pdf\">Qu\u00e8quicom_ Plantes medicinals_ tradici\u00f3 i ci\u00e8ncia<\/a><a href=\"https:\/\/serveiseducatius.xtec.cat\/cda-tuixent\/wp-content\/uploads\/usu1370\/2026\/02\/Quequicom_-Plantes-medicinals_-tradicio-i-ciencia.pdf\" class=\"wp-block-file__button wp-element-button\" download aria-describedby=\"wp-block-file--media-f0e2e621-7ae5-4278-ae80-8841d2612e78\">Baixa<\/a><\/div>\n","protected":false},"excerpt":{"rendered":"<p>A continuaci\u00f3 teniu un cap\u00edtol del programa Qu\u00e8quicom on s&#8217;explora com les plantes medicinals s\u2019han utilitzat tradicionalment per alleujar s\u00edmptomes [&hellip;]<\/p>\n","protected":false},"author":1,"featured_media":0,"parent":9460,"menu_order":0,"comment_status":"closed","ping_status":"closed","template":"","meta":{"_bbp_topic_count":0,"_bbp_reply_count":0,"_bbp_total_topic_count":0,"_bbp_total_reply_count":0,"_bbp_voice_count":0,"_bbp_anonymous_reply_count":0,"_bbp_topic_count_hidden":0,"_bbp_reply_count_hidden":0,"_bbp_forum_subforum_count":0,"site-sidebar-layout":"default","site-content-layout":"","ast-site-content-layout":"default","site-content-style":"default","site-sidebar-style":"default","ast-global-header-display":"","ast-banner-title-visibility":"","ast-main-header-display":"","ast-hfb-above-header-display":"","ast-hfb-below-header-display":"","ast-hfb-mobile-header-display":"","site-post-title":"","ast-breadcrumbs-content":"","ast-featured-img":"","footer-sml-layout":"","theme-transparent-header-meta":"","adv-header-id-meta":"","stick-header-meta":"","header-above-stick-meta":"","header-main-stick-meta":"","header-below-stick-meta":"","astra-migrate-meta-layouts":"set","ast-page-background-enabled":"default","ast-page-background-meta":{"desktop":{"background-color":"var(--ast-global-color-4)","background-image":"","background-repeat":"repeat","background-position":"center center","background-size":"auto","background-attachment":"scroll","background-type":"","background-media":"","overlay-type":"","overlay-color":"","overlay-opacity":"","overlay-gradient":""},"tablet":{"background-color":"","background-image":"","background-repeat":"repeat","background-position":"center center","background-size":"auto","background-attachment":"scroll","background-type":"","background-media":"","overlay-type":"","overlay-color":"","overlay-opacity":"","overlay-gradient":""},"mobile":{"background-color":"","background-image":"","background-repeat":"repeat","background-position":"center center","background-size":"auto","background-attachment":"scroll","background-type":"","background-media":"","overlay-type":"","overlay-color":"","overlay-opacity":"","overlay-gradient":""}},"ast-content-background-meta":{"desktop":{"background-color":"var(--ast-global-color-5)","background-image":"","background-repeat":"repeat","background-position":"center center","background-size":"auto","background-attachment":"scroll","background-type":"","background-media":"","overlay-type":"","overlay-color":"","overlay-opacity":"","overlay-gradient":""},"tablet":{"background-color":"var(--ast-global-color-5)","background-image":"","background-repeat":"repeat","background-position":"center center","background-size":"auto","background-attachment":"scroll","background-type":"","background-media":"","overlay-type":"","overlay-color":"","overlay-opacity":"","overlay-gradient":""},"mobile":{"background-color":"var(--ast-global-color-5)","background-image":"","background-repeat":"repeat","background-position":"center center","background-size":"auto","background-attachment":"scroll","background-type":"","background-media":"","overlay-type":"","overlay-color":"","overlay-opacity":"","overlay-gradient":""}},"footnotes":""},"class_list":["post-9453","page","type-page","status-publish","hentry"],"post_mailing_queue_ids":[],"_links":{"self":[{"href":"https:\/\/serveiseducatius.xtec.cat\/cda-tuixent\/wp-json\/wp\/v2\/pages\/9453","targetHints":{"allow":["GET"]}}],"collection":[{"href":"https:\/\/serveiseducatius.xtec.cat\/cda-tuixent\/wp-json\/wp\/v2\/pages"}],"about":[{"href":"https:\/\/serveiseducatius.xtec.cat\/cda-tuixent\/wp-json\/wp\/v2\/types\/page"}],"author":[{"embeddable":true,"href":"https:\/\/serveiseducatius.xtec.cat\/cda-tuixent\/wp-json\/wp\/v2\/users\/1"}],"replies":[{"embeddable":true,"href":"https:\/\/serveiseducatius.xtec.cat\/cda-tuixent\/wp-json\/wp\/v2\/comments?post=9453"}],"version-history":[{"count":3,"href":"https:\/\/serveiseducatius.xtec.cat\/cda-tuixent\/wp-json\/wp\/v2\/pages\/9453\/revisions"}],"predecessor-version":[{"id":9457,"href":"https:\/\/serveiseducatius.xtec.cat\/cda-tuixent\/wp-json\/wp\/v2\/pages\/9453\/revisions\/9457"}],"up":[{"embeddable":true,"href":"https:\/\/serveiseducatius.xtec.cat\/cda-tuixent\/wp-json\/wp\/v2\/pages\/9460"}],"wp:attachment":[{"href":"https:\/\/serveiseducatius.xtec.cat\/cda-tuixent\/wp-json\/wp\/v2\/media?parent=9453"}],"curies":[{"name":"wp","href":"https:\/\/api.w.org\/{rel}","templated":true}]}}